--
-- Host: db-mysql-sgp1-80313-do-user-3320865-0.i.db.ondigitalocean.com    Database: moodle2
-- ------------------------------------------------------

SET @MYSQLDUMP_TEMP_LOG_BIN = @@SESSION.SQL_LOG_BIN;

--
-- GTID state at the beginning of the backup 
--

edc06ff7-551d-11ef-99c8-c2c37f6d185c:1-76651';

--
-- Current Database: `moodle2`
--

CREATE DATABASE /*!32312 IF NOT EXISTS*/ `moodle2` /*!40100 DEFAULT CHARACTER SET utf8mb4 COLLATE utf8mb4_unicode_ci */ /*!80016 DEFAULT ENCRYPTION='N' */;

USE `moodle2`;

--
-- Table structure for table `mdl_adminpresets`
--

CREATE TABLE `mdl_adminpresets` (
  `id` bigint NOT NULL AUTO_INCREMENT,
  `userid` bigint NOT NULL,
  `name` varchar(255) CHARACTER SET utf8mb4 COLLATE utf8mb4_unicode_ci NOT NULL DEFAULT '',
  `comments` longtext CHARACTER SET utf8mb4 COLLATE utf8mb4_unicode_ci,
  `site` varchar(255) CHARACTER SET utf8mb4 COLLATE utf8mb4_unicode_ci NOT NULL DEFAULT '',
  `author` varchar(255) CHARACTER SET utf8mb4 COLLATE utf8mb4_unicode_ci DEFAULT NULL,
  `moodleversion` varchar(20) CHARACTER SET utf8mb4 COLLATE utf8mb4_unicode_ci NOT NULL DEFAULT '',
  `moodlerelease` varchar(255) CHARACTER SET utf8mb4 COLLATE utf8mb4_unicode_ci NOT NULL DEFAULT '',
  `iscore` tinyint(1) NOT NULL DEFAULT '0',
  `timecreated` bigint NOT NULL DEFAULT '0',
  `timeimported` bigint NOT NULL DEFAULT '0',
  PRIMARY KEY (`id`)
) ENGINE=InnoDB AUTO_INCREMENT=3 DEFAULT CHARSET=utf8mb4 COLLATE=utf8mb4_unicode_ci ROW_FORMAT=COMPRESSED COMMENT='Table to store presets data';

--
-- Dumping data for table `mdl_adminpresets`
--

INSERT INTO `mdl_adminpresets` VALUES (1,0,'Starter','Moodle with all of the most popular features, including Assignment, Feedback, Forum, H5P, Quiz and Completion tracking.','http://188.166.240.4','','','',1,1728453476,0),(2,0,'Full','All the Starter features plus External (LTI) tool, SCORM, Workshop, Analytics, Badges, Competencies, Learning plans and lots more.','http://188.166.240.4','','','',2,1728453476,0);

--
-- Table structure for table `mdl_adminpresets_app`
--

CREATE TABLE `mdl_adminpresets_app` (
  `id` bigint NOT NULL AUTO_INCREMENT,
  `adminpresetid` bigint NOT NULL,
  `userid` bigint NOT NULL,
  `time` bigint NOT NULL,
  PRIMARY KEY (`id`),
  KEY `mdl_admiapp_adm_ix` (`adminpresetid`)
) ENGINE=InnoDB DEFAULT CHARSET=utf8mb4 COLLATE=utf8mb4_unicode_ci ROW_FORMAT=COMPRESSED COMMENT='Applied presets';

--
-- Dumping data for table `mdl_adminpresets_app`
--


--
-- Table structure for table `mdl_adminpresets_app_it`
--

CREATE TABLE `mdl_adminpresets_app_it` (
  `id` bigint NOT NULL AUTO_INCREMENT,
  `adminpresetapplyid` bigint NOT NULL,
  `configlogid` bigint NOT NULL,
  PRIMARY KEY (`id`),
  KEY `mdl_admiappit_con_ix` (`configlogid`),
  KEY `mdl_admiappit_adm_ix` (`adminpresetapplyid`)
) ENGINE=InnoDB DEFAULT CHARSET=utf8mb4 COLLATE=utf8mb4_unicode_ci ROW_FORMAT=COMPRESSED COMMENT='Admin presets applied items. To maintain the relation with c';

--
-- Dumping data for table `mdl_adminpresets_app_it`
--


--
-- Table structure for table `mdl_adminpresets_app_it_a`
--

CREATE TABLE `mdl_adminpresets_app_it_a` (
  `id` bigint NOT NULL AUTO_INCREMENT,
  `adminpresetapplyid` bigint NOT NULL,
  `configlogid` bigint NOT NULL,
  `itemname` varchar(100) CHARACTER SET utf8mb4 COLLATE utf8mb4_unicode_ci DEFAULT NULL,
  PRIMARY KEY (`id`),
  KEY `mdl_admiappita_con_ix` (`configlogid`),
  KEY `mdl_admiappita_adm_ix` (`adminpresetapplyid`)
) ENGINE=InnoDB DEFAULT CHARSET=utf8mb4 COLLATE=utf8mb4_unicode_ci ROW_FORMAT=COMPRESSED COMMENT='Attributes of the applied items';

--
-- Dumping data for table `mdl_adminpresets_app_it_a`
--


--
-- Table structure for table `mdl_adminpresets_app_plug`
--

CREATE TABLE `mdl_adminpresets_app_plug` (
  `id` bigint NOT NULL AUTO_INCREMENT,
  `adminpresetapplyid` bigint NOT NULL,
  `plugin` varchar(100) CHARACTER SET utf8mb4 COLLATE utf8mb4_unicode_ci DEFAULT NULL,
  `name` varchar(100) CHARACTER SET utf8mb4 COLLATE utf8mb4_unicode_ci NOT NULL DEFAULT '',
  `value` smallint NOT NULL DEFAULT '0',
  `oldvalue` smallint NOT NULL DEFAULT '0',
  PRIMARY KEY (`id`),
  KEY `mdl_admiappplug_adm_ix` (`adminpresetapplyid`)
) ENGINE=InnoDB DEFAULT CHARSET=utf8mb4 COLLATE=utf8mb4_unicode_ci ROW_FORMAT=COMPRESSED COMMENT='Admin presets plugins applied';

--
-- Dumping data for table `mdl_adminpresets_app_plug`
--


--
-- Table structure for table `mdl_adminpresets_it`
--

CREATE TABLE `mdl_adminpresets_it` (
  `id` bigint NOT NULL AUTO_INCREMENT,
  `adminpresetid` bigint NOT NULL,
  `plugin` varchar(100) CHARACTER SET utf8mb4 COLLATE utf8mb4_unicode_ci DEFAULT NULL,
  `name` varchar(100) CHARACTER SET utf8mb4 COLLATE utf8mb4_unicode_ci NOT NULL DEFAULT '',
  `value` longtext CHARACTER SET utf8mb4 COLLATE utf8mb4_unicode_ci,
  PRIMARY KEY (`id`),
  KEY `mdl_admiit_adm_ix` (`adminpresetid`)
) ENGINE=InnoDB AUTO_INCREMENT=25 DEFAULT CHARSET=utf8mb4 COLLATE=utf8mb4_unicode_ci ROW_FORMAT=COMPRESSED COMMENT='Table to store settings';

--
-- Dumping data for table `mdl_adminpresets_it`
--

INSERT INTO `mdl_adminpresets_it` VALUES (1,1,'none','usecomments','0'),(2,1,'none','usetags','0'),(3,1,'none','enablenotes','0'),(4,1,'none','enableblogs','0'),(5,1,'none','enablebadges','0'),(6,1,'none','enableanalytics','0'),(7,1,'core_competency','enabled','0'),(8,1,'core_competency','pushcourseratingstouserplans','0'),(9,1,'tool_dataprivacy','showdataretentionsummary','0'),(10,1,'none','forum_maxattachments','3'),(11,1,'none','guestloginbutton','0'),(12,1,'none','activitychoosertabmode','4'),(13,2,'none','usecomments','1'),(14,2,'none','usetags','1'),(15,2,'none','enablenotes','1'),(16,2,'none','enableblogs','1'),(17,2,'none','enablebadges','1'),(18,2,'none','enableanalytics','1'),(19,2,'core_competency','enabled','1'),(20,2,'core_competency','pushcourseratingstouserplans','1'),(21,2,'tool_dataprivacy','showdataretentionsummary','1'),(22,2,'none','forum_maxattachments','9'),(23,2,'none','guestloginbutton','1'),(24,2,'none','activitychoosertabmode','3');

--
-- Table structure for table `mdl_adminpresets_it_a`
--

CREATE TABLE `mdl_adminpresets_it_a` (
  `id` bigint NOT NULL AUTO_INCREMENT,
  `itemid` bigint NOT NULL,
  `name` varchar(100) CHARACTER SET utf8mb4 COLLATE utf8mb4_unicode_ci NOT NULL DEFAULT '',
  `value` longtext CHARACTER SET utf8mb4 COLLATE utf8mb4_unicode_ci,
  PRIMARY KEY (`id`),
  KEY `mdl_admiita_ite_ix` (`itemid`)
) ENGINE=InnoDB DEFAULT CHARSET=utf8mb4 COLLATE=utf8mb4_unicode_ci ROW_FORMAT=COMPRESSED COMMENT='Admin presets items attributes. For settings with attributes';

--
-- Dumping data for table `mdl_adminpresets_it_a`
--


--
-- Table structure for table `mdl_adminpresets_plug`
--

CREATE TABLE `mdl_adminpresets_plug` (
  `id` bigint NOT NULL AUTO_INCREMENT,
  `adminpresetid` bigint NOT NULL,
  `plugin` varchar(100) CHARACTER SET utf8mb4 COLLATE utf8mb4_unicode_ci DEFAULT NULL,
  `name` varchar(100) CHARACTER SET utf8mb4 COLLATE utf8mb4_unicode_ci NOT NULL DEFAULT '',
  `enabled` smallint NOT NULL DEFAULT '0',
  PRIMARY KEY (`id`),
  KEY `mdl_admiplug_adm_ix` (`adminpresetid`)
) ENGINE=InnoDB AUTO_INCREMENT=114 DEFAULT CHARSET=utf8mb4 COLLATE=utf8mb4_unicode_ci ROW_FORMAT=COMPRESSED COMMENT='Admin presets plugins status, to store information about whe';

--
-- Dumping data for table `mdl_adminpresets_plug`
--

INSERT INTO `mdl_adminpresets_plug` VALUES (1,1,'mod','chat',0),(2,1,'mod','data',0),(3,1,'mod','lti',0),(4,1,'mod','imscp',0),(5,1,'mod','lesson',0),(6,1,'mod','scorm',0),(7,1,'mod','survey',0),(8,1,'mod','wiki',0),(9,1,'mod','workshop',0),(10,1,'availability','grouping',0),(11,1,'availability','profile',0),(12,1,'block','activity_modules',0),(13,1,'block','blog_menu',0),(14,1,'block','blog_tags',0),(15,1,'block','comments',0),(16,1,'block','completionstatus',0),(17,1,'block','course_summary',0),(18,1,'block','course_list',0),(19,1,'block','tag_flickr',0),(20,1,'block','globalsearch',0),(21,1,'block','badges',0),(22,1,'block','lp',0),(23,1,'block','myprofile',0),(24,1,'block','login',0),(25,1,'block','site_main_menu',0),(26,1,'block','mentees',0),(27,1,'block','mnet_hosts',0),(28,1,'block','private_files',0),(29,1,'block','blog_recent',0),(30,1,'block','rss_client',0),(31,1,'block','search_forums',0),(32,1,'block','section_links',0),(33,1,'block','selfcompletion',0),(34,1,'block','social_activities',0),(35,1,'block','tags',0),(36,1,'block','tag_youtube',0),(37,1,'block','feedback',0),(38,1,'block','online_users',0),(39,1,'block','recentlyaccessedcourses',0),(40,1,'block','starredcourses',0),(41,1,'format','social',0),(42,1,'dataformat','json',0),(43,1,'enrol','cohort',0),(44,1,'enrol','guest',0),(45,1,'filter','mathjaxloader',-9999),(46,1,'filter','activitynames',-9999),(47,1,'qbehaviour','adaptivenopenalty',0),(48,1,'qbehaviour','deferredcbm',0),(49,1,'qbehaviour','immediatecbm',0),(50,1,'qtype','calculated',0),(51,1,'qtype','calculatedmulti',0),(52,1,'qtype','calculatedsimple',0),(53,1,'qtype','ddmarker',0),(54,1,'qtype','ddimageortext',0),(55,1,'qtype','multianswer',0),(56,1,'qtype','numerical',0),(57,1,'qtype','randomsamatch',0),(58,1,'repository','local',0),(59,1,'repository','url',0),(60,1,'repository','wikimedia',0),(61,2,'mod','data',1),(62,2,'mod','lti',1),(63,2,'mod','imscp',1),(64,2,'mod','lesson',1),(65,2,'mod','scorm',1),(66,2,'mod','wiki',1),(67,2,'mod','workshop',1),(68,2,'availability','grouping',1),(69,2,'availability','profile',1),(70,2,'block','activity_modules',1),(71,2,'block','blog_menu',1),(72,2,'block','blog_tags',1),(73,2,'block','comments',1),(74,2,'block','completionstatus',1),(75,2,'block','course_list',1),(76,2,'block','tag_flickr',1),(77,2,'block','globalsearch',1),(78,2,'block','badges',1),(79,2,'block','lp',1),(80,2,'block','myprofile',1),(81,2,'block','login',1),(82,2,'block','site_main_menu',1),(83,2,'block','mentees',1),(84,2,'block','mnet_hosts',1),(85,2,'block','private_files',1),(86,2,'block','blog_recent',1),(87,2,'block','search_forums',1),(88,2,'block','section_links',1),(89,2,'block','social_activities',1),(90,2,'block','tags',1),(91,2,'block','online_users',1),(92,2,'block','recentlyaccessedcourses',1),(93,2,'block','starredcourses',1),(94,2,'format','social',1),(95,2,'dataformat','json',1),(96,2,'enrol','cohort',1),(97,2,'enrol','guest',1),(98,2,'filter','mathjaxloader',1),(99,2,'filter','activitynames',1),(100,2,'qbehaviour','adaptivenopenalty',1),(101,2,'qbehaviour','deferredcbm',1),(102,2,'qbehaviour','immediatecbm',1),(103,2,'qtype','calculated',1),(104,2,'qtype','calculatedmulti',1),(105,2,'qtype','calculatedsimple',1),(106,2,'qtype','ddmarker',1),(107,2,'qtype','ddimageortext',1),(108,2,'qtype','multianswer',1),(109,2,'qtype','numerical',1),(110,2,'qtype','randomsamatch',1),(111,2,'repository','local',1),(112,2,'repository','url',1),(113,2,'repository','wikimedia',1);

--
-- Table structure for table `mdl_ai_action_generate_image`
--

CREATE TABLE `mdl_ai_action_generate_image` (
  `id` bigint NOT NULL AUTO_INCREMENT,
  `prompt` longtext CHARACTER SET utf8mb4 COLLATE utf8mb4_unicode_ci,
  `numberimages` bigint NOT NULL,
  `quality` varchar(21) CHARACTER SET utf8mb4 COLLATE utf8mb4_unicode_ci NOT NULL DEFAULT '',
  `aspectratio` varchar(20) CHARACTER SET utf8mb4 COLLATE utf8mb4_unicode_ci DEFAULT NULL,
  `style` varchar(20) CHARACTER SET utf8mb4 COLLATE utf8mb4_unicode_ci DEFAULT NULL,
  `sourceurl` longtext CHARACTER SET utf8mb4 COLLATE utf8mb4_unicode_ci,
  `revisedprompt` longtext CHARACTER SET utf8mb4 COLLATE utf8mb4_unicode_ci,
  PRIMARY KEY (`id`)
) ENGINE=InnoDB DEFAULT CHARSET=utf8mb4 COLLATE=utf8mb4_unicode_ci ROW_FORMAT=COMPRESSED COMMENT='Stores specific data about generate image actions';

--
-- Dumping data for table `mdl_ai_action_generate_image`
--


--
-- Table structure for table `mdl_ai_action_generate_text`
--

CREATE TABLE `mdl_ai_action_generate_text` (
  `id` bigint NOT NULL AUTO_INCREMENT,
  `prompt` longtext CHARACTER SET utf8mb4 COLLATE utf8mb4_unicode_ci,
  `responseid` varchar(128) CHARACTER SET utf8mb4 COLLATE utf8mb4_unicode_ci DEFAULT NULL,
  `fingerprint` varchar(128) CHARACTER SET utf8mb4 COLLATE utf8mb4_unicode_ci DEFAULT NULL,
  `generatedcontent` longtext CHARACTER SET utf8mb4 COLLATE utf8mb4_unicode_ci,
  `finishreason` varchar(128) CHARACTER SET utf8mb4 COLLATE utf8mb4_unicode_ci DEFAULT NULL,
  `prompttokens` bigint DEFAULT NULL,
  `completiontoken` bigint DEFAULT NULL,
  PRIMARY KEY (`id`)
) ENGINE=InnoDB DEFAULT CHARSET=utf8mb4 COLLATE=utf8mb4_unicode_ci ROW_FORMAT=COMPRESSED COMMENT='Stores specific data about generate text actions.';

--
-- Dumping data for table `mdl_ai_action_generate_text`
--


--
-- Table structure for table `mdl_ai_action_register`
--

CREATE TABLE `mdl_ai_action_register` (
  `id` bigint NOT NULL AUTO_INCREMENT,
  `actionname` varchar(100) CHARACTER SET utf8mb4 COLLATE utf8mb4_unicode_ci NOT NULL DEFAULT '',
  `actionid` bigint NOT NULL,
  `success` tinyint(1) NOT NULL DEFAULT '0',
  `userid` bigint NOT NULL,
  `contextid` bigint NOT NULL,
  `provider` varchar(100) CHARACTER SET utf8mb4 COLLATE utf8mb4_unicode_ci NOT NULL DEFAULT '',
  `errorcode` smallint DEFAULT NULL,
  `errormessage` longtext CHARACTER SET utf8mb4 COLLATE utf8mb4_unicode_ci,
  `timecreated` bigint NOT NULL,
  `timecompleted` bigint DEFAULT NULL,
  PRIMARY KEY (`id`),
  UNIQUE KEY `mdl_aiactiregi_actact_uix` (`actionname`,`actionid`),
  KEY `mdl_aiactiregi_actpro_ix` (`actionname`,`provider`),
  KEY `mdl_aiactiregi_use_ix` (`userid`)
) ENGINE=InnoDB DEFAULT CHARSET=utf8mb4 COLLATE=utf8mb4_unicode_ci ROW_FORMAT=COMPRESSED COMMENT='Stores information about processed ai actions.';

--
-- Dumping data for table `mdl_ai_action_register`
--


--
-- Table structure for table `mdl_ai_action_summarise_text`
--

CREATE TABLE `mdl_ai_action_summarise_text` (
  `id` bigint NOT NULL AUTO_INCREMENT,
  `prompt` longtext CHARACTER SET utf8mb4 COLLATE utf8mb4_unicode_ci,
  `responseid` varchar(128) CHARACTER SET utf8mb4 COLLATE utf8mb4_unicode_ci DEFAULT NULL,
  `fingerprint` varchar(128) CHARACTER SET utf8mb4 COLLATE utf8mb4_unicode_ci DEFAULT NULL,
  `generatedcontent` longtext CHARACTER SET utf8mb4 COLLATE utf8mb4_unicode_ci,
  `finishreason` varchar(128) CHARACTER SET utf8mb4 COLLATE utf8mb4_unicode_ci DEFAULT NULL,
  `prompttokens` bigint DEFAULT NULL,
  `completiontoken` bigint DEFAULT NULL,
  PRIMARY KEY (`id`)
) ENGINE=InnoDB DEFAULT CHARSET=utf8mb4 COLLATE=utf8mb4_unicode_ci ROW_FORMAT=COMPRESSED COMMENT='Stores specific data about summarise text actions.';

--
-- Dumping data for table `mdl_ai_action_summarise_text`
--


--
-- Table structure for table `mdl_ai_policy_register`
--

CREATE TABLE `mdl_ai_policy_register` (
  `id` bigint NOT NULL AUTO_INCREMENT,
  `userid` bigint NOT NULL,
  `contextid` bigint NOT NULL,
  `timeaccepted` bigint NOT NULL,
  PRIMARY KEY (`id`),
  UNIQUE KEY `mdl_aipoliregi_use_uix` (`userid`)
) ENGINE=InnoDB DEFAULT CHARSET=utf8mb4 COLLATE=utf8mb4_unicode_ci ROW_FORMAT=COMPRESSED COMMENT='Register of users who have accepted this sites AI usage poli';

--
-- Dumping data for table `mdl_ai_policy_register`
--


--
-- Table structure for table `mdl_analytics_indicator_calc`
--

CREATE TABLE `mdl_analytics_indicator_calc` (
  `id` bigint NOT NULL AUTO_INCREMENT,
  `starttime` bigint NOT NULL,
  `endtime` bigint NOT NULL,
  `contextid` bigint NOT NULL,
  `sampleorigin` varchar(255) CHARACTER SET utf8mb4 COLLATE utf8mb4_unicode_ci NOT NULL DEFAULT '',
  `sampleid` bigint NOT NULL,
  `indicator` varchar(255) CHARACTER SET utf8mb4 COLLATE utf8mb4_unicode_ci NOT NULL DEFAULT '',
  `value` decimal(10,2) DEFAULT NULL,
  `timecreated` bigint NOT NULL,
  PRIMARY KEY (`id`),
  KEY `mdl_analindicalc_staendcon_ix` (`starttime`,`endtime`,`contextid`),
  KEY `mdl_analindicalc_con_ix` (`contextid`)
) ENGINE=InnoDB DEFAULT CHARSET=utf8mb4 COLLATE=utf8mb4_unicode_ci ROW_FORMAT=COMPRESSED COMMENT='Stored indicator calculations';

--
-- Dumping data for table `mdl_analytics_indicator_calc`
--


--
-- Table structure for table `mdl_analytics_models`
--

CREATE TABLE `mdl_analytics_models` (
  `id` bigint NOT NULL AUTO_INCREMENT,
  `enabled` tinyint(1) NOT NULL DEFAULT '0',
  `trained` tinyint(1) NOT NULL DEFAULT '0',
  `name` varchar(1333) CHARACTER SET utf8mb4 COLLATE utf8mb4_unicode_ci DEFAULT NULL,
  `target` varchar(255) CHARACTER SET utf8mb4 COLLATE utf8mb4_unicode_ci NOT NULL DEFAULT '',
  `indicators` longtext CHARACTER SET utf8mb4 COLLATE utf8mb4_unicode_ci NOT NULL,
  `timesplitting` varchar(255) CHARACTER SET utf8mb4 COLLATE utf8mb4_unicode_ci DEFAULT NULL,
  `predictionsprocessor` varchar(255) CHARACTER SET utf8mb4 COLLATE utf8mb4_unicode_ci DEFAULT NULL,
  `version` bigint NOT NULL,
  `contextids` longtext CHARACTER SET utf8mb4 COLLATE utf8mb4_unicode_ci,
  `timecreated` bigint DEFAULT NULL,
  `timemodified` bigint NOT NULL,
  `usermodified` bigint NOT NULL,
  PRIMARY KEY (`id`),
  KEY `mdl_analmode_enatra_ix` (`enabled`,`trained`),
  KEY `mdl_analmode_use_ix` (`usermodified`)
) ENGINE=InnoDB AUTO_INCREMENT=6 DEFAULT CHARSET=utf8mb4 COLLATE=utf8mb4_unicode_ci ROW_FORMAT=COMPRESSED COMMENT='Analytic models.';

--
-- Dumping data for table `mdl_analytics_models`
--

INSERT INTO `mdl_analytics_models` VALUES (1,0,0,NULL,'\\core_course\\analytics\\target\\course_dropout','[\"\\\\core\\\\analytics\\\\indicator\\\\any_access_after_end\",\"\\\\core\\\\analytics\\\\indicator\\\\any_access_before_start\",\"\\\\core\\\\analytics\\\\indicator\\\\any_write_action_in_course\",\"\\\\core\\\\analytics\\\\indicator\\\\read_actions\",\"\\\\core_course\\\\analytics\\\\indicator\\\\completion_enabled\",\"\\\\core_course\\\\analytics\\\\indicator\\\\potential_cognitive_depth\",\"\\\\core_course\\\\analytics\\\\indicator\\\\potential_social_breadth\",\"\\\\mod_assign\\\\analytics\\\\indicator\\\\cognitive_depth\",\"\\\\mod_assign\\\\analytics\\\\indicator\\\\social_breadth\",\"\\\\mod_book\\\\analytics\\\\indicator\\\\cognitive_depth\",\"\\\\mod_book\\\\analytics\\\\indicator\\\\social_breadth\",\"\\\\mod_chat\\\\analytics\\\\indicator\\\\cognitive_depth\",\"\\\\mod_chat\\\\analytics\\\\indicator\\\\social_breadth\",\"\\\\mod_choice\\\\analytics\\\\indicator\\\\cognitive_depth\",\"\\\\mod_choice\\\\analytics\\\\indicator\\\\social_breadth\",\"\\\\mod_data\\\\analytics\\\\indicator\\\\cognitive_depth\",\"\\\\mod_data\\\\analytics\\\\indicator\\\\social_breadth\",\"\\\\mod_feedback\\\\analytics\\\\indicator\\\\cognitive_depth\",\"\\\\mod_feedback\\\\analytics\\\\indicator\\\\social_breadth\",\"\\\\mod_folder\\\\analytics\\\\indicator\\\\cognitive_depth\",\"\\\\mod_folder\\\\analytics\\\\indicator\\\\social_breadth\",\"\\\\mod_forum\\\\analytics\\\\indicator\\\\cognitive_depth\",\"\\\\mod_forum\\\\analytics\\\\indicator\\\\social_breadth\",\"\\\\mod_glossary\\\\analytics\\\\indicator\\\\cognitive_depth\",\"\\\\mod_glossary\\\\analytics\\\\indicator\\\\social_breadth\",\"\\\\mod_imscp\\\\analytics\\\\indicator\\\\cognitive_depth\",\"\\\\mod_imscp\\\\analytics\\\\indicator\\\\social_breadth\",\"\\\\mod_label\\\\analytics\\\\indicator\\\\cognitive_depth\",\"\\\\mod_label\\\\analytics\\\\indicator\\\\social_breadth\",\"\\\\mod_lesson\\\\analytics\\\\indicator\\\\cognitive_depth\",\"\\\\mod_lesson\\\\analytics\\\\indicator\\\\social_breadth\",\"\\\\mod_lti\\\\analytics\\\\indicator\\\\cognitive_depth\",\"\\\\mod_lti\\\\analytics\\\\indicator\\\\social_breadth\",\"\\\\mod_page\\\\analytics\\\\indicator\\\\cognitive_depth\",\"\\\\mod_page\\\\analytics\\\\indicator\\\\social_breadth\",\"\\\\mod_quiz\\\\analytics\\\\indicator\\\\cognitive_depth\",\"\\\\mod_quiz\\\\analytics\\\\indicator\\\\social_breadth\",\"\\\\mod_resource\\\\analytics\\\\indicator\\\\cognitive_depth\",\"\\\\mod_resource\\\\analytics\\\\indicator\\\\social_breadth\",\"\\\\mod_scorm\\\\analytics\\\\indicator\\\\cognitive_depth\",\"\\\\mod_scorm\\\\analytics\\\\indicator\\\\social_breadth\",\"\\\\mod_survey\\\\analytics\\\\indicator\\\\cognitive_depth\",\"\\\\mod_survey\\\\analytics\\\\indicator\\\\social_breadth\",\"\\\\mod_url\\\\analytics\\\\indicator\\\\cognitive_depth\",\"\\\\mod_url\\\\analytics\\\\indicator\\\\social_breadth\",\"\\\\mod_wiki\\\\analytics\\\\indicator\\\\cognitive_depth\",\"\\\\mod_wiki\\\\analytics\\\\indicator\\\\social_breadth\",\"\\\\mod_workshop\\\\analytics\\\\indicator\\\\cognitive_depth\",\"\\\\mod_workshop\\\\analytics\\\\indicator\\\\social_breadth\"]',NULL,NULL,1728453478,NULL,1728453478,1728453478,0),(2,1,1,NULL,'\\core_course\\analytics\\target\\no_teaching','[\"\\\\core_course\\\\analytics\\\\indicator\\\\no_teacher\",\"\\\\core_course\\\\analytics\\\\indicator\\\\no_student\"]','\\core\\analytics\\time_splitting\\single_range',NULL,1728453478,NULL,1728453478,1728453478,0),(3,1,1,NULL,'\\core_user\\analytics\\target\\upcoming_activities_due','[\"\\\\core_course\\\\analytics\\\\indicator\\\\activities_due\"]','\\core\\analytics\\time_splitting\\upcoming_week',NULL,1728453478,NULL,1728453478,1728453478,0),(4,1,1,NULL,'\\core_course\\analytics\\target\\no_access_since_course_start','[\"\\\\core\\\\analytics\\\\indicator\\\\any_course_access\"]','\\core\\analytics\\time_splitting\\one_month_after_start',NULL,1728453478,NULL,1728453478,1728453478,0),(5,1,1,NULL,'\\core_course\\analytics\\target\\no_recent_accesses','[\"\\\\core\\\\analytics\\\\indicator\\\\any_course_access\"]','\\core\\analytics\\time_splitting\\past_month',NULL,1728453478,NULL,1728453478,1728453478,0);

--
-- Table structure for table `mdl_analytics_models_log`
--

CREATE TABLE `mdl_analytics_models_log` (
  `id` bigint NOT NULL AUTO_INCREMENT,
  `modelid` bigint NOT NULL,
  `version` bigint NOT NULL,
  `evaluationmode` varchar(50) CHARACTER SET utf8mb4 COLLATE utf8mb4_unicode_ci NOT NULL DEFAULT '',
  `target` varchar(255) CHARACTER SET utf8mb4 COLLATE utf8mb4_unicode_ci NOT NULL DEFAULT '',
  `indicators` longtext CHARACTER SET utf8mb4 COLLATE utf8mb4_unicode_ci NOT NULL,
  `timesplitting` varchar(255) CHARACTER SET utf8mb4 COLLATE utf8mb4_unicode_ci DEFAULT NULL,
  `score` decimal(10,5) NOT NULL DEFAULT '0.00000',
  `info` longtext CHARACTER SET utf8mb4 COLLATE utf8mb4_unicode_ci,
  `dir` longtext CHARACTER SET utf8mb4 COLLATE utf8mb4_unicode_ci NOT NULL,
  `timecreated` bigint NOT NULL,
  `usermodified` bigint NOT NULL,
  PRIMARY KEY (`id`),
  KEY `mdl_analmodelog_mod_ix` (`modelid`),
  KEY `mdl_analmodelog_use_ix` (`usermodified`)
) ENGINE=InnoDB DEFAULT CHARSET=utf8mb4 COLLATE=utf8mb4_unicode_ci ROW_FORMAT=COMPRESSED COMMENT='Analytic models changes during evaluation.';

--
-- Dumping data for table `mdl_analytics_models_log`
--


--
-- Table structure for table `mdl_analytics_predict_samples`
--

CREATE TABLE `mdl_analytics_predict_samples` (
  `id` bigint NOT NULL AUTO_INCREMENT,
  `modelid` bigint NOT NULL,
  `analysableid` bigint NOT NULL,
  `timesplitting` varchar(255) CHARACTER SET utf8mb4 COLLATE utf8mb4_unicode_ci NOT NULL DEFAULT '',
  `rangeindex` bigint NOT NULL,
  `sampleids` longtext CHARACTER SET utf8mb4 COLLATE utf8mb4_unicode_ci NOT NULL,
  `timecreated` bigint NOT NULL DEFAULT '0',
  `timemodified` bigint NOT NULL DEFAULT '0',
  PRIMARY KEY (`id`),
  KEY `mdl_analpredsamp_modanatimr_ix` (`modelid`,`analysableid`,`timesplitting`,`rangeindex`),
  KEY `mdl_analpredsamp_mod_ix` (`modelid`)
) ENGINE=InnoDB DEFAULT CHARSET=utf8mb4 COLLATE=utf8mb4_unicode_ci ROW_FORMAT=COMPRESSED COMMENT='Samples already used for predictions.';

--
-- Dumping data for table `mdl_analytics_predict_samples`
--


--
-- Table structure for table `mdl_analytics_prediction_actions`
--

CREATE TABLE `mdl_analytics_prediction_actions` (
  `id` bigint NOT NULL AUTO_INCREMENT,
  `predictionid` bigint NOT NULL,
  `userid` bigint NOT NULL,
  `actionname` varchar(255) CHARACTER SET utf8mb4 COLLATE utf8mb4_unicode_ci NOT NULL DEFAULT '',
  `timecreated` bigint NOT NULL,
  PRIMARY KEY (`id`),
  KEY `mdl_analpredacti_preuseact_ix` (`predictionid`,`userid`,`actionname`),
  KEY `mdl_analpredacti_pre_ix` (`predictionid`),
  KEY `mdl_analpredacti_use_ix` (`userid`)
) ENGINE=InnoDB DEFAULT CHARSET=utf8mb4 COLLATE=utf8mb4_unicode_ci ROW_FORMAT=COMPRESSED COMMENT='Register of user actions over predictions.';

--
-- Dumping data for table `mdl_analytics_prediction_actions`
--


--
-- Table structure for table `mdl_analytics_predictions`
--

CREATE TABLE `mdl_analytics_predictions` (
  `id` bigint NOT NULL AUTO_INCREMENT,
  `modelid` bigint NOT NULL,
  `contextid` bigint NOT NULL,
  `sampleid` bigint NOT NULL,
  `rangeindex` mediumint NOT NULL,
  `prediction` decimal(10,2) NOT NULL,
  `predictionscore` decimal(10,5) NOT NULL,
  `calculations` longtext CHARACTER SET utf8mb4 COLLATE utf8mb4_unicode_ci NOT NULL,
  `timecreated` bigint NOT NULL DEFAULT '0',
  `timestart` bigint DEFAULT NULL,
  `timeend` bigint DEFAULT NULL,
  PRIMARY KEY (`id`),
  KEY `mdl_analpred_modcon_ix` (`modelid`,`contextid`),
  KEY `mdl_analpred_mod_ix` (`modelid`),
  KEY `mdl_analpred_con_ix` (`contextid`)
) ENGINE=InnoDB DEFAULT CHARSET=utf8mb4 COLLATE=utf8mb4_unicode_ci ROW_FORMAT=COMPRESSED COMMENT='Predictions';

--
-- Dumping data for table `mdl_analytics_predictions`
--


--
-- Table structure for table `mdl_analytics_train_samples`
--

CREATE TABLE `mdl_analytics_train_samples` (
  `id` bigint NOT NULL AUTO_INCREMENT,
  `modelid` bigint NOT NULL,
  `analysableid` bigint NOT NULL,
  `timesplitting` varchar(255) CHARACTER SET utf8mb4 COLLATE utf8mb4_unicode_ci NOT NULL DEFAULT '',
  `sampleids` longtext CHARACTER SET utf8mb4 COLLATE utf8mb4_unicode_ci NOT NULL,
  `timecreated` bigint NOT NULL DEFAULT '0',
  PRIMARY KEY (`id`),
  KEY `mdl_analtraisamp_modanatim_ix` (`modelid`,`analysableid`,`timesplitting`),
  KEY `mdl_analtraisamp_mod_ix` (`modelid`)
) ENGINE=InnoDB DEFAULT CHARSET=utf8mb4 COLLATE=utf8mb4_unicode_ci ROW_FORMAT=COMPRESSED COMMENT='Samples used for training';

--
-- Dumping data for table `mdl_analytics_train_samples`
--


--
-- Table structure for table `mdl_analytics_used_analysables`
--

CREATE TABLE `mdl_analytics_used_analysables` (
  `id` bigint NOT NULL AUTO_INCREMENT,
  `modelid` bigint NOT NULL,
  `action` varchar(50) CHARACTER SET utf8mb4 COLLATE utf8mb4_unicode_ci NOT NULL DEFAULT '',
  `analysableid` bigint NOT NULL,
  `firstanalysis` bigint NOT NULL,
  `timeanalysed` bigint NOT NULL,
  PRIMARY KEY (`id`),
  KEY `mdl_analusedanal_modact_ix` (`modelid`,`action`),
  KEY `mdl_analusedanal_ana_ix` (`analysableid`),
  KEY `mdl_analusedanal_mod_ix` (`modelid`)
) ENGINE=InnoDB DEFAULT CHARSET=utf8mb4 COLLATE=utf8mb4_unicode_ci ROW_FORMAT=COMPRESSED COMMENT='List of analysables used by each model';

--
-- Dumping data for table `mdl_analytics_used_analysables`
--


--
-- Table structure for table `mdl_analytics_used_files`
--

CREATE TABLE `mdl_analytics_used_files` (
  `id` bigint NOT NULL AUTO_INCREMENT,
  `modelid` bigint NOT NULL DEFAULT '0',
  `fileid` bigint NOT NULL DEFAULT '0',
  `action` varchar(50) CHARACTER SET utf8mb4 COLLATE utf8mb4_unicode_ci NOT NULL DEFAULT '',
  `time` bigint NOT NULL DEFAULT '0',
  PRIMARY KEY (`id`),
  KEY `mdl_analusedfile_modactfil_ix` (`modelid`,`action`,`fileid`),
  KEY `mdl_analusedfile_mod_ix` (`modelid`),
  KEY `mdl_analusedfile_fil_ix` (`fileid`)
) ENGINE=InnoDB DEFAULT CHARSET=utf8mb4 COLLATE=utf8mb4_unicode_ci ROW_FORMAT=COMPRESSED COMMENT='Files that have already been used for training and predictio';

--
-- Dumping data for table `mdl_analytics_used_files`
--


--
-- Table structure for table `mdl_assign`
--

CREATE TABLE `mdl_assign` (
  `id` bigint NOT NULL AUTO_INCREMENT,
  `course` bigint NOT NULL DEFAULT '0',
  `name` varchar(255) CHARACTER SET utf8mb4 COLLATE utf8mb4_unicode_ci NOT NULL DEFAULT '',
  `intro` longtext CHARACTER SET utf8mb4 COLLATE utf8mb4_unicode_ci NOT NULL,
  `introformat` smallint NOT NULL DEFAULT '0',
  `alwaysshowdescription` tinyint NOT NULL DEFAULT '0',
  `nosubmissions` tinyint NOT NULL DEFAULT '0',
  `submissiondrafts` tinyint NOT NULL DEFAULT '0',
  `sendnotifications` tinyint NOT NULL DEFAULT '0',
  `sendlatenotifications` tinyint NOT NULL DEFAULT '0',
  `duedate` bigint NOT NULL DEFAULT '0',
  `allowsubmissionsfromdate` bigint NOT NULL DEFAULT '0',
  `grade` bigint NOT NULL DEFAULT '0',
  `timemodified` bigint NOT NULL DEFAULT '0',
  `requiresubmissionstatement` tinyint NOT NULL DEFAULT '0',
  `completionsubmit` tinyint NOT NULL DEFAULT '0',
  `cutoffdate` bigint NOT NULL DEFAULT '0',
  `gradingduedate` bigint NOT NULL DEFAULT '0',
  `teamsubmission` tinyint NOT NULL DEFAULT '0',
  `requireallteammemberssubmit` tinyint NOT NULL DEFAULT '0',
  `teamsubmissiongroupingid` bigint NOT NULL DEFAULT '0',
  `blindmarking` tinyint NOT NULL DEFAULT '0',
  `hidegrader` tinyint NOT NULL DEFAULT '0',
  `revealidentities` tinyint NOT NULL DEFAULT '0',
  `attemptreopenmethod` varchar(10) CHARACTER SET utf8mb4 COLLATE utf8mb4_unicode_ci NOT NULL DEFAULT 'untilpass',
  `maxattempts` mediumint NOT NULL DEFAULT '1',
  `markingworkflow` tinyint NOT NULL DEFAULT '0',
  `markingallocation` tinyint NOT NULL DEFAULT '0',
  `markinganonymous` tinyint NOT NULL DEFAULT '0',
  `sendstudentnotifications` tinyint NOT NULL DEFAULT '1',
  `preventsubmissionnotingroup` tinyint NOT NULL DEFAULT '0',
  `activity` longtext CHARACTER SET utf8mb4 COLLATE utf8mb4_unicode_ci,
  `activityformat` smallint NOT NULL DEFAULT '0',
  `timelimit` bigint NOT NULL DEFAULT '0',
  `submissionattachments` tinyint NOT NULL DEFAULT '0',
  PRIMARY KEY (`id`),
  KEY `mdl_assi_cou_ix` (`course`),
  KEY `mdl_assi_tea_ix` (`teamsubmissiongroupingid`)
) ENGINE=InnoDB DEFAULT CHARSET=utf8mb4 COLLATE=utf8mb4_unicode_ci ROW_FORMAT=COMPRESSED COMMENT='This table saves information about an instance of mod_assign';

--
-- Dumping data for table `mdl_assign`
--


--
-- Table structure for table `mdl_assign_grades`
--

CREATE TABLE `mdl_assign_grades` (
  `id` bigint NOT NULL AUTO_INCREMENT,
  `assignment` bigint NOT NULL DEFAULT '0',
  `userid` bigint NOT NULL DEFAULT '0',
  `timecreated` bigint NOT NULL DEFAULT '0',
  `timemodified` bigint NOT NULL DEFAULT '0',
  `grader` bigint NOT NULL DEFAULT '0',
  `grade` decimal(10,5) DEFAULT '0.00000',
  `attemptnumber` bigint NOT NULL DEFAULT '0',
  PRIMARY KEY (`id`),
  UNIQUE KEY `mdl_assigrad_assuseatt_uix` (`assignment`,`userid`,`attemptnumber`),
  KEY `mdl_assigrad_use_ix` (`userid`),
  KEY `mdl_assigrad_att_ix` (`attemptnumber`),
  KEY `mdl_assigrad_ass_ix` (`assignment`)
) ENGINE=InnoDB DEFAULT CHARSET=utf8mb4 COLLATE=utf8mb4_unicode_ci ROW_FORMAT=COMPRESSED COMMENT='Grading information about a single assignment submission.';

--
-- Dumping data for table `mdl_assign_grades`
--


--
-- Table structure for table `mdl_assign_overrides`
--

CREATE TABLE `mdl_assign_overrides` (
  `id` bigint NOT NULL AUTO_INCREMENT,
  `assignid` bigint NOT NULL DEFAULT '0',
  `groupid` bigint DEFAULT NULL,
  `userid` bigint DEFAULT NULL,
  `sortorder` bigint DEFAULT NULL,
  `allowsubmissionsfromdate` bigint DEFAULT NULL,
  `duedate` bigint DEFAULT NULL,
  `cutoffdate` bigint DEFAULT NULL,
  `timelimit` bigint DEFAULT NULL,
  PRIMARY KEY (`id`),
  KEY `mdl_assiover_ass_ix` (`assignid`),
  KEY `mdl_assiover_gro_ix` (`groupid`),
  KEY `mdl_assiover_use_ix` (`userid`)
) ENGINE=InnoDB DEFAULT CHARSET=utf8mb4 COLLATE=utf8mb4_unicode_ci ROW_FORMAT=COMPRESSED COMMENT='The overrides to assign settings.';

--
-- Dumping data for table `mdl_assign_overrides`
--


--
-- Table structure for table `mdl_assign_plugin_config`
--

CREATE TABLE `mdl_assign_plugin_config` (
  `id` bigint NOT NULL AUTO_INCREMENT,
  `assignment` bigint NOT NULL DEFAULT '0',
  `plugin` varchar(28) CHARACTER SET utf8mb4 COLLATE utf8mb4_unicode_ci NOT NULL DEFAULT '',
  `subtype` varchar(28) CHARACTER SET utf8mb4 COLLATE utf8mb4_unicode_ci NOT NULL DEFAULT '',
  `name` varchar(28) CHARACTER SET utf8mb4 COLLATE utf8mb4_unicode_ci NOT NULL DEFAULT '',
  `value` longtext CHARACTER SET utf8mb4 COLLATE utf8mb4_unicode_ci,
  PRIMARY KEY (`id`),
  KEY `mdl_assiplugconf_plu_ix` (`plugin`),
  KEY `mdl_assiplugconf_sub_ix` (`subtype`),
  KEY `mdl_assiplugconf_nam_ix` (`name`),
  KEY `mdl_assiplugconf_ass_ix` (`assignment`)
) ENGINE=InnoDB DEFAULT CHARSET=utf8mb4 COLLATE=utf8mb4_unicode_ci ROW_FORMAT=COMPRESSED COMMENT='Config data for an instance of a plugin in an assignment.';

--
-- Dumping data for table `mdl_assign_plugin_config`
--


--
-- Table structure for table `mdl_assign_submission`
--

CREATE TABLE `mdl_assign_submission` (
  `id` bigint NOT NULL AUTO_INCREMENT,
  `assignment` bigint NOT NULL DEFAULT '0',
  `userid` bigint NOT NULL DEFAULT '0',
  `timecreated` bigint NOT NULL DEFAULT '0',
  `timemodified` bigint NOT NULL DEFAULT '0',
  `timestarted` bigint DEFAULT NULL,
  `status` varchar(10) CHARACTER SET utf8mb4 COLLATE utf8mb4_unicode_ci DEFAULT NULL,
  `groupid` bigint NOT NULL DEFAULT '0',
  `attemptnumber` bigint NOT NULL DEFAULT '0',
  `latest` tinyint NOT NULL DEFAULT '0',
  PRIMARY KEY (`id`),
  UNIQUE KEY `mdl_assisubm_assusegroatt_uix` (`assignment`,`userid`,`groupid`,`attemptnumber`),
  KEY `mdl_assisubm_use_ix` (`userid`),
  KEY `mdl_assisubm_att_ix` (`attemptnumber`),
  KEY `mdl_assisubm_assusegrolat_ix` (`assignment`,`userid`,`groupid`,`latest`),
  KEY `mdl_assisubm_ass_ix` (`assignment`)
) ENGINE=InnoDB DEFAULT CHARSET=utf8mb4 COLLATE=utf8mb4_unicode_ci ROW_FORMAT=COMPRESSED COMMENT='This table keeps information about student interactions with';

--
-- Dumping data for table `mdl_assign_submission`
--


--
-- Table structure for table `mdl_assign_user_flags`
--

CREATE TABLE `mdl_assign_user_flags` (
  `id` bigint NOT NULL AUTO_INCREMENT,
  `userid` bigint NOT NULL DEFAULT '0',
  `assignment` bigint NOT NULL DEFAULT '0',
  `locked` bigint NOT NULL DEFAULT '0',
  `mailed` smallint NOT NULL DEFAULT '0',
  `extensionduedate` bigint NOT NULL DEFAULT '0',
  `workflowstate` varchar(20) CHARACTER SET utf8mb4 COLLATE utf8mb4_unicode_ci DEFAULT NULL,
  `allocatedmarker` bigint NOT NULL DEFAULT '0',
  PRIMARY KEY (`id`),
  KEY `mdl_assiuserflag_mai_ix` (`mailed`),
  KEY `mdl_assiuserflag_use_ix` (`userid`),
  KEY `mdl_assiuserflag_ass_ix` (`assignment`)
) ENGINE=InnoDB DEFAULT CHARSET=utf8mb4 COLLATE=utf8mb4_unicode_ci ROW_FORMAT=COMPRESSED COMMENT='List of flags that can be set for a single user in a single ';

--
-- Dumping data for table `mdl_assign_user_flags`
--


--
-- Table structure for table `mdl_assign_user_mapping`
--

CREATE TABLE `mdl_assign_user_mapping` (
  `id` bigint NOT NULL AUTO_INCREMENT,
  `assignment` bigint NOT NULL DEFAULT '0',
  `userid` bigint NOT NULL DEFAULT '0',
  PRIMARY KEY (`id`),
  KEY `mdl_assiusermapp_ass_ix` (`assignment`),
  KEY `mdl_assiusermapp_use_ix` (`userid`)
) ENGINE=InnoDB DEFAULT CHARSET=utf8mb4 COLLATE=utf8mb4_unicode_ci ROW_FORMAT=COMPRESSED COMMENT='Map an assignment specific id number to a user';

--
-- Dumping data for table `mdl_assign_user_mapping`
--


--
-- Table structure for table `mdl_assignfeedback_comments`
--

CREATE TABLE `mdl_assignfeedback_comments` (
  `id` bigint NOT NULL AUTO_INCREMENT,
  `assignment` bigint NOT NULL DEFAULT '0',
  `grade` bigint NOT NULL DEFAULT '0',
  `commenttext` longtext CHARACTER SET utf8mb4 COLLATE utf8mb4_unicode_ci,
  `commentformat` smallint NOT NULL DEFAULT '0',
  PRIMARY KEY (`id`),
  KEY `mdl_assicomm_ass_ix` (`assignment`),
  KEY `mdl_assicomm_gra_ix` (`grade`)
) ENGINE=InnoDB DEFAULT CHARSET=utf8mb4 COLLATE=utf8mb4_unicode_ci ROW_FORMAT=COMPRESSED COMMENT='Text feedback for submitted assignments';

--
-- Dumping data for table `mdl_assignfeedback_comments`
--


--
-- Table structure for table `mdl_assignfeedback_editpdf_annot`
--

CREATE TABLE `mdl_assignfeedback_editpdf_annot` (
  `id` bigint NOT NULL AUTO_INCREMENT,
  `gradeid` bigint NOT NULL DEFAULT '0',
  `pageno` bigint NOT NULL DEFAULT '0',
  `x` bigint DEFAULT '0',
  `y` bigint DEFAULT '0',
  `endx` bigint DEFAULT '0',
  `endy` bigint DEFAULT '0',
  `path` longtext CHARACTER SET utf8mb4 COLLATE utf8mb4_unicode_ci,
  `type` varchar(10) CHARACTER SET utf8mb4 COLLATE utf8mb4_unicode_ci DEFAULT 'line',
  `colour` varchar(10) CHARACTER SET utf8mb4 COLLATE utf8mb4_unicode_ci DEFAULT 'black',
  `draft` tinyint NOT NULL DEFAULT '1',
  PRIMARY KEY (`id`),
  KEY `mdl_assieditanno_grapag_ix` (`gradeid`,`pageno`),
  KEY `mdl_assieditanno_gra_ix` (`gradeid`)
) ENGINE=InnoDB DEFAULT CHARSET=utf8mb4 COLLATE=utf8mb4_unicode_ci ROW_FORMAT=COMPRESSED COMMENT='stores annotations added to pdfs submitted by students';

--
-- Dumping data for table `mdl_assignfeedback_editpdf_annot`
--


--
-- Table structure for table `mdl_assignfeedback_editpdf_cmnt`
--

CREATE TABLE `mdl_assignfeedback_editpdf_cmnt` (
  `id` bigint NOT NULL AUTO_INCREMENT,
  `gradeid` bigint NOT NULL DEFAULT '0',
  `x` bigint DEFAULT '0',
  `y` bigint DEFAULT '0',
  `width` bigint DEFAULT '120',
  `rawtext` longtext CHARACTER SET utf8mb4 COLLATE utf8mb4_unicode_ci,
  `pageno` bigint NOT NULL DEFAULT '0',
  `colour` varchar(10) CHARACTER SET utf8mb4 COLLATE utf8mb4_unicode_ci DEFAULT 'black',
  `draft` tinyint NOT NULL DEFAULT '1',
  PRIMARY KEY (`id`),
  KEY `mdl_assieditcmnt_grapag_ix` (`gradeid`,`pageno`),
  KEY `mdl_assieditcmnt_gra_ix` (`gradeid`)
) ENGINE=InnoDB DEFAULT CHARSET=utf8mb4 COLLATE=utf8mb4_unicode_ci ROW_FORMAT=COMPRESSED COMMENT='Stores comments added to pdfs';

--
-- Dumping data for table `mdl_assignfeedback_editpdf_cmnt`
--


--
-- Table structure for table `mdl_assignfeedback_editpdf_quick`
--

CREATE TABLE `mdl_assignfeedback_editpdf_quick` (
  `id` bigint NOT NULL AUTO_INCREMENT,
  `userid` bigint NOT NULL DEFAULT '0',
  `rawtext` longtext CHARACTER SET utf8mb4 COLLATE utf8mb4_unicode_ci NOT NULL,
  `width` bigint NOT NULL DEFAULT '120',
  `colour` varchar(10) CHARACTER SET utf8mb4 COLLATE utf8mb4_unicode_ci DEFAULT 'yellow',
  PRIMARY KEY (`id`),
  KEY `mdl_assieditquic_use_ix` (`userid`)
) ENGINE=InnoDB DEFAULT CHARSET=utf8mb4 COLLATE=utf8mb4_unicode_ci ROW_FORMAT=COMPRESSED COMMENT='Stores teacher specified quicklist comments';

--
-- Dumping data for table `mdl_assignfeedback_editpdf_quick`
--


--
-- Table structure for table `mdl_assignfeedback_editpdf_rot`
--

CREATE TABLE `mdl_assignfeedback_editpdf_rot` (
  `id` bigint NOT NULL AUTO_INCREMENT,
  `gradeid` bigint NOT NULL DEFAULT '0',
  `pageno` bigint NOT NULL DEFAULT '0',
  `pathnamehash` longtext CHARACTER SET utf8mb4 COLLATE utf8mb4_unicode_ci NOT NULL,
  `isrotated` tinyint(1) NOT NULL DEFAULT '0',
  `degree` bigint NOT NULL DEFAULT '0',
  PRIMARY KEY (`id`),
  UNIQUE KEY `mdl_assieditrot_grapag_uix` (`gradeid`,`pageno`),
  KEY `mdl_assieditrot_gra_ix` (`gradeid`)
) ENGINE=InnoDB DEFAULT CHARSET=utf8mb4 COLLATE=utf8mb4_unicode_ci ROW_FORMAT=COMPRESSED COMMENT='Stores rotation information of a page.';

--
-- Dumping data for table `mdl_assignfeedback_editpdf_rot`
--


--
-- Table structure for table `mdl_assignfeedback_file`
--

CREATE TABLE `mdl_assignfeedback_file` (
  `id` bigint NOT NULL AUTO_INCREMENT,
  `assignment` bigint NOT NULL DEFAULT '0',
  `grade` bigint NOT NULL DEFAULT '0',
  `numfiles` bigint NOT NULL DEFAULT '0',
  PRIMARY KEY (`id`),
  KEY `mdl_assifile_ass2_ix` (`assignment`),
  KEY `mdl_assifile_gra_ix` (`grade`)
) ENGINE=InnoDB DEFAULT CHARSET=utf8mb4 COLLATE=utf8mb4_unicode_ci ROW_FORMAT=COMPRESSED COMMENT='Stores info about the number of files submitted by a student';

--
-- Dumping data for table `mdl_assignfeedback_file`
--


--
-- Table structure for table `mdl_assignsubmission_file`
--

CREATE TABLE `mdl_assignsubmission_file` (
  `id` bigint NOT NULL AUTO_INCREMENT,
  `assignment` bigint NOT NULL DEFAULT '0',
  `submission` bigint NOT NULL DEFAULT '0',
  `numfiles` bigint NOT NULL DEFAULT '0',
  PRIMARY KEY (`id`),
  KEY `mdl_assifile_ass_ix` (`assignment`),
  KEY `mdl_assifile_sub_ix` (`submission`)
) ENGINE=InnoDB DEFAULT CHARSET=utf8mb4 COLLATE=utf8mb4_unicode_ci ROW_FORMAT=COMPRESSED COMMENT='Info about file submissions for assignments';

--
-- Dumping data for table `mdl_assignsubmission_file`
--


--
-- Table structure for table `mdl_assignsubmission_onlinetext`
--

CREATE TABLE `mdl_assignsubmission_onlinetext` (
  `id` bigint NOT NULL AUTO_INCREMENT,
  `assignment` bigint NOT NULL DEFAULT '0',
  `submission` bigint NOT NULL DEFAULT '0',
  `onlinetext` longtext CHARACTER SET utf8mb4 COLLATE utf8mb4_unicode_ci,
  `onlineformat` smallint NOT NULL DEFAULT '0',
  PRIMARY KEY (`id`),
  KEY `mdl_assionli_ass_ix` (`assignment`),
  KEY `mdl_assionli_sub_ix` (`submission`)
) ENGINE=InnoDB DEFAULT CHARSET=utf8mb4 COLLATE=utf8mb4_unicode_ci ROW_FORMAT=COMPRESSED COMMENT='Info about onlinetext submission';

--
-- Dumping data for table `mdl_assignsubmission_onlinetext`
--


--
-- Table structure for table `mdl_auth_lti_linked_login`
--

CREATE TABLE `mdl_auth_lti_linked_login` (
  `id` bigint NOT NULL AUTO_INCREMENT,
  `userid` bigint NOT NULL,
  `issuer` longtext CHARACTER SET utf8mb4 COLLATE utf8mb4_unicode_ci NOT NULL,
  `issuer256` varchar(64) CHARACTER SET utf8mb4 COLLATE utf8mb4_unicode_ci NOT NULL DEFAULT '',
  `sub` varchar(255) CHARACTER SET utf8mb4 COLLATE utf8mb4_unicode_ci NOT NULL DEFAULT '',
  `sub256` varchar(64) CHARACTER SET utf8mb4 COLLATE utf8mb4_unicode_ci NOT NULL DEFAULT '',
  `timecreated` bigint NOT NULL,
  `timemodified` bigint NOT NULL,
  PRIMARY KEY (`id`),
  UNIQUE KEY `mdl_authltilinklogi_useiss_uix` (`userid`,`issuer256`,`sub256`),
  KEY `mdl_authltilinklogi_use_ix` (`userid`)
) ENGINE=InnoDB DEFAULT CHARSET=utf8mb4 COLLATE=utf8mb4_unicode_ci ROW_FORMAT=COMPRESSED COMMENT='Accounts linked to a users Moodle account.';

--
-- Dumping data for table `mdl_auth_lti_linked_login`
--


--
-- Table structure for table `mdl_auth_oauth2_linked_login`
--

CREATE TABLE `mdl_auth_oauth2_linked_login` (
  `id` bigint NOT NULL AUTO_INCREMENT,
  `timecreated` bigint NOT NULL,
  `timemodified` bigint NOT NULL,
  `usermodified` bigint NOT NULL,
  `userid` bigint NOT NULL,
  `issuerid` bigint NOT NULL,
  `username` varchar(255) CHARACTER SET utf8mb4 COLLATE utf8mb4_unicode_ci NOT NULL DEFAULT '',
  `email` longtext CHARACTER SET utf8mb4 COLLATE utf8mb4_unicode_ci NOT NULL,
  `confirmtoken` varchar(64) CHARACTER SET utf8mb4 COLLATE utf8mb4_unicode_ci NOT NULL DEFAULT '',
  `confirmtokenexpires` bigint DEFAULT NULL,
  PRIMARY KEY (`id`),
  UNIQUE KEY `mdl_authoautlinklogi_useis_uix` (`userid`,`issuerid`,`username`),
  KEY `mdl_authoautlinklogi_issuse_ix` (`issuerid`,`username`),
  KEY `mdl_authoautlinklogi_use_ix` (`usermodified`),
  KEY `mdl_authoautlinklogi_use2_ix` (`userid`),
  KEY `mdl_authoautlinklogi_iss_ix` (`issuerid`)
) ENGINE=InnoDB DEFAULT CHARSET=utf8mb4 COLLATE=utf8mb4_unicode_ci ROW_FORMAT=COMPRESSED COMMENT='Accounts linked to a users Moodle account.';

--
-- Dumping data for table `mdl_auth_oauth2_linked_login`
--


--
-- Table structure for table `mdl_backup_controllers`
--

CREATE TABLE `mdl_backup_controllers` (
  `id` bigint NOT NULL AUTO_INCREMENT,
  `backupid` varchar(32) CHARACTER SET utf8mb4 COLLATE utf8mb4_unicode_ci NOT NULL DEFAULT '',
  `operation` varchar(20) CHARACTER SET utf8mb4 COLLATE utf8mb4_unicode_ci NOT NULL DEFAULT 'backup',
  `type` varchar(10) CHARACTER SET utf8mb4 COLLATE utf8mb4_unicode_ci NOT NULL DEFAULT '',
  `itemid` bigint NOT NULL,
  `format` varchar(20) CHARACTER SET utf8mb4 COLLATE utf8mb4_unicode_ci NOT NULL DEFAULT '',
  `interactive` smallint NOT NULL,
  `purpose` smallint NOT NULL,
  `userid` bigint NOT NULL,
  `status` smallint NOT NULL,
  `execution` smallint NOT NULL,
  `executiontime` bigint NOT NULL,
  `checksum` varchar(32) CHARACTER SET utf8mb4 COLLATE utf8mb4_unicode_ci NOT NULL DEFAULT '',
  `timecreated` bigint NOT NULL,
  `timemodified` bigint NOT NULL,
  `progress` decimal(15,14) NOT NULL DEFAULT '0.00000000000000',
  `controller` longtext CHARACTER SET utf8mb4 COLLATE utf8mb4_unicode_ci NOT NULL,
  PRIMARY KEY (`id`),
  UNIQUE KEY `mdl_backcont_bac_uix` (`backupid`),
  KEY `mdl_backcont_typite_ix` (`type`,`itemid`),
  KEY `mdl_backcont_useite_ix` (`userid`,`itemid`),
  KEY `mdl_backcont_use_ix` (`userid`)
) ENGINE=InnoDB AUTO_INCREMENT=9 DEFAULT CHARSET=utf8mb4 COLLATE=utf8mb4_unicode_ci ROW_FORMAT=COMPRESSED COMMENT='To store the backup_controllers as they are used';

--
-- Dumping data for table `mdl_backup_controllers`
--

INSERT INTO `mdl_backup_controllers` VALUES (1,'2031fb65a68aa53e9fc2f233c815430c','backup','course',4,'moodle2',0,80,2,700,2,0,'4821103a47fb7996f569707816e08a1b',1728575463,1728575463,0.00000000000000,'[encoded data, 26156 characters]'),(2,'2dc8658e12ed4edc04f8c39a40c409fa','restore','',5,'unknown',0,80,2,200,2,0,'96db26d27aef567bfc0c0981141b3644',1728575463,0,0.00000000000000,'TzoxODoicmVzdG9yZV9jb250cm9sbGVyIjoyMjp7czoxMToiACoAcHJvZ3Jlc3MiO086MTg6ImNvcmVccHJvZ3Jlc3Ncbm9uZSI6Njp7czoxOToiACoAbGFzdHByb2dyZXNzdGltZSI7TjtzOjg6IgAqAGNvdW50IjtOO3M6MTU6IgAqAGRlc2NyaXB0aW9ucyI7YTowOnt9czo4OiIAKgBtYXhlcyI7YTowOnt9czoxMToiACoAY3VycmVudHMiO2E6MDp7fXM6MTU6IgAqAHBhcmVudGNvdW50cyI7YTowOnt9fXM6OToiACoAbG9nZ2VyIjtPOjE2OiJlcnJvcl9sb2dfbG9nZ2VyIjo0OntzOjg6IgAqAGxldmVsIjtpOjMwO3M6MTE6IgAqAHNob3dkYXRlIjtiOjA7czoxMjoiACoAc2hvd2xldmVsIjtiOjA7czo3OiIAKgBuZXh0IjtPOjExOiJmaWxlX2xvZ2dlciI6NTp7czo4OiIAKgBsZXZlbCI7aTozMDtzOjExOiIAKgBzaG93ZGF0ZSI7YjoxO3M6MTI6IgAqAHNob3dsZXZlbCI7YjoxO3M6NzoiACoAbmV4dCI7TzoxNToiZGF0YWJhc2VfbG9nZ2VyIjo5OntzOjg6IgAqAGxldmVsIjtpOjMwO3M6MTE6IgAqAHNob3dkYXRlIjtiOjE7czoxMjoiACoAc2hvd2xldmVsIjtiOjE7czo3OiIAKgBuZXh0IjtOO3M6MTA6IgAqAGRhdGVjb2wiO3M6MTE6InRpbWVjcmVhdGVkIjtzOjExOiIAKgBsZXZlbGNvbCI7czo4OiJsb2dsZXZlbCI7czoxMzoiACoAbWVzc2FnZWNvbCI7czo3OiJtZXNzYWdlIjtzOjExOiIAKgBsb2d0YWJsZSI7czoxMToiYmFja3VwX2xvZ3MiO3M6MTA6IgAqAGNvbHVtbnMiO2E6MTp7czo4OiJiYWNrdXBpZCI7czozMjoiMmRjODY1OGUxMmVkNGVkYzA0ZjhjMzlhNDBjNDA5ZmEiO319czoxMToiACoAZnVsbHBhdGgiO3M6OTc6Ii92YXIvd3d3L21vb2RsZTIubWF3YXRoZWNyZWF0aW9uLmNvbS9tb29kbGVkYXRhL3RlbXAvYmFja3VwLy8yZGM4NjU4ZTEyZWQ0ZWRjMDRmOGMzOWE0MGM0MDlmYS5sb2ciO319czoxNzoiACoAcmVsZWFzZXNlc3Npb24iO2I6MDtzOjc6IgAqAGNvcHkiO086ODoic3RkQ2xhc3MiOjEwOntzOjg6ImNvdXJzZWlkIjtpOjQ7czo4OiJmdWxsbmFtZSI7czo3MDoi4LiB4Liy4Lij4Lib4LiQ4Lih4Lie4Lii4Liy4Lia4Liy4Lil4LiC4Lix4LmJ4LiZ4Lie4Li34LmJ4LiZ4LiQ4Liy4LiZICI7czo5OiJzaG9ydG5hbWUiO3M6NToiQlBBMDQiO3M6ODoiY2F0ZWdvcnkiO3M6MToiMiI7czo3OiJ2aXNpYmxlIjtzOjE6IjEiO3M6OToic3RhcnRkYXRlIjtpOjE3Mjg1Nzk2MDA7czo3OiJlbmRkYXRlIjtpOjA7czo4OiJpZG51bWJlciI7czo1OiJCUEEwNCI7czo4OiJ1c2VyZGF0YSI7czoxOiIwIjtzOjk6ImtlcHRyb2xlcyI7YTowOnt9fXM6NzoiACoAbW9kZSI7aTo4MDtzOjEwOiIAKgB0ZW1wZGlyIjtzOjMyOiIyMDMxZmI2NWE2OGFhNTNlOWZjMmYyMzNjODE1NDMwYyI7czoxMjoiACoAcmVzdG9yZWlkIjtzOjMyOiIyZGM4NjU4ZTEyZWQ0ZWRjMDRmOGMzOWE0MGM0MDlmYSI7czoxMToiACoAY291cnNlaWQiO2k6NTtzOjc6IgAqAHR5cGUiO3M6MDoiIjtzOjk6IgAqAGZvcm1hdCI7czo3OiJ1bmtub3duIjtzOjE0OiIAKgBpbnRlcmFjdGl2ZSI7YjowO3M6OToiACoAdXNlcmlkIjtzOjE6IjIiO3M6MTI6IgAqAG9wZXJhdGlvbiI7czo3OiJyZXN0b3JlIjtzOjk6IgAqAHRhcmdldCI7aToyO3M6MTE6IgAqAHNhbWVzaXRlIjtiOjA7czo5OiIAKgBzdGF0dXMiO2k6MjAwO3M6MTE6IgAqAHByZWNoZWNrIjtOO3M6NzoiACoAaW5mbyI7TjtzOjc6IgAqAHBsYW4iO047czoxMjoiACoAZXhlY3V0aW9uIjtpOjI7czoxNjoiACoAZXhlY3V0aW9udGltZSI7aTowO3M6MTE6IgAqAGNoZWNrc3VtIjtzOjMyOiI5NmRiMjZkMjdhZWY1NjdiZmMwYzA5ODExNDFiMzY0NCI7fQ=='),(3,'c7de500559de83994937fdf405438d93','backup','course',5,'moodle2',0,50,2,1000,1,0,'82df8755d01eb14cbf42e8c08c254615',1728576181,1728576182,0.00000000000000,''),(4,'23e94e7312a48c2fc036e90fd9d2e530','backup','course',27,'moodle2',0,50,2,1000,1,0,'be3808b9841fd1016f489a3323b03ccd',1729234799,1729234800,0.00000000000000,''),(5,'208cc311206d14a0a09405b041589d7c','backup','course',28,'moodle2',0,50,2,1000,1,0,'398ef1694637c284b47f24e6ede88a87',1729234811,1729234811,0.00000000000000,''),(6,'e5c351b261e5d316313d740543d5d2e8','backup','course',52,'moodle2',0,50,2,1000,1,0,'cf2db409f0fc71ef965f762f168a0db8',1729586877,1729586878,0.00000000000000,''),(7,'2d62560e260d783020948e945adfcdd5','backup','course',51,'moodle2',0,50,2,1000,1,0,'c4520072edd0d525da8c8c0ac812fab3',1729586885,1729586886,0.00000000000000,''),(8,'8ecd883016667a19e99fe105b5637be5','backup','course',50,'moodle2',0,50,2,1000,1,0,'7bb7b61111cba7628aade6cf37f2108d',1729586890,1729586891,0.00000000000000,'');

--
-- Table structure for table `mdl_backup_courses`
--

CREATE TABLE `mdl_backup_courses` (
  `id` bigint NOT NULL AUTO_INCREMENT,
  `courseid` bigint NOT NULL DEFAULT '0',
  `laststarttime` bigint NOT NULL DEFAULT '0',
  `lastendtime` bigint NOT NULL DEFAULT '0',
  `laststatus` varchar(1) CHARACTER SET utf8mb4 COLLATE utf8mb4_unicode_ci NOT NULL DEFAULT '5',
  `nextstarttime` bigint NOT NULL DEFAULT '0',
  PRIMARY KEY (`id`),
  UNIQUE KEY `mdl_backcour_cou_uix` (`courseid`)
) ENGINE=InnoDB DEFAULT CHARSET=utf8mb4 COLLATE=utf8mb4_unicode_ci ROW_FORMAT=COMPRESSED COMMENT='To store every course backup status';

--
-- Dumping data for table `mdl_backup_courses`
--


--
-- Table structure for table `mdl_backup_logs`
--

CREATE TABLE `mdl_backup_logs` (
  `id` bigint NOT NULL AUTO_INCREMENT,
  `backupid` varchar(32) CHARACTER SET utf8mb4 COLLATE utf8mb4_unicode_ci NOT NULL DEFAULT '',
  `loglevel` smallint NOT NULL,
  `message` longtext CHARACTER SET utf8mb4 COLLATE utf8mb4_unicode_ci NOT NULL,
  `timecreated` bigint NOT NULL,
  PRIMARY KEY (`id`),
  UNIQUE KEY `mdl_backlogs_bacid_uix` (`backupid`,`id`),
  KEY `mdl_backlogs_bac_ix` (`backupid`)
) ENGINE=InnoDB DEFAULT CHARSET=utf8mb4 COLLATE=utf8mb4_unicode_ci ROW_FORMAT=COMPRESSED COMMENT='To store all the logs from backup and restore operations (by';

--
-- Dumping data for table `mdl_backup_logs`
--


--
-- Table structure for table `mdl_badge`
--

CREATE TABLE `mdl_badge` (
  `id` bigint NOT NULL AUTO_INCREMENT,
  `name` varchar(255) CHARACTER SET utf8mb4 COLLATE utf8mb4_unicode_ci NOT NULL DEFAULT '',
  `description` longtext CHARACTER SET utf8mb4 COLLATE utf8mb4_unicode_ci,
  `timecreated` bigint NOT NULL DEFAULT '0',
  `timemodified` bigint NOT NULL DEFAULT '0',
  `usercreated` bigint NOT NULL,
  `usermodified` bigint NOT NULL,
  `issuername` varchar(255) CHARACTER SET utf8mb4 COLLATE utf8mb4_unicode_ci NOT NULL DEFAULT '',
  `issuerurl` varchar(255) CHARACTER SET utf8mb4 COLLATE utf8mb4_unicode_ci NOT NULL DEFAULT '',
  `issuercontact` varchar(255) CHARACTER SET utf8mb4 COLLATE utf8mb4_unicode_ci DEFAULT NULL,
  `expiredate` bigint DEFAULT NULL,
  `expireperiod` bigint DEFAULT NULL,
  `type` tinyint(1) NOT NULL DEFAULT '1',
  `courseid` bigint DEFAULT NULL,
  `message` longtext CHARACTER SET utf8mb4 COLLATE utf8mb4_unicode_ci NOT NULL,
  `messagesubject` longtext CHARACTER SET utf8mb4 COLLATE utf8mb4_unicode_ci NOT NULL,
  `attachment` tinyint(1) NOT NULL DEFAULT '1',
  `notification` tinyint(1) NOT NULL DEFAULT '1',
  `status` tinyint(1) NOT NULL DEFAULT '0',
  `nextcron` bigint DEFAULT NULL,
  `version` varchar(255) CHARACTER SET utf8mb4 COLLATE utf8mb4_unicode_ci DEFAULT NULL,
  `language` varchar(255) CHARACTER SET utf8mb4 COLLATE utf8mb4_unicode_ci DEFAULT NULL,
  `imageauthorname` varchar(255) CHARACTER SET utf8mb4 COLLATE utf8mb4_unicode_ci DEFAULT NULL,
  `imageauthoremail` varchar(255) CHARACTER SET utf8mb4 COLLATE utf8mb4_unicode_ci DEFAULT NULL,
  `imageauthorurl` varchar(255) CHARACTER SET utf8mb4 COLLATE utf8mb4_unicode_ci DEFAULT NULL,
  `imagecaption` longtext CHARACTER SET utf8mb4 COLLATE utf8mb4_unicode_ci,
  PRIMARY KEY (`id`),
  KEY `mdl_badg_typ_ix` (`type`),
  KEY `mdl_badg_cou_ix` (`courseid`),
  KEY `mdl_badg_use_ix` (`usermodified`),
  KEY `mdl_badg_use2_ix` (`usercreated`)
) ENGINE=InnoDB DEFAULT CHARSET=utf8mb4 COLLATE=utf8mb4_unicode_ci ROW_FORMAT=COMPRESSED COMMENT='Defines badge';

--
-- Dumping data for table `mdl_badge`
--


--
-- Table structure for table `mdl_badge_alignment`
--

CREATE TABLE `mdl_badge_alignment` (
  `id` bigint NOT NULL AUTO_INCREMENT,
  `badgeid` bigint NOT NULL DEFAULT '0',
  `targetname` varchar(255) CHARACTER SET utf8mb4 COLLATE utf8mb4_unicode_ci NOT NULL DEFAULT '',
  `targeturl` varchar(255) CHARACTER SET utf8mb4 COLLATE utf8mb4_unicode_ci NOT NULL DEFAULT '',
  `targetdescription` longtext CHARACTER SET utf8mb4 COLLATE utf8mb4_unicode_ci,
  `targetframework` varchar(255) CHARACTER SET utf8mb4 COLLATE utf8mb4_unicode_ci DEFAULT NULL,
  `targetcode` varchar(255) CHARACTER SET utf8mb4 COLLATE utf8mb4_unicode_ci DEFAULT NULL,
  PRIMARY KEY (`id`),
  KEY `mdl_badgalig_bad_ix` (`badgeid`)
) ENGINE=InnoDB DEFAULT CHARSET=utf8mb4 COLLATE=utf8mb4_unicode_ci ROW_FORMAT=COMPRESSED COMMENT='Defines alignment for badges';

--
-- Dumping data for table `mdl_badge_alignment`
--


--
-- Table structure for table `mdl_badge_backpack`
--

CREATE TABLE `mdl_badge_backpack` (
  `id` bigint NOT NULL AUTO_INCREMENT,
  `userid` bigint NOT NULL DEFAULT '0',
  `email` varchar(100) CHARACTER SET utf8mb4 COLLATE utf8mb4_unicode_ci NOT NULL DEFAULT '',
  `backpackuid` bigint NOT NULL,
  `autosync` tinyint(1) NOT NULL DEFAULT '0',
  `password` varchar(50) CHARACTER SET utf8mb4 COLLATE utf8mb4_unicode_ci DEFAULT NULL,
  `externalbackpackid` bigint DEFAULT NULL,
  PRIMARY KEY (`id`),
  UNIQUE KEY `mdl_badgback_useext_uix` (`userid`,`externalbackpackid`),
  KEY `mdl_badgback_use_ix` (`userid`),
  KEY `mdl_badgback_ext_ix` (`externalbackpackid`)
) ENGINE=InnoDB DEFAULT CHARSET=utf8mb4 COLLATE=utf8mb4_unicode_ci ROW_FORMAT=COMPRESSED COMMENT='Defines settings for connecting external backpack';

--
-- Dumping data for table `mdl_badge_backpack`
--


--
-- Table structure for table `mdl_badge_backpack_oauth2`
--

CREATE TABLE `mdl_badge_backpack_oauth2` (
  `id` bigint NOT NULL AUTO_INCREMENT,
  `usermodified` bigint NOT NULL DEFAULT '0',
  `timecreated` bigint NOT NULL DEFAULT '0',
  `timemodified` bigint NOT NULL DEFAULT '0',
  `userid` bigint NOT NULL,
  `issuerid` bigint NOT NULL,
  `externalbackpackid` bigint NOT NULL,
  `token` longtext CHARACTER SET utf8mb4 COLLATE utf8mb4_unicode_ci NOT NULL,
  `refreshtoken` longtext CHARACTER SET utf8mb4 COLLATE utf8mb4_unicode_ci NOT NULL,
  `expires` bigint DEFAULT NULL,
  `scope` longtext CHARACTER SET utf8mb4 COLLATE utf8mb4_unicode_ci,
  PRIMARY KEY (`id`),
  KEY `mdl_badgbackoaut_use_ix` (`usermodified`),
  KEY `mdl_badgbackoaut_use2_ix` (`userid`),
  KEY `mdl_badgbackoaut_iss_ix` (`issuerid`),
  KEY `mdl_badgbackoaut_ext_ix` (`externalbackpackid`)
) ENGINE=InnoDB DEFAULT CHARSET=utf8mb4 COLLATE=utf8mb4_unicode_ci ROW_FORMAT=COMPRESSED COMMENT='Default comment for the table, please edit me';

--
-- Dumping data for table `mdl_badge_backpack_oauth2`
--


--
-- Table structure for table `mdl_badge_criteria`
--

CREATE TABLE `mdl_badge_criteria` (
  `id` bigint NOT NULL AUTO_INCREMENT,
  `badgeid` bigint NOT NULL DEFAULT '0',
  `criteriatype` bigint DEFAULT NULL,
  `method` tinyint(1) NOT NULL DEFAULT '1',
  `description` longtext CHARACTER SET utf8mb4 COLLATE utf8mb4_unicode_ci,
  `descriptionformat` tinyint NOT NULL DEFAULT '0',
  PRIMARY KEY (`id`),
  UNIQUE KEY `mdl_badgcrit_badcri_uix` (`badgeid`,`criteriatype`),
  KEY `mdl_badgcrit_cri_ix` (`criteriatype`),
  KEY `mdl_badgcrit_bad_ix` (`badgeid`)
) ENGINE=InnoDB DEFAULT CHARSET=utf8mb4 COLLATE=utf8mb4_unicode_ci ROW_FORMAT=COMPRESSED COMMENT='Defines criteria for issuing badges';

--
-- Dumping data for table `mdl_badge_criteria`
--


--
-- Table structure for table `mdl_badge_criteria_met`
--

CREATE TABLE `mdl_badge_criteria_met` (
  `id` bigint NOT NULL AUTO_INCREMENT,
  `issuedid` bigint DEFAULT NULL,
  `critid` bigint NOT NULL,
  `userid` bigint NOT NULL,
  `datemet` bigint NOT NULL,
  PRIMARY KEY (`id`),
  KEY `mdl_badgcritmet_cri_ix` (`critid`),
  KEY `mdl_badgcritmet_use_ix` (`userid`),
  KEY `mdl_badgcritmet_iss_ix` (`issuedid`)
) ENGINE=InnoDB DEFAULT CHARSET=utf8mb4 COLLATE=utf8mb4_unicode_ci ROW_FORMAT=COMPRESSED COMMENT='Defines criteria that were met for an issued badge';

--
-- Dumping data for table `mdl_badge_criteria_met`
--


--
-- Table structure for table `mdl_badge_criteria_param`
--

CREATE TABLE `mdl_badge_criteria_param` (
  `id` bigint NOT NULL AUTO_INCREMENT,
  `critid` bigint NOT NULL,
  `name` varchar(255) CHARACTER SET utf8mb4 COLLATE utf8mb4_unicode_ci NOT NULL DEFAULT '',
  `value` varchar(255) CHARACTER SET utf8mb4 COLLATE utf8mb4_unicode_ci DEFAULT NULL,
  PRIMARY KEY (`id`),
  KEY `mdl_badgcritpara_cri_ix` (`critid`)
) ENGINE=InnoDB DEFAULT CHARSET=utf8mb4 COLLATE=utf8mb4_unicode_ci ROW_FORMAT=COMPRESSED COMMENT='Defines parameters for badges criteria';

--
-- Dumping data for table `mdl_badge_criteria_param`
--


--
-- Table structure for table `mdl_badge_endorsement`
--

CREATE TABLE `mdl_badge_endorsement` (
  `id` bigint NOT NULL AUTO_INCREMENT,
  `badgeid` bigint NOT NULL DEFAULT '0',
  `issuername` varchar(255) CHARACTER SET utf8mb4 COLLATE utf8mb4_unicode_ci NOT NULL DEFAULT '',
  `issuerurl` varchar(255) CHARACTER SET utf8mb4 COLLATE utf8mb4_unicode_ci NOT NULL DEFAULT '',
  `issueremail` varchar(255) CHARACTER SET utf8mb4 COLLATE utf8mb4_unicode_ci NOT NULL DEFAULT '',
  `claimid` varchar(255) CHARACTER SET utf8mb4 COLLATE utf8mb4_unicode_ci DEFAULT NULL,
  `claimcomment` longtext CHARACTER SET utf8mb4 COLLATE utf8mb4_unicode_ci,
  `dateissued` bigint NOT NULL DEFAULT '0',
  PRIMARY KEY (`id`),
  KEY `mdl_badgendo_bad_ix` (`badgeid`)
) ENGINE=InnoDB DEFAULT CHARSET=utf8mb4 COLLATE=utf8mb4_unicode_ci ROW_FORMAT=COMPRESSED COMMENT='Defines endorsement for badge';

--
-- Dumping data for table `mdl_badge_endorsement`
--


--
-- Table structure for table `mdl_badge_external`
--

CREATE TABLE `mdl_badge_external` (
  `id` bigint NOT NULL AUTO_INCREMENT,
  `backpackid` bigint NOT NULL,
  `collectionid` bigint NOT NULL,
  `entityid` varchar(255) CHARACTER SET utf8mb4 COLLATE utf8mb4_unicode_ci DEFAULT NULL,
  `assertion` longtext CHARACTER SET utf8mb4 COLLATE utf8mb4_unicode_ci,
  PRIMARY KEY (`id`),
  KEY `mdl_badgexte_bac_ix` (`backpackid`)
) ENGINE=InnoDB DEFAULT CHARSET=utf8mb4 COLLATE=utf8mb4_unicode_ci ROW_FORMAT=COMPRESSED COMMENT='Setting for external badges display';

--
-- Dumping data for table `mdl_badge_external`
--


--
-- Table structure for table `mdl_badge_external_backpack`
--

CREATE TABLE `mdl_badge_external_backpack` (
  `id` bigint NOT NULL AUTO_INCREMENT,
  `backpackapiurl` varchar(255) CHARACTER SET utf8mb4 COLLATE utf8mb4_unicode_ci NOT NULL DEFAULT '',
  `backpackweburl` varchar(255) CHARACTER SET utf8mb4 COLLATE utf8mb4_unicode_ci NOT NULL DEFAULT '',
  `apiversion` varchar(12) CHARACTER SET utf8mb4 COLLATE utf8mb4_unicode_ci NOT NULL DEFAULT '1.0',
  `sortorder` bigint NOT NULL DEFAULT '0',
  `oauth2_issuerid` bigint DEFAULT NULL,
  PRIMARY KEY (`id`),
  UNIQUE KEY `mdl_badgexteback_bac_uix` (`backpackapiurl`),
  UNIQUE KEY `mdl_badgexteback_bac2_uix` (`backpackweburl`),
  KEY `mdl_badgexteback_oau_ix` (`oauth2_issuerid`)
) ENGINE=InnoDB AUTO_INCREMENT=2 DEFAULT CHARSET=utf8mb4 COLLATE=utf8mb4_unicode_ci ROW_FORMAT=COMPRESSED COMMENT='Defines settings for site level backpacks that a user can co';

--
-- Dumping data for table `mdl_badge_external_backpack`
--

INSERT INTO `mdl_badge_external_backpack` VALUES (1,'https://api.badgr.io/v2','https://badgr.io','2',1,NULL);

--
-- Table structure for table `mdl_badge_external_identifier`
--

CREATE TABLE `mdl_badge_external_identifier` (
  `id` bigint NOT NULL AUTO_INCREMENT,
  `sitebackpackid` bigint NOT NULL,
  `internalid` varchar(128) CHARACTER SET utf8mb4 COLLATE utf8mb4_unicode_ci NOT NULL DEFAULT '',
  `externalid` varchar(128) CHARACTER SET utf8mb4 COLLATE utf8mb4_unicode_ci NOT NULL DEFAULT '',
  `type` varchar(16) CHARACTER SET utf8mb4 COLLATE utf8mb4_unicode_ci NOT NULL DEFAULT '',
  PRIMARY KEY (`id`),
  UNIQUE KEY `mdl_badgexteiden_sitintext_uix` (`sitebackpackid`,`internalid`,`externalid`,`type`),
  KEY `mdl_badgexteiden_sit_ix` (`sitebackpackid`)
) ENGINE=InnoDB DEFAULT CHARSET=utf8mb4 COLLATE=utf8mb4_unicode_ci ROW_FORMAT=COMPRESSED COMMENT='Setting for external badges mappings';

--
-- Dumping data for table `mdl_badge_external_identifier`
--


--
-- Table structure for table `mdl_badge_issued`
--

CREATE TABLE `mdl_badge_issued` (
  `id` bigint NOT NULL AUTO_INCREMENT,
  `badgeid` bigint NOT NULL DEFAULT '0',
  `userid` bigint NOT NULL DEFAULT '0',
  `uniquehash` longtext CHARACTER SET utf8mb4 COLLATE utf8mb4_unicode_ci NOT NULL,
  `dateissued` bigint NOT NULL DEFAULT '0',
  `dateexpire` bigint DEFAULT NULL,
  `visible` tinyint(1) NOT NULL DEFAULT '0',
  `issuernotified` bigint DEFAULT NULL,
  PRIMARY KEY (`id`),
  UNIQUE KEY `mdl_badgissu_baduse_uix` (`badgeid`,`userid`),
  KEY `mdl_badgissu_bad_ix` (`badgeid`),
  KEY `mdl_badgissu_use_ix` (`userid`)
) ENGINE=InnoDB DEFAULT CHARSET=utf8mb4 COLLATE=utf8mb4_unicode_ci ROW_FORMAT=COMPRESSED COMMENT='Defines issued badges';

--
-- Dumping data for table `mdl_badge_issued`
--


--
-- Table structure for table `mdl_badge_manual_award`
--

CREATE TABLE `mdl_badge_manual_award` (
  `id` bigint NOT NULL AUTO_INCREMENT,
  `badgeid` bigint NOT NULL,
  `recipientid` bigint NOT NULL,
  `issuerid` bigint NOT NULL,
  `issuerrole` bigint NOT NULL,
  `datemet` bigint NOT NULL,
  PRIMARY KEY (`id`),
  KEY `mdl_badgmanuawar_bad_ix` (`badgeid`),
  KEY `mdl_badgmanuawar_rec_ix` (`recipientid`),
  KEY `mdl_badgmanuawar_iss_ix` (`issuerid`),
  KEY `mdl_badgmanuawar_iss2_ix` (`issuerrole`)
) ENGINE=InnoDB DEFAULT CHARSET=utf8mb4 COLLATE=utf8mb4_unicode_ci ROW_FORMAT=COMPRESSED COMMENT='Track manual award criteria for badges';

--
-- Dumping data for table `mdl_badge_manual_award`
--


--
-- Table structure for table `mdl_badge_related`
--

CREATE TABLE `mdl_badge_related` (
  `id` bigint NOT NULL AUTO_INCREMENT,
  `badgeid` bigint NOT NULL DEFAULT '0',
  `relatedbadgeid` bigint DEFAULT NULL,
  PRIMARY KEY (`id`),
  UNIQUE KEY `mdl_badgrela_badrel_uix` (`badgeid`,`relatedbadgeid`),
  KEY `mdl_badgrela_bad_ix` (`badgeid`),
  KEY `mdl_badgrela_rel_ix` (`relatedbadgeid`)
) ENGINE=InnoDB DEFAULT CHARSET=utf8mb4 COLLATE=utf8mb4_unicode_ci ROW_FORMAT=COMPRESSED COMMENT='Defines badge related for badges';

--
-- Dumping data for table `mdl_badge_related`
--


--
-- Table structure for table `mdl_bigbluebuttonbn`
--

CREATE TABLE `mdl_bigbluebuttonbn` (
  `id` bigint NOT NULL AUTO_INCREMENT,
  `type` tinyint NOT NULL DEFAULT '0',
  `course` bigint NOT NULL DEFAULT '0',
  `name` varchar(255) CHARACTER SET utf8mb4 COLLATE utf8mb4_unicode_ci NOT NULL DEFAULT '',
  `intro` longtext CHARACTER SET utf8mb4 COLLATE utf8mb4_unicode_ci,
  `introformat` smallint NOT NULL DEFAULT '1',
  `meetingid` varchar(255) CHARACTER SET utf8mb4 COLLATE utf8mb4_unicode_ci NOT NULL DEFAULT '',
  `moderatorpass` varchar(255) CHARACTER SET utf8mb4 COLLATE utf8mb4_unicode_ci NOT NULL DEFAULT '',
  `viewerpass` varchar(255) CHARACTER SET utf8mb4 COLLATE utf8mb4_unicode_ci NOT NULL DEFAULT '',
  `wait` tinyint(1) NOT NULL DEFAULT '0',
  `record` tinyint(1) NOT NULL DEFAULT '0',
  `recordallfromstart` tinyint(1) NOT NULL DEFAULT '0',
  `recordhidebutton` tinyint(1) NOT NULL DEFAULT '0',
  `welcome` longtext CHARACTER SET utf8mb4 COLLATE utf8mb4_unicode_ci,
  `voicebridge` mediumint NOT NULL DEFAULT '0',
  `openingtime` bigint NOT NULL DEFAULT '0',
  `closingtime` bigint NOT NULL DEFAULT '0',
  `timecreated` bigint NOT NULL DEFAULT '0',
  `timemodified` bigint NOT NULL DEFAULT '0',
  `presentation` longtext CHARACTER SET utf8mb4 COLLATE utf8mb4_unicode_ci,
  `participants` longtext CHARACTER SET utf8mb4 COLLATE utf8mb4_unicode_ci,
  `userlimit` smallint NOT NULL DEFAULT '0',
  `recordings_html` tinyint(1) NOT NULL DEFAULT '0',
  `recordings_deleted` tinyint(1) NOT NULL DEFAULT '1',
  `recordings_imported` tinyint(1) NOT NULL DEFAULT '0',
  `recordings_preview` tinyint(1) NOT NULL DEFAULT '0',
  `clienttype` tinyint(1) NOT NULL DEFAULT '0',
  `muteonstart` tinyint(1) NOT NULL DEFAULT '0',
  `disablecam` tinyint(1) NOT NULL DEFAULT '0',
  `disablemic` tinyint(1) NOT NULL DEFAULT '0',
  `disableprivatechat` tinyint(1) NOT NULL DEFAULT '0',
  `disablepublicchat` tinyint(1) NOT NULL DEFAULT '0',
  `disablenote` tinyint(1) NOT NULL DEFAULT '0',
  `hideuserlist` tinyint(1) NOT NULL DEFAULT '0',
  `completionattendance` int NOT NULL DEFAULT '0',
  `completionengagementchats` int NOT NULL DEFAULT '0',
  `completionengagementtalks` int NOT NULL DEFAULT '0',
  `completionengagementraisehand` int NOT NULL DEFAULT '0',
  `completionengagementpollvotes` int NOT NULL DEFAULT '0',
  `completionengagementemojis` int NOT NULL DEFAULT '0',
  `guestallowed` tinyint DEFAULT '0',
  `mustapproveuser` tinyint DEFAULT '1',
  `guestlinkuid` varchar(1024) CHARACTER SET utf8mb4 COLLATE utf8mb4_unicode_ci DEFAULT NULL,
  `guestpassword` varchar(255) CHARACTER SET utf8mb4 COLLATE utf8mb4_unicode_ci DEFAULT NULL,
  `showpresentation` tinyint(1) NOT NULL DEFAULT '1',
  PRIMARY KEY (`id`)
) ENGINE=InnoDB DEFAULT CHARSET=utf8mb4 COLLATE=utf8mb4_unicode_ci ROW_FORMAT=COMPRESSED COMMENT='The bigbluebuttonbn table to store information about a meeti';

--
-- Dumping data for table `mdl_bigbluebuttonbn`
--


--
-- Table structure for table `mdl_bigbluebuttonbn_logs`
--

CREATE TABLE `mdl_bigbluebuttonbn_logs` (
  `id` bigint NOT NULL AUTO_INCREMENT,
  `courseid` bigint NOT NULL,
  `bigbluebuttonbnid` bigint NOT NULL,
  `userid` bigint DEFAULT NULL,
  `timecreated` bigint NOT NULL DEFAULT '0',
  `meetingid` varchar(256) CHARACTER SET utf8mb4 COLLATE utf8mb4_unicode_ci NOT NULL DEFAULT '',
  `log` varchar(32) CHARACTER SET utf8mb4 COLLATE utf8mb4_unicode_ci NOT NULL DEFAULT '',
  `meta` longtext CHARACTER SET utf8mb4 COLLATE utf8mb4_unicode_ci,
  PRIMARY KEY (`id`),
  KEY `mdl_bigblogs_cou_ix` (`courseid`),
  KEY `mdl_bigblogs_log_ix` (`log`),
  KEY `mdl_bigblogs_coubiguselog_ix` (`courseid`,`bigbluebuttonbnid`,`userid`,`log`),
  KEY `mdl_bigblogs_uselog_ix` (`userid`,`log`),
  KEY `mdl_bigblogs_coubig_ix` (`courseid`,`bigbluebuttonbnid`)
) ENGINE=InnoDB DEFAULT CHARSET=utf8mb4 COLLATE=utf8mb4_unicode_ci ROW_FORMAT=COMPRESSED COMMENT='The bigbluebuttonbn table to store meeting activity events';

--
-- Dumping data for table `mdl_bigbluebuttonbn_logs`
--


--
-- Table structure for table `mdl_bigbluebuttonbn_recordings`
--

CREATE TABLE `mdl_bigbluebuttonbn_recordings` (
  `id` bigint NOT NULL AUTO_INCREMENT,
  `courseid` bigint NOT NULL,
  `bigbluebuttonbnid` bigint NOT NULL,
  `groupid` bigint DEFAULT NULL,
  `recordingid` varchar(64) CHARACTER SET utf8mb4 COLLATE utf8mb4_unicode_ci NOT NULL DEFAULT '',
  `headless` tinyint(1) NOT NULL DEFAULT '0',
  `imported` tinyint(1) NOT NULL DEFAULT '0',
  `status` tinyint(1) NOT NULL DEFAULT '0',
  `importeddata` longtext CHARACTER SET utf8mb4 COLLATE utf8mb4_unicode_ci,
  `timecreated` bigint NOT NULL DEFAULT '0',
  `usermodified` bigint NOT NULL DEFAULT '0',
  `timemodified` bigint NOT NULL DEFAULT '0',
  PRIMARY KEY (`id`),
  KEY `mdl_bigbreco_cou_ix` (`courseid`),
  KEY `mdl_bigbreco_rec_ix` (`recordingid`),
  KEY `mdl_bigbreco_big_ix` (`bigbluebuttonbnid`),
  KEY `mdl_bigbreco_use_ix` (`usermodified`)
) ENGINE=InnoDB DEFAULT CHARSET=utf8mb4 COLLATE=utf8mb4_unicode_ci ROW_FORMAT=COMPRESSED COMMENT='The bigbluebuttonbn table to store references to recordings';

--
-- Dumping data for table `mdl_bigbluebuttonbn_recordings`
--


--
-- Table structure for table `mdl_block`
--

CREATE TABLE `mdl_block` (
  `id` bigint NOT NULL AUTO_INCREMENT,
  `name` varchar(40) CHARACTER SET utf8mb4 COLLATE utf8mb4_unicode_ci NOT NULL DEFAULT '',
  `cron` bigint NOT NULL DEFAULT '0',
  `lastcron` bigint NOT NULL DEFAULT '0',
  `visible` tinyint(1) NOT NULL DEFAULT '1',
  PRIMARY KEY (`id`),
  UNIQUE KEY `mdl_bloc_nam_uix` (`name`)
) ENGINE=InnoDB AUTO_INCREMENT=44 DEFAULT CHARSET=utf8mb4 COLLATE=utf8mb4_unicode_ci ROW_FORMAT=COMPRESSED COMMENT='contains all installed blocks';

--
-- Dumping data for table `mdl_block`
--

INSERT INTO `mdl_block` VALUES (1,'accessreview',0,0,1),(2,'activity_modules',0,0,1),(3,'activity_results',0,0,1),(4,'admin_bookmarks',0,0,1),(5,'badges',0,0,1),(6,'blog_menu',0,0,1),(7,'blog_recent',0,0,1),(8,'blog_tags',0,0,1),(9,'calendar_month',0,0,1),(10,'calendar_upcoming',0,0,1),(11,'comments',0,0,1),(12,'completionstatus',0,0,1),(13,'course_list',0,0,1),(14,'course_summary',0,0,0),(15,'feedback',0,0,0),(16,'globalsearch',0,0,1),(17,'glossary_random',0,0,1),(18,'html',0,0,1),(19,'login',0,0,1),(20,'lp',0,0,1),(21,'mentees',0,0,1),(22,'mnet_hosts',0,0,1),(23,'myoverview',0,0,1),(24,'myprofile',0,0,1),(25,'navigation',0,0,1),(26,'news_items',0,0,1),(27,'online_users',0,0,1),(28,'private_files',0,0,1),(29,'recent_activity',0,0,1),(30,'recentlyaccessedcourses',0,0,1),(31,'recentlyaccesseditems',0,0,1),(32,'rss_client',0,0,0),(33,'search_forums',0,0,1),(34,'section_links',0,0,1),(35,'selfcompletion',0,0,0),(36,'settings',0,0,1),(37,'site_main_menu',0,0,1),(38,'social_activities',0,0,1),(39,'starredcourses',0,0,1),(40,'tag_flickr',0,0,1),(41,'tag_youtube',0,0,0),(42,'tags',0,0,1),(43,'timeline',0,0,1);

--
-- Table structure for table `mdl_block_instances`
--

CREATE TABLE `mdl_block_instances` (
  `id` bigint NOT NULL AUTO_INCREMENT,
  `blockname` varchar(40) CHARACTER SET utf8mb4 COLLATE utf8mb4_unicode_ci NOT NULL DEFAULT '',
  `parentcontextid` bigint NOT NULL,
  `showinsubcontexts` smallint NOT NULL,
  `requiredbytheme` smallint NOT NULL DEFAULT '0',
  `pagetypepattern` varchar(64) CHARACTER SET utf8mb4 COLLATE utf8mb4_unicode_ci NOT NULL DEFAULT '',
  `subpagepattern` varchar(16) CHARACTER SET utf8mb4 COLLATE utf8mb4_unicode_ci DEFAULT NULL,
  `defaultregion` varchar(16) CHARACTER SET utf8mb4 COLLATE utf8mb4_unicode_ci NOT NULL DEFAULT '',
  `defaultweight` bigint NOT NULL,
  `configdata` longtext CHARACTER SET utf8mb4 COLLATE utf8mb4_unicode_ci,
  `timecreated` bigint NOT NULL,
  `timemodified` bigint NOT NULL,
  PRIMARY KEY (`id`),
  KEY `mdl_blocinst_parshopagsub_ix` (`parentcontextid`,`showinsubcontexts`,`pagetypepattern`,`subpagepattern`),
  KEY `mdl_blocinst_tim_ix` (`timemodified`),
  KEY `mdl_blocinst_blo_ix` (`blockname`),
  KEY `mdl_blocinst_par_ix` (`parentcontextid`)
) ENGINE=InnoDB AUTO_INCREMENT=14 DEFAULT CHARSET=utf8mb4 COLLATE=utf8mb4_unicode_ci ROW_FORMAT=COMPRESSED COMMENT='This table stores block instances. The type of block this is';

--
-- Dumping data for table `mdl_block_instances`
--

INSERT INTO `mdl_block_instances` VALUES (1,'admin_bookmarks',1,0,0,'admin-*',NULL,'side-pre',2,'',1728453503,1728453503),(2,'recentlyaccesseditems',1,0,0,'my-index','2','side-post',0,'',1728453503,1728453503),(3,'timeline',1,0,0,'my-index','2','content',0,'',1728453503,1728453503),(4,'calendar_month',1,0,0,'my-index','2','content',1,'',1728453503,1728453503),(5,'myoverview',1,0,0,'my-index','3','content',0,'',1728453503,1728453503),(6,'recentlyaccesseditems',5,0,0,'my-index','4','side-post',0,'',1728454765,1728454765),(9,'navigation',1,1,1,'*',NULL,'side-post',0,'',1728549019,1728549019),(10,'settings',1,1,1,'*',NULL,'side-post',0,'',1728549019,1728549019);

--
-- Table structure for table `mdl_block_positions`
--

CREATE TABLE `mdl_block_positions` (
  `id` bigint NOT NULL AUTO_INCREMENT,
  `blockinstanceid` bigint NOT NULL,
  `contextid` bigint NOT NULL,
  `pagetype` varchar(64) CHARACTER SET utf8mb4 COLLATE utf8mb4_unicode_ci NOT NULL DEFAULT '',
  `subpage` varchar(16) CHARACTER SET utf8mb4 COLLATE utf8mb4_unicode_ci NOT NULL DEFAULT '',
  `visible` smallint NOT NULL,
  `region` varchar(16) CHARACTER SET utf8mb4 COLLATE utf8mb4_unicode_ci NOT NULL DEFAULT '',
  `weight` bigint NOT NULL,
  PRIMARY KEY (`id`),
  UNIQUE KEY `mdl_blocposi_bloconpagsub_uix` (`blockinstanceid`,`contextid`,`pagetype`,`subpage`),
  KEY `mdl_blocposi_blo_ix` (`blockinstanceid`),
  KEY `mdl_blocposi_con_ix` (`contextid`)
) ENGINE=InnoDB DEFAULT CHARSET=utf8mb4 COLLATE=utf8mb4_unicode_ci ROW_FORMAT=COMPRESSED COMMENT='Stores the position of a sticky block_instance on a another ';

--
-- Dumping data for table `mdl_block_positions`
--


--
-- Table structure for table `mdl_block_recent_activity`
--

CREATE TABLE `mdl_block_recent_activity` (
  `id` bigint NOT NULL AUTO_INCREMENT,
  `courseid` bigint NOT NULL,
  `cmid` bigint NOT NULL,
  `timecreated` bigint NOT NULL,
  `userid` bigint NOT NULL,
  `action` tinyint(1) NOT NULL,
  `modname` varchar(20) CHARACTER SET utf8mb4 COLLATE utf8mb4_unicode_ci DEFAULT NULL,
  PRIMARY KEY (`id`),
  KEY `mdl_blocreceacti_coutim_ix` (`courseid`,`timecreated`)
) ENGINE=InnoDB AUTO_INCREMENT=161 DEFAULT CHARSET=utf8mb4 COLLATE=utf8mb4_unicode_ci ROW_FORMAT=COMPRESSED COMMENT='Recent activity block';

--
-- Dumping data for table `mdl_block_recent_activity`
--

INSERT INTO `mdl_block_recent_activity` VALUES (1,7,3,1728619876,2,0,NULL),(2,7,3,1728619928,2,1,NULL),(3,7,4,1728620029,2,0,NULL),(4,7,4,1728620074,2,1,NULL),(5,7,5,1728621006,2,0,NULL),(6,7,6,1728621167,2,0,NULL),(7,7,6,1728621244,2,1,NULL),(8,7,7,1728621341,2,0,NULL),(9,7,8,1728621448,2,0,NULL),(10,7,9,1728621521,2,0,NULL),(11,7,10,1728622049,2,0,NULL),(12,7,11,1728622415,2,0,NULL),(13,7,11,1728622547,2,1,NULL),(14,22,12,1728967270,2,0,NULL),(15,22,13,1728967387,2,0,NULL),(16,22,13,1728967506,2,1,NULL),(17,22,12,1728967518,2,1,NULL),(18,21,14,1728972803,2,0,NULL),(19,21,15,1728972889,2,0,NULL),(20,21,16,1728973047,2,0,NULL),(21,21,16,1728973172,2,1,NULL),(22,20,17,1728973533,2,0,NULL),(23,20,18,1728973623,2,0,NULL),(24,20,18,1728973702,2,1,NULL),(25,19,19,1728974134,2,0,NULL),(26,19,20,1728974374,2,0,NULL),(27,19,21,1728974418,2,0,NULL),(28,19,22,1728974519,2,0,NULL),(29,19,22,1728974641,2,1,NULL),(30,16,23,1728975257,2,0,NULL),(31,16,24,1728975527,2,0,NULL),(32,16,24,1728975707,2,1,NULL),(33,18,25,1728975889,2,0,NULL),(34,18,26,1728975997,2,0,NULL),(35,18,26,1728976113,2,1,NULL),(36,15,27,1728976373,2,0,NULL),(37,15,28,1728976588,2,0,NULL),(38,15,28,1728976779,2,1,NULL),(39,14,29,1728976967,2,0,NULL),(40,14,29,1728977014,2,1,NULL),(41,14,30,1728977101,2,0,NULL),(42,14,31,1728977176,2,0,NULL),(43,14,32,1728977234,2,0,NULL),(44,14,33,1728977276,2,0,NULL),(45,14,34,1728977432,2,0,NULL),(46,14,34,1728977611,2,1,NULL),(47,13,35,1728977785,2,0,NULL),(48,13,36,1728977899,2,0,NULL),(49,13,36,1728978041,2,1,NULL),(50,12,37,1728978209,2,0,NULL),(51,12,38,1728978543,2,0,NULL),(52,12,38,1728978630,2,1,NULL),(53,11,39,1728978747,2,0,NULL),(54,11,40,1728978795,2,0,NULL),(55,11,40,1728979434,2,1,NULL),(56,25,41,1729070818,2,0,NULL),(57,26,42,1729070955,2,0,NULL),(58,26,42,1729070999,2,1,NULL),(59,31,44,1729073597,2,0,NULL),(60,21,46,1729235855,135,0,NULL),(61,7,11,1729484120,2,1,NULL),(62,43,47,1729567070,2,0,NULL),(63,43,48,1729567127,2,0,NULL),(64,43,49,1729568412,2,0,NULL),(65,43,49,1729569211,2,1,NULL),(66,45,50,1729569326,2,0,NULL),(67,47,51,1729571491,2,0,NULL),(68,47,52,1729571514,2,0,NULL),(69,47,52,1729571771,2,1,NULL),(70,24,53,1729572015,2,0,NULL),(71,24,54,1729572106,2,0,NULL),(72,24,55,1729572172,2,0,NULL),(73,24,56,1729572224,2,0,NULL),(74,24,57,1729572290,2,0,NULL),(75,24,58,1729572340,2,0,NULL),(76,24,59,1729572398,2,0,NULL),(77,24,59,1729572640,2,1,NULL),(78,23,60,1729572843,2,0,NULL),(79,23,61,1729572957,2,0,NULL),(80,23,62,1729572999,2,0,NULL),(81,23,63,1729573072,2,0,NULL),(82,23,64,1729573123,2,0,NULL),(83,23,65,1729573192,2,0,NULL),(84,23,65,1729573301,2,1,NULL),(85,31,66,1729573410,2,0,NULL),(86,31,66,1729573539,2,1,NULL),(87,31,44,1729573566,2,1,NULL),(88,26,42,1729573964,2,1,NULL),(89,25,41,1729573989,2,1,NULL),(90,33,67,1729574090,2,0,NULL),(91,36,68,1729574149,2,0,NULL),(92,26,69,1729574242,2,0,NULL),(93,25,70,1729574265,2,0,NULL),(94,25,71,1729574418,2,0,NULL),(95,26,72,1729574421,2,0,NULL),(96,33,73,1729574424,2,0,NULL),(97,36,74,1729574428,2,0,NULL),(98,36,74,1729574664,2,1,NULL),(99,33,73,1729574695,2,1,NULL),(100,26,72,1729574732,2,1,NULL),(101,25,71,1729574764,2,1,NULL),(102,43,75,1729585392,2,0,NULL),(103,2,87,1729759009,2,0,NULL),(104,64,89,1729844834,134,0,NULL),(105,64,90,1729845177,134,0,NULL),(106,64,91,1729845392,134,0,NULL),(107,64,97,1729845957,134,0,NULL),(108,4,98,1730100179,135,0,NULL),(109,4,98,1730100287,135,1,NULL),(110,4,98,1730103157,135,1,NULL),(111,6,99,1730106191,135,0,NULL),(112,8,100,1730110079,135,0,NULL),(113,9,101,1730113218,135,0,NULL),(114,10,102,1730113544,135,0,NULL),(115,49,103,1730115933,135,0,NULL),(116,49,104,1730115996,135,0,NULL),(117,70,106,1731636135,776,0,NULL),(118,17,107,1732178450,135,0,NULL),(119,17,107,1732178460,135,1,NULL),(120,23,65,1732178949,135,1,NULL),(121,48,108,1732345076,135,0,NULL),(122,48,109,1732345175,135,0,NULL),(123,46,110,1732346563,135,0,NULL),(124,46,111,1732346687,135,0,NULL),(125,46,111,1732348561,135,1,NULL),(126,46,111,1732348573,135,1,NULL),(127,46,112,1732354558,135,0,NULL),(128,44,113,1732355332,135,0,NULL),(129,44,114,1732355385,135,0,NULL),(130,23,65,1732355963,135,1,NULL),(131,41,115,1732356529,135,0,NULL),(132,41,115,1732356551,135,1,NULL),(133,41,116,1732356602,135,0,NULL),(134,39,117,1732530735,135,0,NULL),(135,39,118,1732530772,135,0,NULL),(136,39,119,1732530830,135,0,NULL),(137,37,120,1732530951,135,0,NULL),(138,37,120,1732531979,135,1,NULL),(139,37,121,1732532029,135,0,NULL),(140,37,120,1732532971,135,1,NULL),(141,34,122,1732533094,135,0,NULL),(142,34,123,1732533192,135,0,NULL),(143,30,124,1732533282,135,0,NULL),(144,29,125,1732597881,135,0,NULL),(145,13,36,1732603988,135,1,NULL),(146,7,10,1732606760,135,1,NULL),(147,18,26,1732758112,135,1,NULL),(148,7,11,1732758222,135,1,NULL),(149,7,11,1732758251,135,1,NULL),(150,7,11,1732758270,135,1,NULL),(151,19,22,1732758493,135,1,NULL),(152,19,22,1732759682,135,1,NULL),(153,20,18,1732760958,135,1,NULL),(154,32,126,1732771603,135,0,NULL),(155,21,16,1732786722,135,1,NULL),(156,22,13,1732787525,135,1,NULL),(157,23,65,1732788926,135,1,NULL),(158,24,59,1732847543,135,1,NULL),(159,44,114,1732853004,135,1,NULL),(160,44,114,1732853081,135,1,NULL);

--
-- Table structure for table `mdl_block_recentlyaccesseditems`
--

CREATE TABLE `mdl_block_recentlyaccesseditems` (
  `id` bigint NOT NULL AUTO_INCREMENT,
  `courseid` bigint NOT NULL,
  `cmid` bigint NOT NULL,
  `userid` bigint NOT NULL,
  `timeaccess` bigint NOT NULL,
  PRIMARY KEY (`id`),
  UNIQUE KEY `mdl_blocrece_usecoucmi_uix` (`userid`,`courseid`,`cmid`),
  KEY `mdl_blocrece_use_ix` (`userid`),
  KEY `mdl_blocrece_cou_ix` (`courseid`),
  KEY `mdl_blocrece_cmi_ix` (`cmid`)
) ENGINE=InnoDB AUTO_INCREMENT=101 DEFAULT CHARSET=utf8mb4 COLLATE=utf8mb4_unicode_ci ROW_FORMAT=COMPRESSED COMMENT='Most recently accessed items accessed by a user';

--
-- Dumping data for table `mdl_block_recentlyaccesseditems`
--

INSERT INTO `mdl_block_recentlyaccesseditems` VALUES (14,7,11,70,1729063029),(15,16,24,70,1729063152),(23,26,42,2,1729573724),(24,25,41,2,1729573862),(25,36,74,2,1729756382),(26,33,73,2,1729574440),(27,26,72,2,1729574442),(28,25,71,2,1729574445),(29,7,11,2,1729758680),(30,2,87,2,1729760230),(31,64,97,134,1729848409),(38,9,101,2,1730711468),(39,70,106,776,1732502179),(86,2,87,282,1732609577),(87,49,103,282,1732609602),(92,20,18,135,1732781482),(93,22,13,135,1732787925),(94,23,65,135,1732788916),(95,24,59,135,1732846253),(96,48,109,135,1732850509),(97,49,104,135,1732851026),(98,32,126,135,1732851135),(99,44,114,135,1732852891),(100,44,113,135,1732852972);

--
-- Table structure for table `mdl_block_rss_client`
--

CREATE TABLE `mdl_block_rss_client` (
  `id` bigint NOT NULL AUTO_INCREMENT,
  `userid` bigint NOT NULL DEFAULT '0',
  `title` longtext CHARACTER SET utf8mb4 COLLATE utf8mb4_unicode_ci NOT NULL,
  `preferredtitle` varchar(64) CHARACTER SET utf8mb4 COLLATE utf8mb4_unicode_ci NOT NULL DEFAULT '',
  `description` longtext CHARACTER SET utf8mb4 COLLATE utf8mb4_unicode_ci NOT NULL,
  `shared` tinyint NOT NULL DEFAULT '0',
  `url` varchar(255) CHARACTER SET utf8mb4 COLLATE utf8mb4_unicode_ci NOT NULL DEFAULT '',
  `skiptime` bigint NOT NULL DEFAULT '0',
  `skipuntil` bigint NOT NULL DEFAULT '0',
  PRIMARY KEY (`id`)
) ENGINE=InnoDB DEFAULT CHARSET=utf8mb4 COLLATE=utf8mb4_unicode_ci ROW_FORMAT=COMPRESSED COMMENT='Remote news feed information. Contains the news feed id, the';

--
-- Dumping data for table `mdl_block_rss_client`
--


--
-- Table structure for table `mdl_blog_association`
--

CREATE TABLE `mdl_blog_association` (
  `id` bigint NOT NULL AUTO_INCREMENT,
  `contextid` bigint NOT NULL,
  `blogid` bigint NOT NULL,
  PRIMARY KEY (`id`),
  KEY `mdl_blogasso_con_ix` (`contextid`),
  KEY `mdl_blogasso_blo_ix` (`blogid`)
) ENGINE=InnoDB DEFAULT CHARSET=utf8mb4 COLLATE=utf8mb4_unicode_ci ROW_FORMAT=COMPRESSED COMMENT='Associations of blog entries with courses and module instanc';

--
-- Dumping data for table `mdl_blog_association`
--


--
-- Table structure for table `mdl_blog_external`
--

CREATE TABLE `mdl_blog_external` (
  `id` bigint NOT NULL AUTO_INCREMENT,
  `userid` bigint NOT NULL,
  `name` varchar(255) CHARACTER SET utf8mb4 COLLATE utf8mb4_unicode_ci NOT NULL DEFAULT '',
  `description` longtext CHARACTER SET utf8mb4 COLLATE utf8mb4_unicode_ci,
  `url` longtext CHARACTER SET utf8mb4 COLLATE utf8mb4_unicode_ci NOT NULL,
  `filtertags` varchar(255) CHARACTER SET utf8mb4 COLLATE utf8mb4_unicode_ci DEFAULT NULL,
  `failedlastsync` tinyint(1) NOT NULL DEFAULT '0',
  `timemodified` bigint DEFAULT NULL,
  `timefetched` bigint NOT NULL DEFAULT '0',
  PRIMARY KEY (`id`),
  KEY `mdl_blogexte_use_ix` (`userid`)
) ENGINE=InnoDB DEFAULT CHARSET=utf8mb4 COLLATE=utf8mb4_unicode_ci ROW_FORMAT=COMPRESSED COMMENT='External blog links used for RSS copying of blog entries to ';

--
-- Dumping data for table `mdl_blog_external`
--


--
-- Table structure for table `mdl_book`
--

CREATE TABLE `mdl_book` (
  `id` bigint NOT NULL AUTO_INCREMENT,
  `course` bigint NOT NULL DEFAULT '0',
  `name` varchar(255) CHARACTER SET utf8mb4 COLLATE utf8mb4_unicode_ci NOT NULL DEFAULT '',
  `intro` longtext CHARACTER SET utf8mb4 COLLATE utf8mb4_unicode_ci,
  `introformat` smallint NOT NULL DEFAULT '0',
  `numbering` smallint NOT NULL DEFAULT '0',
  `navstyle` smallint NOT NULL DEFAULT '1',
  `customtitles` tinyint NOT NULL DEFAULT '0',
  `revision` bigint NOT NULL DEFAULT '0',
  `timecreated` bigint NOT NULL DEFAULT '0',
  `timemodified` bigint NOT NULL DEFAULT '0',
  PRIMARY KEY (`id`),
  KEY `mdl_book_cou_ix` (`course`)
) ENGINE=InnoDB DEFAULT CHARSET=utf8mb4 COLLATE=utf8mb4_unicode_ci ROW_FORMAT=COMPRESSED COMMENT='Defines book';

--
-- Dumping data for table `mdl_book`
--


--
-- Table structure for table `mdl_book_chapters`
--

CREATE TABLE `mdl_book_chapters` (
  `id` bigint NOT NULL AUTO_INCREMENT,
  `bookid` bigint NOT NULL DEFAULT '0',
  `pagenum` bigint NOT NULL DEFAULT '0',
  `subchapter` bigint NOT NULL DEFAULT '0',
  `title` varchar(255) CHARACTER SET utf8mb4 COLLATE utf8mb4_unicode_ci NOT NULL DEFAULT '',
  `content` longtext CHARACTER SET utf8mb4 COLLATE utf8mb4_unicode_ci NOT NULL,
  `contentformat` smallint NOT NULL DEFAULT '0',
  `hidden` tinyint NOT NULL DEFAULT '0',
  `timecreated` bigint NOT NULL DEFAULT '0',
  `timemodified` bigint NOT NULL DEFAULT '0',
  `importsrc` varchar(255) CHARACTER SET utf8mb4 COLLATE utf8mb4_unicode_ci NOT NULL DEFAULT '',
  PRIMARY KEY (`id`),
  KEY `mdl_bookchap_boo_ix` (`bookid`)
) ENGINE=InnoDB DEFAULT CHARSET=utf8mb4 COLLATE=utf8mb4_unicode_ci ROW_FORMAT=COMPRESSED COMMENT='Defines book_chapters';

--
-- Dumping data for table `mdl_book_chapters`
--


--
-- Table structure for table `mdl_cache_filters`
--

CREATE TABLE `mdl_cache_filters` (
  `id` bigint NOT NULL AUTO_INCREMENT,
  `filter` varchar(32) CHARACTER SET utf8mb4 COLLATE utf8mb4_unicode_ci NOT NULL DEFAULT '',
  `version` bigint NOT NULL DEFAULT '0',
  `md5key` varchar(32) CHARACTER SET utf8mb4 COLLATE utf8mb4_unicode_ci NOT NULL DEFAULT '',
  `rawtext` longtext CHARACTER SET utf8mb4 COLLATE utf8mb4_unicode_ci NOT NULL,
  `timemodified` bigint NOT NULL DEFAULT '0',
  PRIMARY KEY (`id`),
  KEY `mdl_cachfilt_filmd5_ix` (`filter`,`md5key`)
) ENGINE=InnoDB DEFAULT CHARSET=utf8mb4 COLLATE=utf8mb4_unicode_ci ROW_FORMAT=COMPRESSED COMMENT='For keeping information about cached data';

--
-- Dumping data for table `mdl_cache_filters`
--


--
-- Table structure for table `mdl_cache_flags`
--

CREATE TABLE `mdl_cache_flags` (
  `id` bigint NOT NULL AUTO_INCREMENT,
  `flagtype` varchar(255) CHARACTER SET utf8mb4 COLLATE utf8mb4_unicode_ci NOT NULL DEFAULT '',
  `name` varchar(255) CHARACTER SET utf8mb4 COLLATE utf8mb4_unicode_ci NOT NULL DEFAULT '',
  `timemodified` bigint NOT NULL DEFAULT '0',
  `value` longtext CHARACTER SET utf8mb4 COLLATE utf8mb4_unicode_ci NOT NULL,
  `expiry` bigint NOT NULL,
  PRIMARY KEY (`id`),
  KEY `mdl_cachflag_fla_ix` (`flagtype`),
  KEY `mdl_cachflag_nam_ix` (`name`)
) ENGINE=InnoDB AUTO_INCREMENT=977 DEFAULT CHARSET=utf8mb4 COLLATE=utf8mb4_unicode_ci ROW_FORMAT=COMPRESSED COMMENT='Cache of time-sensitive flags';

--
-- Dumping data for table `mdl_cache_flags`
--

INSERT INTO `mdl_cache_flags` VALUES (1,'userpreferenceschanged','2',1733868404,'1',1733897204),(2,'accesslib/dirtyusers','2',1729845594,'1',1729874394),(3,'accesslib/dirtycontexts','/1/3/17/34',1728614133,'1',1728642933),(4,'userpreferenceschanged','3',1728631528,'1',1728660328),(5,'userpreferenceschanged','4',1728631528,'1',1728660328),(6,'userpreferenceschanged','5',1728631528,'1',1728660328),(7,'userpreferenceschanged','6',1728631528,'1',1728660328),(8,'userpreferenceschanged','7',1728631528,'1',1728660328),(9,'userpreferenceschanged','8',1728631528,'1',1728660328),(10,'userpreferenceschanged','9',1728631528,'1',1728660328),(11,'userpreferenceschanged','10',1728631528,'1',1728660328),(12,'userpreferenceschanged','11',1728631528,'1',1728660328),(13,'userpreferenceschanged','12',1728631528,'1',1728660328),(14,'userpreferenceschanged','13',1728631528,'1',1728660328),(15,'userpreferenceschanged','14',1728631528,'1',1728660328),(16,'userpreferenceschanged','15',1728631528,'1',1728660328),(17,'userpreferenceschanged','16',1728631528,'1',1728660328),(18,'userpreferenceschanged','17',1728631528,'1',1728660328),(19,'userpreferenceschanged','18',1728631528,'1',1728660328),(20,'userpreferenceschanged','19',1728631528,'1',1728660328),(21,'userpreferenceschanged','20',1728631528,'1',1728660328),(22,'userpreferenceschanged','21',1728631528,'1',1728660328),(23,'userpreferenceschanged','22',1728631528,'1',1728660328),(24,'userpreferenceschanged','23',1728631528,'1',1728660328),(25,'userpreferenceschanged','24',1728631528,'1',1728660328),(26,'userpreferenceschanged','25',1728631528,'1',1728660328),(27,'userpreferenceschanged','26',1728631528,'1',1728660328),(28,'userpreferenceschanged','27',1728631528,'1',1728660328),(29,'userpreferenceschanged','28',1728631528,'1',1728660328),(30,'userpreferenceschanged','29',1728631529,'1',1728660329),(31,'userpreferenceschanged','30',1728631529,'1',1728660329),(32,'userpreferenceschanged','31',1728631529,'1',1728660329),(33,'userpreferenceschanged','32',1728631529,'1',1728660329),(34,'userpreferenceschanged','33',1728631529,'1',1728660329),(35,'userpreferenceschanged','34',1728631529,'1',1728660329),(36,'userpreferenceschanged','35',1728631529,'1',1728660329),(37,'userpreferenceschanged','36',1728631529,'1',1728660329),(38,'userpreferenceschanged','37',1728631529,'1',1728660329),(39,'userpreferenceschanged','38',1728631529,'1',1728660329),(40,'userpreferenceschanged','39',1728631529,'1',1728660329),(41,'userpreferenceschanged','40',1728631529,'1',1728660329),(42,'userpreferenceschanged','41',1728631529,'1',1728660329),(43,'userpreferenceschanged','42',1728631529,'1',1728660329),(44,'userpreferenceschanged','43',1728631529,'1',1728660329),(45,'userpreferenceschanged','44',1728631529,'1',1728660329),(46,'userpreferenceschanged','45',1728631529,'1',1728660329),(47,'userpreferenceschanged','46',1728631529,'1',1728660329),(48,'userpreferenceschanged','47',1728631529,'1',1728660329),(49,'userpreferenceschanged','48',1728631529,'1',1728660329),(50,'userpreferenceschanged','49',1728631529,'1',1728660329),(51,'userpreferenceschanged','50',1728631529,'1',1728660329),(52,'userpreferenceschanged','51',1728631529,'1',1728660329),(53,'userpreferenceschanged','52',1728631529,'1',1728660329),(54,'userpreferenceschanged','53',1728631529,'1',1728660329),(55,'userpreferenceschanged','54',1728631529,'1',1728660329),(56,'userpreferenceschanged','55',1728631529,'1',1728660329),(57,'userpreferenceschanged','56',1728631529,'1',1728660329),(58,'userpreferenceschanged','57',1728631529,'1',1728660329),(59,'userpreferenceschanged','58',1728631529,'1',1728660329),(60,'userpreferenceschanged','59',1728631529,'1',1728660329),(61,'userpreferenceschanged','60',1728631529,'1',1728660329),(62,'userpreferenceschanged','61',1728631529,'1',1728660329),(63,'userpreferenceschanged','62',1728631529,'1',1728660329),(64,'userpreferenceschanged','63',1728631529,'1',1728660329),(65,'userpreferenceschanged','64',1728631529,'1',1728660329),(66,'userpreferenceschanged','65',1728631529,'1',1728660329),(67,'userpreferenceschanged','66',1728631529,'1',1728660329),(68,'userpreferenceschanged','67',1728631529,'1',1728660329),(69,'userpreferenceschanged','68',1728631529,'1',1728660329),(70,'userpreferenceschanged','69',1728631529,'1',1728660329),(71,'userpreferenceschanged','70',1729062853,'1',1729091653),(72,'userpreferenceschanged','71',1728631530,'1',1728660330),(73,'userpreferenceschanged','72',1728631530,'1',1728660330),(74,'userpreferenceschanged','73',1728631530,'1',1728660330),(75,'userpreferenceschanged','74',1728631530,'1',1728660330),(76,'userpreferenceschanged','75',1728631530,'1',1728660330),(77,'userpreferenceschanged','76',1728631530,'1',1728660330),(78,'userpreferenceschanged','77',1728631530,'1',1728660330),(79,'userpreferenceschanged','78',1728631530,'1',1728660330),(80,'userpreferenceschanged','79',1728631530,'1',1728660330),(81,'userpreferenceschanged','80',1728631530,'1',1728660330),(82,'userpreferenceschanged','81',1728631530,'1',1728660330),(83,'userpreferenceschanged','82',1728631530,'1',1728660330),(84,'userpreferenceschanged','83',1728631530,'1',1728660330),(85,'userpreferenceschanged','84',1728631530,'1',1728660330),(86,'userpreferenceschanged','85',1728631530,'1',1728660330),(87,'userpreferenceschanged','86',1728631530,'1',1728660330),(88,'userpreferenceschanged','87',1728631530,'1',1728660330),(89,'userpreferenceschanged','88',1728631530,'1',1728660330),(90,'userpreferenceschanged','89',1728631530,'1',1728660330),(91,'userpreferenceschanged','90',1728631530,'1',1728660330),(92,'userpreferenceschanged','91',1728631530,'1',1728660330),(93,'userpreferenceschanged','92',1728631530,'1',1728660330),(94,'userpreferenceschanged','93',1728631530,'1',1728660330),(95,'userpreferenceschanged','94',1728631530,'1',1728660330),(96,'userpreferenceschanged','95',1728631530,'1',1728660330),(97,'userpreferenceschanged','96',1728631530,'1',1728660330),(98,'userpreferenceschanged','97',1728631530,'1',1728660330),(99,'userpreferenceschanged','98',1728631530,'1',1728660330),(100,'userpreferenceschanged','99',1728631530,'1',1728660330),(101,'userpreferenceschanged','100',1728631530,'1',1728660330),(102,'userpreferenceschanged','101',1728631530,'1',1728660330),(103,'userpreferenceschanged','102',1728631530,'1',1728660330),(104,'userpreferenceschanged','103',1728631530,'1',1728660330),(105,'userpreferenceschanged','104',1728631530,'1',1728660330),(106,'userpreferenceschanged','105',1728631530,'1',1728660330),(107,'userpreferenceschanged','106',1728631530,'1',1728660330),(108,'userpreferenceschanged','107',1728631530,'1',1728660330),(109,'userpreferenceschanged','108',1728631530,'1',1728660330),(110,'userpreferenceschanged','109',1728631530,'1',1728660330),(111,'userpreferenceschanged','110',1728631530,'1',1728660330),(112,'userpreferenceschanged','111',1728631530,'1',1728660330),(113,'userpreferenceschanged','112',1728631530,'1',1728660330),(114,'userpreferenceschanged','113',1728631530,'1',1728660330),(115,'userpreferenceschanged','114',1728631530,'1',1728660330),(116,'userpreferenceschanged','115',1728631530,'1',1728660330),(117,'userpreferenceschanged','116',1728631530,'1',1728660330),(118,'userpreferenceschanged','117',1728631530,'1',1728660330),(119,'userpreferenceschanged','118',1728631530,'1',1728660330),(120,'userpreferenceschanged','119',1728631530,'1',1728660330),(121,'userpreferenceschanged','120',1728631530,'1',1728660330),(122,'userpreferenceschanged','121',1728631530,'1',1728660330),(123,'userpreferenceschanged','122',1728631530,'1',1728660330),(124,'userpreferenceschanged','123',1728631531,'1',1728660331),(125,'userpreferenceschanged','124',1728631531,'1',1728660331),(126,'userpreferenceschanged','125',1728631531,'1',1728660331),(127,'userpreferenceschanged','126',1728631531,'1',1728660331),(128,'userpreferenceschanged','127',1728631531,'1',1728660331),(129,'userpreferenceschanged','128',1728631531,'1',1728660331),(130,'userpreferenceschanged','129',1728631531,'1',1728660331),(131,'userpreferenceschanged','130',1728631531,'1',1728660331),(132,'userpreferenceschanged','131',1728631531,'1',1728660331),(133,'userpreferenceschanged','132',1728631531,'1',1728660331),(134,'userpreferenceschanged','133',1728631531,'1',1728660331),(135,'accesslib/dirtyusers','3',1729761862,'1',1729790662),(136,'accesslib/dirtyusers','4',1729761862,'1',1729790662),(137,'accesslib/dirtyusers','5',1729761862,'1',1729790662),(138,'accesslib/dirtyusers','6',1729761862,'1',1729790662),(139,'accesslib/dirtyusers','7',1729761862,'1',1729790662),(140,'accesslib/dirtyusers','9',1729761862,'1',1729790662),(141,'accesslib/dirtyusers','11',1729761862,'1',1729790662),(142,'accesslib/dirtyusers','12',1729761862,'1',1729790662),(143,'accesslib/dirtyusers','13',1729761862,'1',1729790662),(144,'accesslib/dirtyusers','14',1729761863,'1',1729790663),(145,'accesslib/dirtyusers','15',1729761863,'1',1729790663),(146,'accesslib/dirtyusers','17',1729761863,'1',1729790663),(147,'accesslib/dirtyusers','18',1729761863,'1',1729790663),(148,'accesslib/dirtyusers','19',1729761863,'1',1729790663),(149,'accesslib/dirtyusers','20',1729761863,'1',1729790663),(150,'accesslib/dirtyusers','21',1729761863,'1',1729790663),(151,'accesslib/dirtyusers','22',1729761863,'1',1729790663),(152,'accesslib/dirtyusers','23',1729761863,'1',1729790663),(153,'accesslib/dirtyusers','24',1729761864,'1',1729790664),(154,'accesslib/dirtyusers','25',1729761864,'1',1729790664),(155,'accesslib/dirtyusers','26',1729761864,'1',1729790664),(156,'accesslib/dirtyusers','27',1729761864,'1',1729790664),(157,'accesslib/dirtyusers','28',1729761864,'1',1729790664),(158,'accesslib/dirtyusers','29',1729761864,'1',1729790664),(159,'accesslib/dirtyusers','31',1729761864,'1',1729790664),(160,'accesslib/dirtyusers','32',1729761864,'1',1729790664),(161,'accesslib/dirtyusers','33',1729761864,'1',1729790664),(162,'accesslib/dirtyusers','34',1729761864,'1',1729790664),(163,'accesslib/dirtyusers','36',1729761864,'1',1729790664),(164,'accesslib/dirtyusers','37',1729761864,'1',1729790664),(165,'accesslib/dirtyusers','38',1729761864,'1',1729790664),(166,'accesslib/dirtyusers','40',1729761865,'1',1729790665),(167,'accesslib/dirtyusers','41',1729761865,'1',1729790665),(168,'accesslib/dirtyusers','42',1729761865,'1',1729790665),(169,'accesslib/dirtyusers','45',1729761865,'1',1729790665),(170,'accesslib/dirtyusers','47',1729761865,'1',1729790665),(171,'accesslib/dirtyusers','48',1729761865,'1',1729790665),(172,'accesslib/dirtyusers','49',1729761865,'1',1729790665),(173,'accesslib/dirtyusers','50',1729761865,'1',1729790665),(174,'accesslib/dirtyusers','51',1729761865,'1',1729790665),(175,'accesslib/dirtyusers','52',1729761865,'1',1729790665),(176,'accesslib/dirtyusers','55',1729761866,'1',1729790666),(177,'accesslib/dirtyusers','56',1729761866,'1',1729790666),(178,'accesslib/dirtyusers','57',1729761866,'1',1729790666),(179,'accesslib/dirtyusers','60',1729761866,'1',1729790666),(180,'accesslib/dirtyusers','61',1729761866,'1',1729790666),(181,'accesslib/dirtyusers','63',1729761866,'1',1729790666),(182,'accesslib/dirtyusers','64',1729761866,'1',1729790666),(183,'accesslib/dirtyusers','67',1729761866,'1',1729790666),(184,'accesslib/dirtyusers','68',1729761866,'1',1729790666),(185,'accesslib/dirtyusers','69',1729761867,'1',1729790667),(186,'accesslib/dirtyusers','70',1729761867,'1',1729790667),(187,'accesslib/dirtyusers','71',1729761867,'1',1729790667),(188,'accesslib/dirtyusers','72',1729761867,'1',1729790667),(189,'accesslib/dirtyusers','73',1729761867,'1',1729790667),(190,'accesslib/dirtyusers','74',1729761867,'1',1729790667),(191,'accesslib/dirtyusers','77',1729761867,'1',1729790667),(192,'accesslib/dirtyusers','79',1729761868,'1',1729790668),(193,'accesslib/dirtyusers','81',1729761868,'1',1729790668),(194,'accesslib/dirtyusers','82',1729761868,'1',1729790668),(195,'accesslib/dirtyusers','84',1729761868,'1',1729790668),(196,'accesslib/dirtyusers','85',1729761868,'1',1729790668),(197,'accesslib/dirtyusers','86',1729761868,'1',1729790668),(198,'accesslib/dirtyusers','87',1729761868,'1',1729790668),(199,'accesslib/dirtyusers','89',1729761868,'1',1729790668),(200,'accesslib/dirtyusers','90',1729761868,'1',1729790668),(201,'accesslib/dirtyusers','92',1729761868,'1',1729790668),(202,'accesslib/dirtyusers','93',1729761868,'1',1729790668),(203,'accesslib/dirtyusers','94',1729761868,'1',1729790668),(204,'accesslib/dirtyusers','97',1729761869,'1',1729790669),(205,'accesslib/dirtyusers','98',1729761869,'1',1729790669),(206,'accesslib/dirtyusers','104',1729761869,'1',1729790669),(207,'accesslib/dirtyusers','105',1729761869,'1',1729790669),(208,'accesslib/dirtyusers','106',1729761869,'1',1729790669),(209,'accesslib/dirtyusers','107',1729761869,'1',1729790669),(210,'accesslib/dirtyusers','109',1729761869,'1',1729790669),(211,'accesslib/dirtyusers','111',1729761870,'1',1729790670),(212,'accesslib/dirtyusers','112',1729761870,'1',1729790670),(213,'accesslib/dirtyusers','113',1729761870,'1',1729790670),(214,'accesslib/dirtyusers','116',1729761870,'1',1729790670),(215,'accesslib/dirtyusers','117',1729761870,'1',1729790670),(216,'accesslib/dirtyusers','118',1729761870,'1',1729790670),(217,'accesslib/dirtyusers','120',1729761870,'1',1729790670),(218,'accesslib/dirtyusers','121',1729761870,'1',1729790670),(219,'accesslib/dirtyusers','123',1729761871,'1',1729790671),(220,'accesslib/dirtyusers','125',1729761871,'1',1729790671),(221,'accesslib/dirtyusers','126',1729761871,'1',1729790671),(222,'accesslib/dirtyusers','130',1729761871,'1',1729790671),(223,'accesslib/dirtyusers','132',1729761871,'1',1729790671),(224,'accesslib/dirtyusers','133',1729761872,'1',1729790672),(225,'userpreferenceschanged','134',1729846408,'1',1729875208),(226,'userpreferenceschanged','135',1735034747,'1',1735063547),(227,'accesslib/dirtycontexts','/1/3/19/47',1729234801,'1',1729263601),(228,'accesslib/dirtycontexts','/1/3/19/48',1729234812,'1',1729263612),(229,'accesslib/dirtyusers','657',1730107953,'1',1730136753),(230,'accesslib/dirtyusers','525',1730116362,'1',1730145162),(231,'accesslib/dirtyusers','169',1730116362,'1',1730145162),(232,'accesslib/dirtyusers','508',1730116362,'1',1730145162),(233,'accesslib/dirtyusers','136',1730116362,'1',1730145162),(234,'accesslib/dirtyusers','224',1730116362,'1',1730145162),(235,'accesslib/dirtyusers','231',1730116362,'1',1730145162),(236,'accesslib/dirtyusers','500',1730116362,'1',1730145162),(237,'accesslib/dirtyusers','586',1730116362,'1',1730145162),(238,'accesslib/dirtyusers','143',1732846296,'1',1732875096),(239,'accesslib/dirtyusers','402',1732846296,'1',1732875096),(240,'accesslib/dirtyusers','438',1732846296,'1',1732875096),(241,'accesslib/dirtyusers','449',1732846296,'1',1732875096),(242,'accesslib/dirtyusers','511',1732846296,'1',1732875096),(243,'accesslib/dirtyusers','518',1732846296,'1',1732875096),(244,'accesslib/dirtyusers','532',1732846296,'1',1732875096),(245,'accesslib/dirtyusers','599',1732846296,'1',1732875096),(246,'accesslib/dirtyusers','147',1732846296,'1',1732875096),(247,'accesslib/dirtyusers','154',1732846296,'1',1732875096),(248,'accesslib/dirtyusers','159',1732846296,'1',1732875096),(249,'accesslib/dirtyusers','171',1732846296,'1',1732875096),(250,'accesslib/dirtyusers','182',1732846297,'1',1732875097),(251,'accesslib/dirtyusers','197',1732846297,'1',1732875097),(252,'accesslib/dirtyusers','201',1732846297,'1',1732875097),(253,'accesslib/dirtyusers','203',1732846297,'1',1732875097),(254,'accesslib/dirtyusers','205',1732846297,'1',1732875097),(255,'accesslib/dirtyusers','238',1732846297,'1',1732875097),(256,'accesslib/dirtyusers','240',1732846297,'1',1732875097),(257,'accesslib/dirtyusers','248',1732846297,'1',1732875097),(258,'accesslib/dirtyusers','258',1732846297,'1',1732875097),(259,'accesslib/dirtyusers','264',1732846297,'1',1732875097),(260,'accesslib/dirtyusers','282',1732846297,'1',1732875097),(261,'accesslib/dirtyusers','286',1732846297,'1',1732875097),(262,'accesslib/dirtyusers','293',1732846297,'1',1732875097),(263,'accesslib/dirtyusers','300',1732846297,'1',1732875097),(264,'accesslib/dirtyusers','442',1732846297,'1',1732875097),(265,'accesslib/dirtyusers','475',1732846297,'1',1732875097),(266,'accesslib/dirtyusers','483',1732846297,'1',1732875097),(267,'accesslib/dirtyusers','502',1732846297,'1',1732875097),(268,'accesslib/dirtyusers','506',1732846297,'1',1732875097),(269,'accesslib/dirtyusers','512',1732846297,'1',1732875097),(270,'accesslib/dirtyusers','543',1732846297,'1',1732875097),(271,'accesslib/dirtyusers','583',1732846297,'1',1732875097),(272,'accesslib/dirtyusers','587',1732846297,'1',1732875097),(273,'accesslib/dirtyusers','604',1732846297,'1',1732875097),(274,'accesslib/dirtyusers','615',1732846297,'1',1732875097),(275,'accesslib/dirtyusers','616',1732846297,'1',1732875097),(276,'accesslib/dirtyusers','627',1732846297,'1',1732875097),(277,'accesslib/dirtyusers','638',1732846297,'1',1732875097),(278,'accesslib/dirtyusers','648',1732846297,'1',1732875097),(279,'accesslib/dirtyusers','141',1732847089,'1',1732875889),(280,'accesslib/dirtyusers','144',1732847089,'1',1732875889),(281,'accesslib/dirtyusers','145',1732847089,'1',1732875889),(282,'accesslib/dirtyusers','152',1732847089,'1',1732875889),(283,'accesslib/dirtyusers','176',1732847089,'1',1732875889),(284,'accesslib/dirtyusers','180',1732847089,'1',1732875889),(285,'accesslib/dirtyusers','190',1732847089,'1',1732875889),(286,'accesslib/dirtyusers','199',1732847089,'1',1732875889),(287,'accesslib/dirtyusers','206',1732847089,'1',1732875889),(288,'accesslib/dirtyusers','212',1732847089,'1',1732875889),(289,'accesslib/dirtyusers','225',1732847089,'1',1732875889),(290,'accesslib/dirtyusers','232',1732847089,'1',1732875889),(291,'accesslib/dirtyusers','307',1732847089,'1',1732875889),(292,'accesslib/dirtyusers','351',1732847089,'1',1732875889),(293,'accesslib/dirtyusers','400',1732847089,'1',1732875889),(294,'accesslib/dirtyusers','426',1732847089,'1',1732875889),(295,'accesslib/dirtyusers','450',1732847089,'1',1732875889),(296,'accesslib/dirtyusers','489',1732847089,'1',1732875889),(297,'accesslib/dirtyusers','600',1732847089,'1',1732875889),(298,'accesslib/dirtyusers','617',1732847089,'1',1732875889),(299,'accesslib/dirtyusers','623',1732847089,'1',1732875889),(300,'accesslib/dirtyusers','631',1732847090,'1',1732875890),(301,'accesslib/dirtyusers','357',1732787065,'1',1732815865),(302,'accesslib/dirtyusers','137',1732787065,'1',1732815865),(303,'accesslib/dirtyusers','149',1732787065,'1',1732815865),(304,'accesslib/dirtyusers','158',1732787065,'1',1732815865),(305,'accesslib/dirtyusers','181',1732787065,'1',1732815865),(306,'accesslib/dirtyusers','183',1732787065,'1',1732815865),(307,'accesslib/dirtyusers','191',1732787065,'1',1732815865),(308,'accesslib/dirtyusers','193',1732787065,'1',1732815865),(309,'accesslib/dirtyusers','195',1732787066,'1',1732815866),(310,'accesslib/dirtyusers','202',1732787066,'1',1732815866),(311,'accesslib/dirtyusers','207',1732787066,'1',1732815866),(312,'accesslib/dirtyusers','209',1732787066,'1',1732815866),(313,'accesslib/dirtyusers','210',1732787066,'1',1732815866),(314,'accesslib/dirtyusers','214',1732787066,'1',1732815866),(315,'accesslib/dirtyusers','221',1732787066,'1',1732815866),(316,'accesslib/dirtyusers','223',1732787066,'1',1732815866),(317,'accesslib/dirtyusers','236',1732787066,'1',1732815866),(318,'accesslib/dirtyusers','241',1732787066,'1',1732815866),(319,'accesslib/dirtyusers','243',1732787066,'1',1732815866),(320,'accesslib/dirtyusers','259',1732787066,'1',1732815866),(321,'accesslib/dirtyusers','261',1732787066,'1',1732815866),(322,'accesslib/dirtyusers','266',1732787066,'1',1732815866),(323,'accesslib/dirtyusers','273',1732787066,'1',1732815866),(324,'accesslib/dirtyusers','275',1732787066,'1',1732815866),(325,'accesslib/dirtyusers','283',1732787066,'1',1732815866),(326,'accesslib/dirtyusers','291',1732787066,'1',1732815866),(327,'accesslib/dirtyusers','292',1732787066,'1',1732815866),(328,'accesslib/dirtyusers','295',1732787066,'1',1732815866),(329,'accesslib/dirtyusers','296',1732787066,'1',1732815866),(330,'accesslib/dirtyusers','301',1732787066,'1',1732815866),(331,'accesslib/dirtyusers','302',1732787066,'1',1732815866),(332,'accesslib/dirtyusers','311',1732787066,'1',1732815866),(333,'accesslib/dirtyusers','315',1732787066,'1',1732815866),(334,'accesslib/dirtyusers','316',1732787066,'1',1732815866),(335,'accesslib/dirtyusers','321',1732787066,'1',1732815866),(336,'accesslib/dirtyusers','322',1732787066,'1',1732815866),(337,'accesslib/dirtyusers','323',1732787066,'1',1732815866),(338,'accesslib/dirtyusers','325',1732787066,'1',1732815866),(339,'accesslib/dirtyusers','327',1732787067,'1',1732815867),(340,'accesslib/dirtyusers','336',1732787067,'1',1732815867),(341,'accesslib/dirtyusers','341',1732787067,'1',1732815867),(342,'accesslib/dirtyusers','342',1732787067,'1',1732815867),(343,'accesslib/dirtyusers','345',1732787067,'1',1732815867),(344,'accesslib/dirtyusers','355',1732787067,'1',1732815867),(345,'accesslib/dirtyusers','356',1732787067,'1',1732815867),(346,'accesslib/dirtyusers','359',1732787067,'1',1732815867),(347,'accesslib/dirtyusers','361',1732787067,'1',1732815867),(348,'accesslib/dirtyusers','362',1732787067,'1',1732815867),(349,'accesslib/dirtyusers','363',1732787067,'1',1732815867),(350,'accesslib/dirtyusers','366',1732787067,'1',1732815867),(351,'accesslib/dirtyusers','369',1732787067,'1',1732815867),(352,'accesslib/dirtyusers','370',1732787067,'1',1732815867),(353,'accesslib/dirtyusers','372',1732787067,'1',1732815867),(354,'accesslib/dirtyusers','384',1732787067,'1',1732815867),(355,'accesslib/dirtyusers','388',1732787067,'1',1732815867),(356,'accesslib/dirtyusers','389',1732787067,'1',1732815867),(357,'accesslib/dirtyusers','391',1732787067,'1',1732815867),(358,'accesslib/dirtyusers','393',1732787067,'1',1732815867),(359,'accesslib/dirtyusers','397',1732787067,'1',1732815867),(360,'accesslib/dirtyusers','399',1732787067,'1',1732815867),(361,'accesslib/dirtyusers','401',1732787067,'1',1732815867),(362,'accesslib/dirtyusers','407',1732787067,'1',1732815867),(363,'accesslib/dirtyusers','413',1732787067,'1',1732815867),(364,'accesslib/dirtyusers','418',1732787067,'1',1732815867),(365,'accesslib/dirtyusers','419',1732787067,'1',1732815867),(366,'accesslib/dirtyusers','424',1732787067,'1',1732815867),(367,'accesslib/dirtyusers','433',1732787067,'1',1732815867),(368,'accesslib/dirtyusers','434',1732787067,'1',1732815867),(369,'accesslib/dirtyusers','435',1732787068,'1',1732815868),(370,'accesslib/dirtyusers','439',1732787068,'1',1732815868),(371,'accesslib/dirtyusers','441',1732787068,'1',1732815868),(372,'accesslib/dirtyusers','443',1732787068,'1',1732815868),(373,'accesslib/dirtyusers','445',1732787068,'1',1732815868),(374,'accesslib/dirtyusers','448',1732787068,'1',1732815868),(375,'accesslib/dirtyusers','451',1732787068,'1',1732815868),(376,'accesslib/dirtyusers','452',1732787068,'1',1732815868),(377,'accesslib/dirtyusers','453',1732787068,'1',1732815868),(378,'accesslib/dirtyusers','454',1732787068,'1',1732815868),(379,'accesslib/dirtyusers','459',1732787068,'1',1732815868),(380,'accesslib/dirtyusers','460',1732787068,'1',1732815868),(381,'accesslib/dirtyusers','462',1732787068,'1',1732815868),(382,'accesslib/dirtyusers','464',1732787068,'1',1732815868),(383,'accesslib/dirtyusers','466',1732787068,'1',1732815868),(384,'accesslib/dirtyusers','473',1732787068,'1',1732815868),(385,'accesslib/dirtyusers','476',1732787068,'1',1732815868),(386,'accesslib/dirtyusers','479',1732787068,'1',1732815868),(387,'accesslib/dirtyusers','488',1732787068,'1',1732815868),(388,'accesslib/dirtyusers','492',1732787068,'1',1732815868),(389,'accesslib/dirtyusers','493',1732787068,'1',1732815868),(390,'accesslib/dirtyusers','514',1732787068,'1',1732815868),(391,'accesslib/dirtyusers','515',1732787068,'1',1732815868),(392,'accesslib/dirtyusers','523',1732787068,'1',1732815868),(393,'accesslib/dirtyusers','528',1732787068,'1',1732815868),(394,'accesslib/dirtyusers','531',1732787068,'1',1732815868),(395,'accesslib/dirtyusers','533',1732787068,'1',1732815868),(396,'accesslib/dirtyusers','535',1732787068,'1',1732815868),(397,'accesslib/dirtyusers','542',1732787068,'1',1732815868),(398,'accesslib/dirtyusers','547',1732787068,'1',1732815868),(399,'accesslib/dirtyusers','549',1732787069,'1',1732815869),(400,'accesslib/dirtyusers','554',1732787069,'1',1732815869),(401,'accesslib/dirtyusers','555',1732787069,'1',1732815869),(402,'accesslib/dirtyusers','556',1732787069,'1',1732815869),(403,'accesslib/dirtyusers','557',1732787069,'1',1732815869),(404,'accesslib/dirtyusers','566',1732787069,'1',1732815869),(405,'accesslib/dirtyusers','568',1732787069,'1',1732815869),(406,'accesslib/dirtyusers','569',1732787069,'1',1732815869),(407,'accesslib/dirtyusers','571',1732787069,'1',1732815869),(408,'accesslib/dirtyusers','572',1732787069,'1',1732815869),(409,'accesslib/dirtyusers','573',1732787069,'1',1732815869),(410,'accesslib/dirtyusers','574',1732787069,'1',1732815869),(411,'accesslib/dirtyusers','575',1732787069,'1',1732815869),(412,'accesslib/dirtyusers','576',1732787069,'1',1732815869),(413,'accesslib/dirtyusers','577',1732787069,'1',1732815869),(414,'accesslib/dirtyusers','579',1732787069,'1',1732815869),(415,'accesslib/dirtyusers','581',1732787069,'1',1732815869),(416,'accesslib/dirtyusers','582',1732787069,'1',1732815869),(417,'accesslib/dirtyusers','585',1732787069,'1',1732815869),(418,'accesslib/dirtyusers','588',1732787069,'1',1732815869),(419,'accesslib/dirtyusers','589',1732787069,'1',1732815869),(420,'accesslib/dirtyusers','590',1732787069,'1',1732815869),(421,'accesslib/dirtyusers','591',1732787069,'1',1732815869),(422,'accesslib/dirtyusers','594',1732787069,'1',1732815869),(423,'accesslib/dirtyusers','598',1732787069,'1',1732815869),(424,'accesslib/dirtyusers','601',1732787069,'1',1732815869),(425,'accesslib/dirtyusers','602',1732787069,'1',1732815869),(426,'accesslib/dirtyusers','606',1732787069,'1',1732815869),(427,'accesslib/dirtyusers','607',1732787069,'1',1732815869),(428,'accesslib/dirtyusers','609',1732787069,'1',1732815869),(429,'accesslib/dirtyusers','610',1732787069,'1',1732815869),(430,'accesslib/dirtyusers','611',1732787070,'1',1732815870),(431,'accesslib/dirtyusers','614',1732787070,'1',1732815870),(432,'accesslib/dirtyusers','618',1732787070,'1',1732815870),(433,'accesslib/dirtyusers','620',1732787070,'1',1732815870),(434,'accesslib/dirtyusers','621',1732787070,'1',1732815870),(435,'accesslib/dirtyusers','622',1732787070,'1',1732815870),(436,'accesslib/dirtyusers','624',1732788803,'1',1732817603),(437,'accesslib/dirtyusers','626',1732788803,'1',1732817603),(438,'accesslib/dirtyusers','628',1732788803,'1',1732817603),(439,'accesslib/dirtyusers','629',1732788803,'1',1732817603),(440,'accesslib/dirtyusers','632',1732788803,'1',1732817603),(441,'accesslib/dirtyusers','633',1732788803,'1',1732817603),(442,'accesslib/dirtyusers','634',1732788803,'1',1732817603),(443,'accesslib/dirtyusers','635',1732788803,'1',1732817603),(444,'accesslib/dirtyusers','636',1732788803,'1',1732817603),(445,'accesslib/dirtyusers','637',1732788803,'1',1732817603),(446,'accesslib/dirtyusers','642',1732788803,'1',1732817603),(447,'accesslib/dirtyusers','643',1732788804,'1',1732817604),(448,'accesslib/dirtyusers','644',1732788804,'1',1732817604),(449,'accesslib/dirtyusers','645',1732788804,'1',1732817604),(450,'accesslib/dirtyusers','646',1732788804,'1',1732817604),(451,'accesslib/dirtyusers','647',1732788804,'1',1732817604),(452,'accesslib/dirtyusers','649',1732788804,'1',1732817604),(453,'accesslib/dirtyusers','650',1732788804,'1',1732817604),(454,'accesslib/dirtyusers','651',1729735175,'1',1729763975),(455,'accesslib/dirtyusers','652',1732788804,'1',1732817604),(456,'accesslib/dirtyusers','655',1735034710,'1',1735063510),(457,'accesslib/dirtyusers','656',1732788804,'1',1732817604),(458,'accesslib/dirtyusers','140',1732787070,'1',1732815870),(459,'accesslib/dirtyusers','151',1732787070,'1',1732815870),(460,'accesslib/dirtyusers','156',1732787071,'1',1732815871),(461,'accesslib/dirtyusers','161',1732787071,'1',1732815871),(462,'accesslib/dirtyusers','165',1732787071,'1',1732815871),(463,'accesslib/dirtyusers','167',1732787071,'1',1732815871),(464,'accesslib/dirtyusers','174',1732787071,'1',1732815871),(465,'accesslib/dirtyusers','175',1732787071,'1',1732815871),(466,'accesslib/dirtyusers','188',1732787071,'1',1732815871),(467,'accesslib/dirtyusers','208',1732787071,'1',1732815871),(468,'accesslib/dirtyusers','227',1732787071,'1',1732815871),(469,'accesslib/dirtyusers','233',1732787071,'1',1732815871),(470,'accesslib/dirtyusers','252',1732787071,'1',1732815871),(471,'accesslib/dirtyusers','253',1732787071,'1',1732815871),(472,'accesslib/dirtyusers','254',1732787071,'1',1732815871),(473,'accesslib/dirtyusers','257',1732787071,'1',1732815871),(474,'accesslib/dirtyusers','267',1732787071,'1',1732815871),(475,'accesslib/dirtyusers','280',1732787071,'1',1732815871),(476,'accesslib/dirtyusers','309',1732787071,'1',1732815871),(477,'accesslib/dirtyusers','385',1732787071,'1',1732815871),(478,'accesslib/dirtyusers','415',1732787071,'1',1732815871),(479,'accesslib/dirtyusers','457',1732787071,'1',1732815871),(480,'accesslib/dirtyusers','463',1732787071,'1',1732815871),(481,'accesslib/dirtyusers','465',1732787071,'1',1732815871),(482,'accesslib/dirtyusers','486',1732787071,'1',1732815871),(483,'accesslib/dirtyusers','501',1732787071,'1',1732815871),(484,'accesslib/dirtyusers','521',1732787071,'1',1732815871),(485,'accesslib/dirtyusers','529',1732787071,'1',1732815871),(486,'accesslib/dirtyusers','138',1732787071,'1',1732815871),(487,'accesslib/dirtyusers','139',1732787071,'1',1732815871),(488,'accesslib/dirtyusers','142',1732787071,'1',1732815871),(489,'accesslib/dirtyusers','146',1732787071,'1',1732815871),(490,'accesslib/dirtyusers','148',1732597552,'1',1732626352),(491,'accesslib/dirtyusers','150',1732787071,'1',1732815871),(492,'accesslib/dirtyusers','153',1732787072,'1',1732815872),(493,'accesslib/dirtyusers','155',1732787072,'1',1732815872),(494,'accesslib/dirtyusers','157',1732787072,'1',1732815872),(495,'accesslib/dirtyusers','160',1732787072,'1',1732815872),(496,'accesslib/dirtyusers','162',1732787072,'1',1732815872),(497,'accesslib/dirtyusers','163',1732787072,'1',1732815872),(498,'accesslib/dirtyusers','164',1732787072,'1',1732815872),(499,'accesslib/dirtyusers','166',1732787072,'1',1732815872),(500,'accesslib/dirtyusers','168',1732787072,'1',1732815872),(501,'accesslib/dirtyusers','170',1732787072,'1',1732815872),(502,'accesslib/dirtyusers','172',1732787072,'1',1732815872),(503,'accesslib/dirtyusers','173',1732787072,'1',1732815872),(504,'accesslib/dirtyusers','177',1732787072,'1',1732815872),(505,'accesslib/dirtyusers','178',1732787072,'1',1732815872),(506,'accesslib/dirtyusers','179',1732787072,'1',1732815872),(507,'accesslib/dirtyusers','184',1732787072,'1',1732815872),(508,'accesslib/dirtyusers','185',1732787072,'1',1732815872),(509,'accesslib/dirtyusers','186',1732787072,'1',1732815872),(510,'accesslib/dirtyusers','187',1732787072,'1',1732815872),(511,'accesslib/dirtyusers','189',1732787072,'1',1732815872),(512,'accesslib/dirtyusers','192',1732787072,'1',1732815872),(513,'accesslib/dirtyusers','194',1732787072,'1',1732815872),(514,'accesslib/dirtyusers','196',1732787072,'1',1732815872),(515,'accesslib/dirtyusers','198',1732787072,'1',1732815872),(516,'accesslib/dirtyusers','200',1732787072,'1',1732815872),(517,'accesslib/dirtyusers','204',1732787072,'1',1732815872),(518,'accesslib/dirtyusers','211',1732787072,'1',1732815872),(519,'accesslib/dirtyusers','213',1732787072,'1',1732815872),(520,'accesslib/dirtyusers','215',1732787072,'1',1732815872),(521,'accesslib/dirtyusers','216',1732787072,'1',1732815872),(522,'accesslib/dirtyusers','217',1732787072,'1',1732815872),(523,'accesslib/dirtyusers','218',1732787073,'1',1732815873),(524,'accesslib/dirtyusers','219',1732787073,'1',1732815873),(525,'accesslib/dirtyusers','220',1732787073,'1',1732815873),(526,'accesslib/dirtyusers','222',1732787073,'1',1732815873),(527,'accesslib/dirtyusers','226',1732787073,'1',1732815873),(528,'accesslib/dirtyusers','228',1732787073,'1',1732815873),(529,'accesslib/dirtyusers','229',1732787073,'1',1732815873),(530,'accesslib/dirtyusers','230',1732787073,'1',1732815873),(531,'accesslib/dirtyusers','234',1732787073,'1',1732815873),(532,'accesslib/dirtyusers','235',1732787073,'1',1732815873),(533,'accesslib/dirtyusers','237',1732787073,'1',1732815873),(534,'accesslib/dirtyusers','239',1732787073,'1',1732815873),(535,'accesslib/dirtyusers','242',1732787073,'1',1732815873),(536,'accesslib/dirtyusers','244',1732787073,'1',1732815873),(537,'accesslib/dirtyusers','245',1732787073,'1',1732815873),(538,'accesslib/dirtyusers','246',1732787073,'1',1732815873),(539,'accesslib/dirtyusers','247',1732787073,'1',1732815873),(540,'accesslib/dirtyusers','249',1732787073,'1',1732815873),(541,'accesslib/dirtyusers','250',1732787073,'1',1732815873),(542,'accesslib/dirtyusers','251',1732787073,'1',1732815873),(543,'accesslib/dirtyusers','255',1732787073,'1',1732815873),(544,'accesslib/dirtyusers','256',1732787073,'1',1732815873),(545,'accesslib/dirtyusers','260',1732787073,'1',1732815873),(546,'accesslib/dirtyusers','262',1732787073,'1',1732815873),(547,'accesslib/dirtyusers','263',1732787073,'1',1732815873),(548,'accesslib/dirtyusers','265',1732787073,'1',1732815873),(549,'accesslib/dirtyusers','268',1732787073,'1',1732815873),(550,'accesslib/dirtyusers','269',1732787073,'1',1732815873),(551,'accesslib/dirtyusers','270',1732787073,'1',1732815873),(552,'accesslib/dirtyusers','271',1732787073,'1',1732815873),(553,'accesslib/dirtyusers','272',1732787073,'1',1732815873),(554,'accesslib/dirtyusers','274',1732787074,'1',1732815874),(555,'accesslib/dirtyusers','276',1732787074,'1',1732815874),(556,'accesslib/dirtyusers','277',1732787074,'1',1732815874),(557,'accesslib/dirtyusers','278',1732787074,'1',1732815874),(558,'accesslib/dirtyusers','279',1732787074,'1',1732815874),(559,'accesslib/dirtyusers','281',1732787074,'1',1732815874),(560,'accesslib/dirtyusers','284',1732787074,'1',1732815874),(561,'accesslib/dirtyusers','285',1732787074,'1',1732815874),(562,'accesslib/dirtyusers','287',1732787074,'1',1732815874),(563,'accesslib/dirtyusers','288',1732787074,'1',1732815874),(564,'accesslib/dirtyusers','289',1732787074,'1',1732815874),(565,'accesslib/dirtyusers','290',1732787074,'1',1732815874),(566,'accesslib/dirtyusers','294',1732787074,'1',1732815874),(567,'accesslib/dirtyusers','297',1732787074,'1',1732815874),(568,'accesslib/dirtyusers','298',1732787074,'1',1732815874),(569,'accesslib/dirtyusers','299',1732787074,'1',1732815874),(570,'accesslib/dirtyusers','303',1732787074,'1',1732815874),(571,'accesslib/dirtyusers','304',1732787074,'1',1732815874),(572,'accesslib/dirtyusers','305',1732787074,'1',1732815874),(573,'accesslib/dirtyusers','306',1732787074,'1',1732815874),(574,'accesslib/dirtyusers','308',1732787074,'1',1732815874),(575,'accesslib/dirtyusers','310',1732787074,'1',1732815874),(576,'accesslib/dirtyusers','312',1732787074,'1',1732815874),(577,'accesslib/dirtyusers','313',1732787074,'1',1732815874),(578,'accesslib/dirtyusers','314',1732787074,'1',1732815874),(579,'accesslib/dirtyusers','317',1732787074,'1',1732815874),(580,'accesslib/dirtyusers','318',1732787074,'1',1732815874),(581,'accesslib/dirtyusers','319',1732787074,'1',1732815874),(582,'accesslib/dirtyusers','320',1732787074,'1',1732815874),(583,'accesslib/dirtyusers','324',1732787074,'1',1732815874),(584,'accesslib/dirtyusers','326',1732787074,'1',1732815874),(585,'accesslib/dirtyusers','328',1732787074,'1',1732815874),(586,'accesslib/dirtyusers','329',1732787074,'1',1732815874),(587,'accesslib/dirtyusers','330',1732787075,'1',1732815875),(588,'accesslib/dirtyusers','331',1732787075,'1',1732815875),(589,'accesslib/dirtyusers','332',1732787075,'1',1732815875),(590,'accesslib/dirtyusers','333',1732787075,'1',1732815875),(591,'accesslib/dirtyusers','334',1732787075,'1',1732815875),(592,'accesslib/dirtyusers','335',1732787075,'1',1732815875),(593,'accesslib/dirtyusers','337',1732787075,'1',1732815875),(594,'accesslib/dirtyusers','338',1732787075,'1',1732815875),(595,'accesslib/dirtyusers','339',1732787075,'1',1732815875),(596,'accesslib/dirtyusers','340',1732787075,'1',1732815875),(597,'accesslib/dirtyusers','343',1732787075,'1',1732815875),(598,'accesslib/dirtyusers','344',1732787075,'1',1732815875),(599,'accesslib/dirtyusers','346',1732787075,'1',1732815875),(600,'accesslib/dirtyusers','347',1732787075,'1',1732815875),(601,'accesslib/dirtyusers','348',1732787075,'1',1732815875),(602,'accesslib/dirtyusers','349',1732787075,'1',1732815875),(603,'accesslib/dirtyusers','350',1732787075,'1',1732815875),(604,'accesslib/dirtyusers','352',1732787075,'1',1732815875),(605,'accesslib/dirtyusers','353',1732787075,'1',1732815875),(606,'accesslib/dirtyusers','354',1732787075,'1',1732815875),(607,'accesslib/dirtyusers','358',1732787075,'1',1732815875),(608,'accesslib/dirtyusers','360',1732787075,'1',1732815875),(609,'accesslib/dirtyusers','364',1732787075,'1',1732815875),(610,'accesslib/dirtyusers','365',1732787075,'1',1732815875),(611,'accesslib/dirtyusers','367',1732787075,'1',1732815875),(612,'accesslib/dirtyusers','368',1732787075,'1',1732815875),(613,'accesslib/dirtyusers','371',1732787075,'1',1732815875),(614,'accesslib/dirtyusers','373',1732787075,'1',1732815875),(615,'accesslib/dirtyusers','374',1732787075,'1',1732815875),(616,'accesslib/dirtyusers','375',1732787075,'1',1732815875),(617,'accesslib/dirtyusers','376',1732787075,'1',1732815875),(618,'accesslib/dirtyusers','377',1732787076,'1',1732815876),(619,'accesslib/dirtyusers','378',1732787076,'1',1732815876),(620,'accesslib/dirtyusers','379',1732787076,'1',1732815876),(621,'accesslib/dirtyusers','380',1732787076,'1',1732815876),(622,'accesslib/dirtyusers','381',1732787076,'1',1732815876),(623,'accesslib/dirtyusers','382',1732787076,'1',1732815876),(624,'accesslib/dirtyusers','383',1732787076,'1',1732815876),(625,'accesslib/dirtyusers','386',1732787076,'1',1732815876),(626,'accesslib/dirtyusers','387',1732787076,'1',1732815876),(627,'accesslib/dirtyusers','390',1732787076,'1',1732815876),(628,'accesslib/dirtyusers','392',1732787076,'1',1732815876),(629,'accesslib/dirtyusers','394',1732787076,'1',1732815876),(630,'accesslib/dirtyusers','395',1732787076,'1',1732815876),(631,'accesslib/dirtyusers','396',1732787076,'1',1732815876),(632,'accesslib/dirtyusers','398',1732787076,'1',1732815876),(633,'accesslib/dirtyusers','403',1732787076,'1',1732815876),(634,'accesslib/dirtyusers','404',1732787076,'1',1732815876),(635,'accesslib/dirtyusers','405',1732787076,'1',1732815876),(636,'accesslib/dirtyusers','406',1732787076,'1',1732815876),(637,'accesslib/dirtyusers','408',1732787076,'1',1732815876),(638,'accesslib/dirtyusers','409',1732787076,'1',1732815876),(639,'accesslib/dirtyusers','410',1732787076,'1',1732815876),(640,'accesslib/dirtyusers','411',1732787076,'1',1732815876),(641,'accesslib/dirtyusers','412',1732787076,'1',1732815876),(642,'accesslib/dirtyusers','414',1732787076,'1',1732815876),(643,'accesslib/dirtyusers','416',1732787076,'1',1732815876),(644,'accesslib/dirtyusers','417',1732787076,'1',1732815876),(645,'accesslib/dirtyusers','420',1732787076,'1',1732815876),(646,'accesslib/dirtyusers','421',1732787076,'1',1732815876),(647,'accesslib/dirtyusers','422',1732787076,'1',1732815876),(648,'accesslib/dirtyusers','423',1732787076,'1',1732815876),(649,'accesslib/dirtyusers','425',1732787077,'1',1732815877),(650,'accesslib/dirtyusers','427',1732787077,'1',1732815877),(651,'accesslib/dirtyusers','428',1732787077,'1',1732815877),(652,'accesslib/dirtyusers','429',1732787077,'1',1732815877),(653,'accesslib/dirtyusers','430',1732787077,'1',1732815877),(654,'accesslib/dirtyusers','431',1732787077,'1',1732815877),(655,'accesslib/dirtyusers','432',1732787077,'1',1732815877),(656,'accesslib/dirtyusers','436',1732787077,'1',1732815877),(657,'accesslib/dirtyusers','437',1732787077,'1',1732815877),(658,'accesslib/dirtyusers','440',1732787077,'1',1732815877),(659,'accesslib/dirtyusers','444',1732787077,'1',1732815877),(660,'accesslib/dirtyusers','446',1732787077,'1',1732815877),(661,'accesslib/dirtyusers','447',1732787077,'1',1732815877),(662,'accesslib/dirtyusers','455',1732787077,'1',1732815877),(663,'accesslib/dirtyusers','456',1732787077,'1',1732815877),(664,'accesslib/dirtyusers','458',1732787077,'1',1732815877),(665,'accesslib/dirtyusers','461',1732787077,'1',1732815877),(666,'accesslib/dirtyusers','467',1732787077,'1',1732815877),(667,'accesslib/dirtyusers','468',1732787077,'1',1732815877),(668,'accesslib/dirtyusers','469',1732787077,'1',1732815877),(669,'accesslib/dirtyusers','470',1732787077,'1',1732815877),(670,'accesslib/dirtyusers','471',1732787077,'1',1732815877),(671,'accesslib/dirtyusers','472',1732787077,'1',1732815877),(672,'accesslib/dirtyusers','474',1732787077,'1',1732815877),(673,'accesslib/dirtyusers','477',1732787077,'1',1732815877),(674,'accesslib/dirtyusers','478',1732787077,'1',1732815877),(675,'accesslib/dirtyusers','480',1732787077,'1',1732815877),(676,'accesslib/dirtyusers','481',1732787077,'1',1732815877),(677,'accesslib/dirtyusers','482',1732787077,'1',1732815877),(678,'accesslib/dirtyusers','484',1732787077,'1',1732815877),(679,'accesslib/dirtyusers','485',1732787077,'1',1732815877),(680,'accesslib/dirtyusers','487',1732787077,'1',1732815877),(681,'accesslib/dirtyusers','490',1732787077,'1',1732815877),(682,'accesslib/dirtyusers','491',1732787078,'1',1732815878),(683,'accesslib/dirtyusers','494',1732787078,'1',1732815878),(684,'accesslib/dirtyusers','495',1732787078,'1',1732815878),(685,'accesslib/dirtyusers','496',1732787078,'1',1732815878),(686,'accesslib/dirtyusers','497',1732787078,'1',1732815878),(687,'accesslib/dirtyusers','498',1732787078,'1',1732815878),(688,'accesslib/dirtyusers','499',1732787078,'1',1732815878),(689,'accesslib/dirtyusers','503',1732787078,'1',1732815878),(690,'accesslib/dirtyusers','504',1732787078,'1',1732815878),(691,'accesslib/dirtyusers','505',1732787078,'1',1732815878),(692,'accesslib/dirtyusers','507',1732787078,'1',1732815878),(693,'accesslib/dirtyusers','509',1732787078,'1',1732815878),(694,'accesslib/dirtyusers','510',1732787078,'1',1732815878),(695,'accesslib/dirtyusers','513',1732787078,'1',1732815878),(696,'accesslib/dirtyusers','516',1732787078,'1',1732815878),(697,'accesslib/dirtyusers','517',1732787078,'1',1732815878),(698,'accesslib/dirtyusers','519',1732787078,'1',1732815878),(699,'accesslib/dirtyusers','520',1732787078,'1',1732815878),(700,'accesslib/dirtyusers','522',1732787078,'1',1732815878),(701,'accesslib/dirtyusers','524',1732787078,'1',1732815878),(702,'accesslib/dirtyusers','526',1732787078,'1',1732815878),(703,'accesslib/dirtyusers','527',1732787078,'1',1732815878),(704,'accesslib/dirtyusers','530',1732787078,'1',1732815878),(705,'accesslib/dirtyusers','534',1732787078,'1',1732815878),(706,'accesslib/dirtyusers','536',1732787078,'1',1732815878),(707,'accesslib/dirtyusers','537',1732787078,'1',1732815878),(708,'accesslib/dirtyusers','538',1732787078,'1',1732815878),(709,'accesslib/dirtyusers','539',1732787078,'1',1732815878),(710,'accesslib/dirtyusers','540',1732787078,'1',1732815878),(711,'accesslib/dirtyusers','541',1732787078,'1',1732815878),(712,'accesslib/dirtyusers','544',1732787078,'1',1732815878),(713,'accesslib/dirtyusers','545',1732787079,'1',1732815879),(714,'accesslib/dirtyusers','546',1732787079,'1',1732815879),(715,'accesslib/dirtyusers','548',1732787079,'1',1732815879),(716,'accesslib/dirtyusers','550',1732787079,'1',1732815879),(717,'accesslib/dirtyusers','551',1732787079,'1',1732815879),(718,'accesslib/dirtyusers','552',1732787079,'1',1732815879),(719,'accesslib/dirtyusers','553',1732787079,'1',1732815879),(720,'accesslib/dirtyusers','558',1732787079,'1',1732815879),(721,'accesslib/dirtyusers','559',1732787079,'1',1732815879),(722,'accesslib/dirtyusers','560',1732787079,'1',1732815879),(723,'accesslib/dirtyusers','561',1732787079,'1',1732815879),(724,'accesslib/dirtyusers','562',1732787079,'1',1732815879),(725,'accesslib/dirtyusers','563',1732787079,'1',1732815879),(726,'accesslib/dirtyusers','564',1732787079,'1',1732815879),(727,'accesslib/dirtyusers','565',1732787079,'1',1732815879),(728,'accesslib/dirtyusers','567',1732787079,'1',1732815879),(729,'accesslib/dirtyusers','570',1732787079,'1',1732815879),(730,'accesslib/dirtyusers','578',1732787079,'1',1732815879),(731,'accesslib/dirtyusers','580',1732787079,'1',1732815879),(732,'accesslib/dirtyusers','584',1732787079,'1',1732815879),(733,'accesslib/dirtyusers','592',1732787079,'1',1732815879),(734,'accesslib/dirtyusers','593',1732787079,'1',1732815879),(735,'accesslib/dirtyusers','595',1732787079,'1',1732815879),(736,'accesslib/dirtyusers','596',1732787079,'1',1732815879),(737,'accesslib/dirtyusers','597',1732787079,'1',1732815879),(738,'accesslib/dirtyusers','603',1732787079,'1',1732815879),(739,'accesslib/dirtyusers','605',1730105214,'1',1730134014),(740,'accesslib/dirtyusers','608',1732787079,'1',1732815879),(741,'accesslib/dirtyusers','612',1732787079,'1',1732815879),(742,'accesslib/dirtyusers','613',1732787079,'1',1732815879),(743,'accesslib/dirtyusers','619',1732787080,'1',1732815880),(744,'accesslib/dirtyusers','625',1732788803,'1',1732817603),(745,'accesslib/dirtyusers','630',1732788803,'1',1732817603),(746,'accesslib/dirtyusers','639',1732788803,'1',1732817603),(747,'accesslib/dirtyusers','640',1732788803,'1',1732817603),(748,'accesslib/dirtyusers','641',1731984269,'1',1732013069),(749,'accesslib/dirtyusers','653',1732788804,'1',1732817604),(750,'accesslib/dirtyusers','654',1732788804,'1',1732817604),(751,'accesslib/dirtycontexts','/1/772/775',1729586878,'1',1729615678),(752,'accesslib/dirtycontexts','/1/772/774',1729586886,'1',1729615686),(753,'accesslib/dirtycontexts','/1/772/773',1729586891,'1',1729615691),(754,'userpreferenceschanged','651',1729734966,'1',1729763766),(755,'userpreferenceschanged','658',1729764921,'1',1729793721),(756,'userpreferenceschanged','659',1729764921,'1',1729793721),(757,'userpreferenceschanged','660',1729764921,'1',1729793721),(758,'userpreferenceschanged','661',1729764921,'1',1729793721),(759,'userpreferenceschanged','662',1729764921,'1',1729793721),(760,'userpreferenceschanged','663',1729764921,'1',1729793721),(761,'userpreferenceschanged','664',1729764921,'1',1729793721),(762,'userpreferenceschanged','665',1729764921,'1',1729793721),(763,'userpreferenceschanged','666',1729764921,'1',1729793721),(764,'userpreferenceschanged','667',1729764921,'1',1729793721),(765,'userpreferenceschanged','668',1729764921,'1',1729793721),(766,'userpreferenceschanged','669',1729764921,'1',1729793721),(767,'userpreferenceschanged','670',1729764922,'1',1729793722),(768,'userpreferenceschanged','671',1729764922,'1',1729793722),(769,'userpreferenceschanged','672',1729764922,'1',1729793722),(770,'userpreferenceschanged','673',1729764922,'1',1729793722),(771,'userpreferenceschanged','674',1729764922,'1',1729793722),(772,'userpreferenceschanged','675',1729764922,'1',1729793722),(773,'userpreferenceschanged','676',1729764922,'1',1729793722),(774,'userpreferenceschanged','677',1729764922,'1',1729793722),(775,'userpreferenceschanged','678',1729764922,'1',1729793722),(776,'userpreferenceschanged','679',1729764922,'1',1729793722),(777,'userpreferenceschanged','680',1729764922,'1',1729793722),(778,'userpreferenceschanged','681',1729764922,'1',1729793722),(779,'userpreferenceschanged','682',1729764922,'1',1729793722),(780,'userpreferenceschanged','683',1729764922,'1',1729793722),(781,'userpreferenceschanged','684',1729764922,'1',1729793722),(782,'userpreferenceschanged','685',1729764922,'1',1729793722),(783,'userpreferenceschanged','686',1729764922,'1',1729793722),(784,'userpreferenceschanged','687',1729764922,'1',1729793722),(785,'userpreferenceschanged','688',1729764922,'1',1729793722),(786,'userpreferenceschanged','689',1729764922,'1',1729793722),(787,'userpreferenceschanged','690',1729764922,'1',1729793722),(788,'userpreferenceschanged','691',1729764922,'1',1729793722),(789,'userpreferenceschanged','692',1729764922,'1',1729793722),(790,'userpreferenceschanged','693',1729764922,'1',1729793722),(791,'userpreferenceschanged','694',1729764922,'1',1729793722),(792,'userpreferenceschanged','695',1729764922,'1',1729793722),(793,'userpreferenceschanged','696',1729764922,'1',1729793722),(794,'userpreferenceschanged','697',1729764922,'1',1729793722),(795,'userpreferenceschanged','698',1729764922,'1',1729793722),(796,'userpreferenceschanged','699',1729764922,'1',1729793722),(797,'userpreferenceschanged','700',1729764922,'1',1729793722),(798,'userpreferenceschanged','701',1729764922,'1',1729793722),(799,'userpreferenceschanged','702',1729764922,'1',1729793722),(800,'userpreferenceschanged','703',1729764922,'1',1729793722),(801,'userpreferenceschanged','704',1729764922,'1',1729793722),(802,'userpreferenceschanged','705',1729764922,'1',1729793722),(803,'userpreferenceschanged','706',1729764922,'1',1729793722),(804,'userpreferenceschanged','707',1729764922,'1',1729793722),(805,'userpreferenceschanged','708',1729764922,'1',1729793722),(806,'userpreferenceschanged','709',1729764922,'1',1729793722),(807,'userpreferenceschanged','710',1729764922,'1',1729793722),(808,'userpreferenceschanged','711',1729764922,'1',1729793722),(809,'userpreferenceschanged','712',1729764922,'1',1729793722),(810,'userpreferenceschanged','713',1729764922,'1',1729793722),(811,'userpreferenceschanged','714',1729764922,'1',1729793722),(812,'userpreferenceschanged','715',1729764922,'1',1729793722),(813,'userpreferenceschanged','716',1729764922,'1',1729793722),(814,'userpreferenceschanged','717',1729764922,'1',1729793722),(815,'userpreferenceschanged','718',1729764922,'1',1729793722),(816,'userpreferenceschanged','719',1729764923,'1',1729793723),(817,'userpreferenceschanged','720',1729764923,'1',1729793723),(818,'userpreferenceschanged','721',1729764923,'1',1729793723),(819,'userpreferenceschanged','722',1729764923,'1',1729793723),(820,'userpreferenceschanged','723',1729764923,'1',1729793723),(821,'userpreferenceschanged','724',1729764923,'1',1729793723),(822,'userpreferenceschanged','725',1729764923,'1',1729793723),(823,'userpreferenceschanged','726',1729764923,'1',1729793723),(824,'userpreferenceschanged','727',1729764923,'1',1729793723),(825,'userpreferenceschanged','728',1729764923,'1',1729793723),(826,'userpreferenceschanged','729',1729764923,'1',1729793723),(827,'userpreferenceschanged','730',1729764923,'1',1729793723),(828,'userpreferenceschanged','731',1729764923,'1',1729793723),(829,'userpreferenceschanged','732',1729764923,'1',1729793723),(830,'userpreferenceschanged','733',1729764923,'1',1729793723),(831,'userpreferenceschanged','734',1729764923,'1',1729793723),(832,'userpreferenceschanged','735',1729764923,'1',1729793723),(833,'userpreferenceschanged','736',1729764923,'1',1729793723),(834,'userpreferenceschanged','737',1729764923,'1',1729793723),(835,'userpreferenceschanged','738',1729764923,'1',1729793723),(836,'userpreferenceschanged','739',1729764923,'1',1729793723),(837,'userpreferenceschanged','740',1729764923,'1',1729793723),(838,'userpreferenceschanged','741',1729764923,'1',1729793723),(839,'userpreferenceschanged','742',1729764923,'1',1729793723),(840,'userpreferenceschanged','743',1729764923,'1',1729793723),(841,'userpreferenceschanged','744',1729764923,'1',1729793723),(842,'userpreferenceschanged','745',1729764923,'1',1729793723),(843,'userpreferenceschanged','746',1729764923,'1',1729793723),(844,'userpreferenceschanged','747',1729764923,'1',1729793723),(845,'userpreferenceschanged','748',1729764923,'1',1729793723),(846,'userpreferenceschanged','749',1729764923,'1',1729793723),(847,'userpreferenceschanged','750',1729764923,'1',1729793723),(848,'userpreferenceschanged','751',1729764923,'1',1729793723),(849,'userpreferenceschanged','752',1729764923,'1',1729793723),(850,'userpreferenceschanged','753',1729764923,'1',1729793723),(851,'userpreferenceschanged','754',1729764923,'1',1729793723),(852,'userpreferenceschanged','755',1729764923,'1',1729793723),(853,'userpreferenceschanged','756',1729764923,'1',1729793723),(854,'userpreferenceschanged','757',1729764923,'1',1729793723),(855,'userpreferenceschanged','758',1729764923,'1',1729793723),(856,'userpreferenceschanged','759',1729764923,'1',1729793723),(857,'userpreferenceschanged','760',1729764923,'1',1729793723),(858,'userpreferenceschanged','761',1729764923,'1',1729793723),(859,'userpreferenceschanged','762',1729764923,'1',1729793723),(860,'userpreferenceschanged','763',1729764923,'1',1729793723),(861,'userpreferenceschanged','764',1729764923,'1',1729793723),(862,'userpreferenceschanged','765',1729764923,'1',1729793723),(863,'userpreferenceschanged','766',1729764923,'1',1729793723),(864,'userpreferenceschanged','767',1729764923,'1',1729793723),(865,'userpreferenceschanged','768',1729764923,'1',1729793723),(866,'userpreferenceschanged','769',1729764923,'1',1729793723),(867,'userpreferenceschanged','770',1729764923,'1',1729793723),(868,'userpreferenceschanged','771',1729764923,'1',1729793723),(869,'userpreferenceschanged','772',1729764923,'1',1729793723),(870,'userpreferenceschanged','773',1729764923,'1',1729793723),(871,'userpreferenceschanged','774',1729764923,'1',1729793723),(872,'accesslib/dirtyusers','661',1729766375,'1',1729795175),(873,'accesslib/dirtyusers','662',1729766375,'1',1729795175),(874,'accesslib/dirtyusers','664',1729766375,'1',1729795175),(875,'accesslib/dirtyusers','666',1729766375,'1',1729795175),(876,'accesslib/dirtyusers','668',1729766375,'1',1729795175),(877,'accesslib/dirtyusers','672',1729766375,'1',1729795175),(878,'accesslib/dirtyusers','673',1729766375,'1',1729795175),(879,'accesslib/dirtyusers','674',1729766375,'1',1729795175),(880,'accesslib/dirtyusers','675',1729766375,'1',1729795175),(881,'accesslib/dirtyusers','676',1729766375,'1',1729795175),(882,'accesslib/dirtyusers','678',1729766375,'1',1729795175),(883,'accesslib/dirtyusers','679',1729766375,'1',1729795175),(884,'accesslib/dirtyusers','680',1729766375,'1',1729795175),(885,'accesslib/dirtyusers','681',1729766375,'1',1729795175),(886,'accesslib/dirtyusers','682',1729766375,'1',1729795175),(887,'accesslib/dirtyusers','683',1729766375,'1',1729795175),(888,'accesslib/dirtyusers','684',1729766375,'1',1729795175),(889,'accesslib/dirtyusers','686',1729766375,'1',1729795175),(890,'accesslib/dirtyusers','688',1729766375,'1',1729795175),(891,'accesslib/dirtyusers','691',1729766375,'1',1729795175),(892,'accesslib/dirtyusers','693',1729766375,'1',1729795175),(893,'accesslib/dirtyusers','694',1729766375,'1',1729795175),(894,'accesslib/dirtyusers','697',1729766375,'1',1729795175),(895,'accesslib/dirtyusers','700',1729766375,'1',1729795175),(896,'accesslib/dirtyusers','702',1729766375,'1',1729795175),(897,'accesslib/dirtyusers','703',1729766375,'1',1729795175),(898,'accesslib/dirtyusers','705',1729766375,'1',1729795175),(899,'accesslib/dirtyusers','706',1729766375,'1',1729795175),(900,'accesslib/dirtyusers','707',1729766375,'1',1729795175),(901,'accesslib/dirtyusers','708',1729766375,'1',1729795175),(902,'accesslib/dirtyusers','709',1729766375,'1',1729795175),(903,'accesslib/dirtyusers','711',1729766375,'1',1729795175),(904,'accesslib/dirtyusers','712',1729766375,'1',1729795175),(905,'accesslib/dirtyusers','713',1729766375,'1',1729795175),(906,'accesslib/dirtyusers','714',1729766375,'1',1729795175),(907,'accesslib/dirtyusers','715',1729766375,'1',1729795175),(908,'accesslib/dirtyusers','717',1729766375,'1',1729795175),(909,'accesslib/dirtyusers','718',1729766375,'1',1729795175),(910,'accesslib/dirtyusers','719',1729766375,'1',1729795175),(911,'accesslib/dirtyusers','721',1729766376,'1',1729795176),(912,'accesslib/dirtyusers','722',1729766376,'1',1729795176),(913,'accesslib/dirtyusers','725',1729766376,'1',1729795176),(914,'accesslib/dirtyusers','726',1729766376,'1',1729795176),(915,'accesslib/dirtyusers','727',1729766376,'1',1729795176),(916,'accesslib/dirtyusers','728',1729766376,'1',1729795176),(917,'accesslib/dirtyusers','729',1729766376,'1',1729795176),(918,'accesslib/dirtyusers','730',1729766376,'1',1729795176),(919,'accesslib/dirtyusers','731',1729766376,'1',1729795176),(920,'accesslib/dirtyusers','732',1729766376,'1',1729795176),(921,'accesslib/dirtyusers','733',1729766376,'1',1729795176),(922,'accesslib/dirtyusers','735',1729766376,'1',1729795176),(923,'accesslib/dirtyusers','736',1729766376,'1',1729795176),(924,'accesslib/dirtyusers','737',1729766376,'1',1729795176),(925,'accesslib/dirtyusers','738',1729766376,'1',1729795176),(926,'accesslib/dirtyusers','739',1729766376,'1',1729795176),(927,'accesslib/dirtyusers','740',1729766376,'1',1729795176),(928,'accesslib/dirtyusers','741',1729766376,'1',1729795176),(929,'accesslib/dirtyusers','742',1729766376,'1',1729795176),(930,'accesslib/dirtyusers','743',1729766376,'1',1729795176),(931,'accesslib/dirtyusers','744',1729766376,'1',1729795176),(932,'accesslib/dirtyusers','745',1729766376,'1',1729795176),(933,'accesslib/dirtyusers','746',1729766376,'1',1729795176),(934,'accesslib/dirtyusers','747',1729766376,'1',1729795176),(935,'accesslib/dirtyusers','748',1729766376,'1',1729795176),(936,'accesslib/dirtyusers','750',1729766376,'1',1729795176),(937,'accesslib/dirtyusers','751',1729766376,'1',1729795176),(938,'accesslib/dirtyusers','752',1729766376,'1',1729795176),(939,'accesslib/dirtyusers','753',1729766376,'1',1729795176),(940,'accesslib/dirtyusers','754',1729766376,'1',1729795176),(941,'accesslib/dirtyusers','755',1729766376,'1',1729795176),(942,'accesslib/dirtyusers','756',1729766376,'1',1729795176),(943,'accesslib/dirtyusers','757',1729766376,'1',1729795176),(944,'accesslib/dirtyusers','759',1729766376,'1',1729795176),(945,'accesslib/dirtyusers','760',1729766376,'1',1729795176),(946,'accesslib/dirtyusers','761',1729766376,'1',1729795176),(947,'accesslib/dirtyusers','762',1729766376,'1',1729795176),(948,'accesslib/dirtyusers','763',1729766376,'1',1729795176),(949,'accesslib/dirtyusers','764',1729766376,'1',1729795176),(950,'accesslib/dirtyusers','765',1729766376,'1',1729795176),(951,'accesslib/dirtyusers','768',1729766376,'1',1729795176),(952,'accesslib/dirtyusers','769',1729766376,'1',1729795176),(953,'accesslib/dirtyusers','770',1729766376,'1',1729795176),(954,'accesslib/dirtyusers','771',1729766376,'1',1729795176),(955,'accesslib/dirtyusers','772',1729766376,'1',1729795176),(956,'accesslib/dirtyusers','773',1729766376,'1',1729795176),(957,'accesslib/dirtyusers','774',1729766376,'1',1729795176),(958,'accesslib/dirtycontexts','/1/3/17/40',1729766375,'1',1729795175),(959,'accesslib/dirtycontexts','/1/948/949/952/957',1729841792,'1',1729870592),(960,'accesslib/dirtycontexts','/1/948/949/957',1729841817,'1',1729870617),(961,'accesslib/dirtycontexts','/1/948/949/957/952',1729841833,'1',1729870633),(962,'accesslib/dirtycontexts','/1/948/949/957/953',1729841845,'1',1729870645),(963,'accesslib/dirtycontexts','/1/948/949/957/954',1729841856,'1',1729870656),(964,'accesslib/dirtycontexts','/1/948/949/957/955',1729841875,'1',1729870675),(965,'accesslib/dirtyusers','134',1729844614,'1',1729873414),(966,'accesslib/dirtycontexts','/1/948/949/957/971',1730080128,'1',1730108928),(967,'userpreferenceschanged','586',1730253986,'1',1730282786),(968,'userpreferenceschanged','776',1733552019,'1',1733580819),(969,'userpreferenceschanged','777',1731566618,'1',1731595418),(970,'accesslib/dirtyusers','776',1731636050,'1',1731664850),(971,'accesslib/dirtyusers','775',1732846339,'1',1732875139),(972,'accesslib/dirtyusers','778',1732788804,'1',1732817604),(973,'accesslib/dirtyusers','779',1732788804,'1',1732817604),(974,'accesslib/dirtyusers','780',1732846335,'1',1732875135),(975,'userpreferenceschanged','282',1732609558,'1',1732638358),(976,'accesslib/dirtycontexts','/1/3/17/52',1732771343,'1',1732800143);

--
-- Table structure for table `mdl_capabilities`
--

CREATE TABLE `mdl_capabilities` (
  `id` bigint NOT NULL AUTO_INCREMENT,
  `name` varchar(255) CHARACTER SET utf8mb4 COLLATE utf8mb4_unicode_ci NOT NULL DEFAULT '',
  `captype` varchar(50) CHARACTER SET utf8mb4 COLLATE utf8mb4_unicode_ci NOT NULL DEFAULT '',
  `contextlevel` bigint NOT NULL DEFAULT '0',
  `component` varchar(100) CHARACTER SET utf8mb4 COLLATE utf8mb4_unicode_ci NOT NULL DEFAULT '',
  `riskbitmask` bigint NOT NULL DEFAULT '0',
  PRIMARY KEY (`id`),
  UNIQUE KEY `mdl_capa_nam_uix` (`name`)
) ENGINE=InnoDB AUTO_INCREMENT=764 DEFAULT CHARSET=utf8mb4 COLLATE=utf8mb4_unicode_ci ROW_FORMAT=COMPRESSED COMMENT='this defines all capabilities';

--
-- Dumping data for table `mdl_capabilities`
--

INSERT INTO `mdl_capabilities` VALUES (1,'moodle/site:config','write',10,'moodle',62),(2,'moodle/site:configview','read',10,'moodle',0),(3,'moodle/site:readallmessages','read',10,'moodle',8),(4,'moodle/site:manageallmessaging','write',10,'moodle',8),(5,'moodle/site:deleteanymessage','write',10,'moodle',32),(6,'moodle/site:sendmessage','write',10,'moodle',16),(7,'moodle/site:senderrormessage','write',10,'moodle',16),(8,'moodle/site:deleteownmessage','write',10,'moodle',0),(9,'moodle/site:approvecourse','write',40,'moodle',4),(10,'moodle/backup:backupcourse','write',50,'moodle',28),(11,'moodle/backup:backupsection','write',50,'moodle',28),(12,'moodle/backup:backupactivity','write',70,'moodle',28),(13,'moodle/backup:backuptargetimport','read',50,'moodle',28),(14,'moodle/backup:downloadfile','write',50,'moodle',28),(15,'moodle/backup:configure','write',50,'moodle',28),(16,'moodle/backup:userinfo','read',50,'moodle',8),(17,'moodle/backup:anonymise','read',50,'moodle',8),(18,'moodle/restore:restorecourse','write',50,'moodle',28),(19,'moodle/restore:restoresection','write',50,'moodle',28),(20,'moodle/restore:restoreactivity','write',50,'moodle',28),(21,'moodle/restore:viewautomatedfilearea','write',50,'moodle',28),(22,'moodle/restore:restoretargetimport','write',50,'moodle',28),(23,'moodle/restore:uploadfile','write',50,'moodle',28),(24,'moodle/restore:configure','write',50,'moodle',28),(25,'moodle/restore:rolldates','write',50,'moodle',0),(26,'moodle/restore:userinfo','write',50,'moodle',30),(27,'moodle/restore:createuser','write',10,'moodle',24),(28,'moodle/site:manageblocks','write',80,'moodle',20),(29,'moodle/site:accessallgroups','read',70,'moodle',0),(30,'moodle/site:viewanonymousevents','read',70,'moodle',8),(31,'moodle/site:viewfullnames','read',70,'moodle',0),(32,'moodle/site:viewuseridentity','read',70,'moodle',0),(33,'moodle/site:viewreports','read',50,'moodle',8),(34,'moodle/site:trustcontent','write',70,'moodle',4),(35,'moodle/site:uploadusers','write',10,'moodle',24),(36,'moodle/filter:manage','write',50,'moodle',0),(37,'moodle/user:create','write',10,'moodle',24),(38,'moodle/user:delete','write',10,'moodle',40),(39,'moodle/user:update','write',10,'moodle',24),(40,'moodle/user:viewdetails','read',50,'moodle',0),(41,'moodle/user:viewprofilepictures','read',10,'moodle',0),(42,'moodle/user:viewalldetails','read',30,'moodle',8),(43,'moodle/user:viewlastip','read',30,'moodle',8),(44,'moodle/user:viewhiddendetails','read',50,'moodle',8),(45,'moodle/user:loginas','write',50,'moodle',30),(46,'moodle/user:managesyspages','write',10,'moodle',0),(47,'moodle/user:manageblocks','write',30,'moodle',0),(48,'moodle/user:manageownblocks','write',10,'moodle',0),(49,'moodle/user:manageownfiles','write',10,'moodle',0),(50,'moodle/user:ignoreuserquota','write',10,'moodle',0),(51,'moodle/my:configsyspages','write',10,'moodle',0),(52,'moodle/role:assign','write',50,'moodle',28),(53,'moodle/role:review','read',50,'moodle',8),(54,'moodle/role:override','write',50,'moodle',28),(55,'moodle/role:safeoverride','write',50,'moodle',16),(56,'moodle/role:manage','write',10,'moodle',28),(57,'moodle/role:switchroles','read',50,'moodle',12),(58,'moodle/category:manage','write',40,'moodle',4),(59,'moodle/category:viewcourselist','read',40,'moodle',0),(60,'moodle/category:viewhiddencategories','read',40,'moodle',0),(61,'moodle/cohort:manage','write',40,'moodle',0),(62,'moodle/cohort:assign','write',40,'moodle',0),(63,'moodle/cohort:view','read',50,'moodle',0),(64,'moodle/cohort:configurecustomfields','write',10,'moodle',16),(65,'moodle/group:configurecustomfields','write',10,'moodle',16),(66,'moodle/course:create','write',40,'moodle',4),(67,'moodle/course:creategroupconversations','write',50,'moodle',4),(68,'moodle/course:request','write',40,'moodle',0),(69,'moodle/course:delete','write',50,'moodle',32),(70,'moodle/course:update','write',50,'moodle',4),(71,'moodle/course:view','read',50,'moodle',0),(72,'moodle/course:enrolreview','read',50,'moodle',8),(73,'moodle/course:enrolconfig','write',50,'moodle',8),(74,'moodle/course:reviewotherusers','read',50,'moodle',0),(75,'moodle/course:bulkmessaging','write',50,'moodle',16),(76,'moodle/course:viewhiddenuserfields','read',50,'moodle',8),(77,'moodle/course:viewhiddencourses','read',50,'moodle',0),(78,'moodle/course:visibility','write',50,'moodle',0),(79,'moodle/course:managefiles','write',50,'moodle',4),(80,'moodle/course:ignoreavailabilityrestrictions','read',70,'moodle',0),(81,'moodle/course:ignorefilesizelimits','write',50,'moodle',0),(82,'moodle/course:manageactivities','write',70,'moodle',4),(83,'moodle/course:activityvisibility','write',70,'moodle',0),(84,'moodle/course:viewhiddenactivities','read',70,'moodle',0),(85,'moodle/course:viewparticipants','read',50,'moodle',0),(86,'moodle/course:changefullname','write',50,'moodle',4),(87,'moodle/course:changeshortname','write',50,'moodle',4),(88,'moodle/course:changelockedcustomfields','write',50,'moodle',16),(89,'moodle/course:configurecustomfields','write',10,'moodle',16),(90,'moodle/course:renameroles','write',50,'moodle',0),(91,'moodle/course:changeidnumber','write',50,'moodle',4),(92,'moodle/course:changecategory','write',50,'moodle',4),(93,'moodle/course:changesummary','write',50,'moodle',4),(94,'moodle/course:setforcedlanguage','write',50,'moodle',0),(95,'moodle/site:viewparticipants','read',10,'moodle',0),(96,'moodle/course:isincompletionreports','read',50,'moodle',0),(97,'moodle/course:viewscales','read',50,'moodle',0),(98,'moodle/course:managescales','write',50,'moodle',0),(99,'moodle/course:managegroups','write',50,'moodle',4),(100,'moodle/course:viewhiddengroups','READ',50,'moodle',8),(101,'moodle/course:reset','write',50,'moodle',32),(102,'moodle/course:viewsuspendedusers','read',50,'moodle',0),(103,'moodle/course:tag','write',50,'moodle',16),(104,'moodle/blog:view','read',10,'moodle',0),(105,'moodle/blog:search','read',10,'moodle',0),(106,'moodle/blog:viewdrafts','read',10,'moodle',8),(107,'moodle/blog:create','write',10,'moodle',16),(108,'moodle/blog:manageentries','write',10,'moodle',16),(109,'moodle/blog:manageexternal','write',10,'moodle',16),(110,'moodle/calendar:manageownentries','write',50,'moodle',16),(111,'moodle/calendar:managegroupentries','write',50,'moodle',16),(112,'moodle/calendar:manageentries','write',50,'moodle',16),(113,'moodle/user:editprofile','write',30,'moodle',24),(114,'moodle/user:editownprofile','write',10,'moodle',16),(115,'moodle/user:changeownpassword','write',10,'moodle',0),(116,'moodle/user:readuserposts','read',30,'moodle',0),(117,'moodle/user:readuserblogs','read',30,'moodle',0),(118,'moodle/user:viewuseractivitiesreport','read',30,'moodle',8),(119,'moodle/user:editmessageprofile','write',30,'moodle',16),(120,'moodle/user:editownmessageprofile','write',10,'moodle',0),(121,'moodle/question:managecategory','write',50,'moodle',20),(122,'moodle/question:add','write',50,'moodle',20),(123,'moodle/question:editmine','write',50,'moodle',20),(124,'moodle/question:editall','write',50,'moodle',20),(125,'moodle/question:viewmine','read',50,'moodle',0),(126,'moodle/question:viewall','read',50,'moodle',0),(127,'moodle/question:usemine','read',50,'moodle',0),(128,'moodle/question:useall','read',50,'moodle',0),(129,'moodle/question:movemine','write',50,'moodle',0),(130,'moodle/question:moveall','write',50,'moodle',0),(131,'moodle/question:config','write',10,'moodle',2),(132,'moodle/question:flag','write',50,'moodle',0),(133,'moodle/question:tagmine','write',50,'moodle',0),(134,'moodle/question:tagall','write',50,'moodle',0),(135,'moodle/site:doclinks','read',10,'moodle',0),(136,'moodle/course:sectionvisibility','write',50,'moodle',0),(137,'moodle/course:useremail','write',50,'moodle',0),(138,'moodle/course:viewhiddensections','read',50,'moodle',0),(139,'moodle/course:setcurrentsection','write',50,'moodle',0),(140,'moodle/course:movesections','write',50,'moodle',0),(141,'moodle/site:mnetlogintoremote','read',10,'moodle',0),(142,'moodle/grade:viewall','read',50,'moodle',8),(143,'moodle/grade:view','read',50,'moodle',0),(144,'moodle/grade:viewhidden','read',50,'moodle',8),(145,'moodle/grade:import','write',50,'moodle',12),(146,'moodle/grade:export','read',50,'moodle',8),(147,'moodle/grade:manage','write',50,'moodle',12),(148,'moodle/grade:edit','write',50,'moodle',12),(149,'moodle/grade:managegradingforms','write',50,'moodle',12),(150,'moodle/grade:sharegradingforms','write',10,'moodle',4),(151,'moodle/grade:managesharedforms','write',10,'moodle',4),(152,'moodle/grade:manageoutcomes','write',50,'moodle',0),(153,'moodle/grade:manageletters','write',50,'moodle',0),(154,'moodle/grade:hide','write',50,'moodle',0),(155,'moodle/grade:lock','write',50,'moodle',0),(156,'moodle/grade:unlock','write',50,'moodle',0),(157,'moodle/my:manageblocks','write',10,'moodle',0),(158,'moodle/notes:view','read',50,'moodle',0),(159,'moodle/notes:manage','write',50,'moodle',16),(160,'moodle/tag:manage','write',10,'moodle',16),(161,'moodle/tag:edit','write',10,'moodle',16),(162,'moodle/tag:flag','write',10,'moodle',16),(163,'moodle/tag:editblocks','write',10,'moodle',0),(164,'moodle/block:view','read',80,'moodle',0),(165,'moodle/block:edit','write',80,'moodle',20),(166,'moodle/portfolio:export','read',10,'moodle',0),(167,'moodle/comment:view','read',50,'moodle',0),(168,'moodle/comment:post','write',50,'moodle',24),(169,'moodle/comment:delete','write',50,'moodle',32),(170,'moodle/webservice:createtoken','write',10,'moodle',62),(171,'moodle/webservice:managealltokens','write',10,'moodle',42),(172,'moodle/webservice:createmobiletoken','write',10,'moodle',24),(173,'moodle/rating:view','read',50,'moodle',0),(174,'moodle/rating:viewany','read',50,'moodle',8),(175,'moodle/rating:viewall','read',50,'moodle',8),(176,'moodle/rating:rate','write',50,'moodle',0),(177,'moodle/course:markcomplete','write',50,'moodle',0),(178,'moodle/course:overridecompletion','write',50,'moodle',0),(179,'moodle/badges:manageglobalsettings','write',10,'moodle',34),(180,'moodle/badges:viewbadges','read',50,'moodle',0),(181,'moodle/badges:manageownbadges','write',30,'moodle',0),(182,'moodle/badges:viewotherbadges','read',30,'moodle',0),(183,'moodle/badges:earnbadge','write',50,'moodle',0),(184,'moodle/badges:createbadge','write',50,'moodle',16),(185,'moodle/badges:deletebadge','write',50,'moodle',32),(186,'moodle/badges:configuredetails','write',50,'moodle',16),(187,'moodle/badges:configurecriteria','write',50,'moodle',4),(188,'moodle/badges:configuremessages','write',50,'moodle',16),(189,'moodle/badges:awardbadge','write',50,'moodle',16),(190,'moodle/badges:revokebadge','write',50,'moodle',16),(191,'moodle/badges:viewawarded','read',50,'moodle',8),(192,'moodle/site:forcelanguage','read',10,'moodle',0),(193,'moodle/search:query','read',10,'moodle',0),(194,'moodle/competency:competencymanage','write',40,'moodle',0),(195,'moodle/competency:competencyview','read',40,'moodle',0),(196,'moodle/competency:competencygrade','write',50,'moodle',0),(197,'moodle/competency:coursecompetencymanage','write',50,'moodle',0),(198,'moodle/competency:coursecompetencyconfigure','write',70,'moodle',0),(199,'moodle/competency:coursecompetencygradable','read',50,'moodle',0),(200,'moodle/competency:coursecompetencyview','read',50,'moodle',0),(201,'moodle/competency:evidencedelete','write',30,'moodle',0),(202,'moodle/competency:planmanage','write',30,'moodle',0),(203,'moodle/competency:planmanagedraft','write',30,'moodle',0),(204,'moodle/competency:planmanageown','write',30,'moodle',0),(205,'moodle/competency:planmanageowndraft','write',30,'moodle',0),(206,'moodle/competency:planview','read',30,'moodle',0),(207,'moodle/competency:planviewdraft','read',30,'moodle',0),(208,'moodle/competency:planviewown','read',30,'moodle',0),(209,'moodle/competency:planviewowndraft','read',30,'moodle',0),(210,'moodle/competency:planrequestreview','write',30,'moodle',0),(211,'moodle/competency:planrequestreviewown','write',30,'moodle',0),(212,'moodle/competency:planreview','write',30,'moodle',0),(213,'moodle/competency:plancomment','write',30,'moodle',0),(214,'moodle/competency:plancommentown','write',30,'moodle',0),(215,'moodle/competency:usercompetencyview','read',30,'moodle',0),(216,'moodle/competency:usercompetencyrequestreview','write',30,'moodle',0),(217,'moodle/competency:usercompetencyrequestreviewown','write',30,'moodle',0),(218,'moodle/competency:usercompetencyreview','write',30,'moodle',0),(219,'moodle/competency:usercompetencycomment','write',30,'moodle',0),(220,'moodle/competency:usercompetencycommentown','write',30,'moodle',0),(221,'moodle/competency:templatemanage','write',40,'moodle',0),(222,'moodle/analytics:listinsights','read',50,'moodle',8),(223,'moodle/analytics:managemodels','write',10,'moodle',2),(224,'moodle/competency:templateview','read',40,'moodle',0),(225,'moodle/competency:userevidencemanage','write',30,'moodle',0),(226,'moodle/competency:userevidencemanageown','write',30,'moodle',0),(227,'moodle/competency:userevidenceview','read',30,'moodle',0),(228,'moodle/site:maintenanceaccess','write',10,'moodle',0),(229,'moodle/site:messageanyuser','write',10,'moodle',16),(230,'moodle/site:managecontextlocks','write',70,'moodle',0),(231,'moodle/course:togglecompletion','write',70,'moodle',0),(232,'moodle/analytics:listowninsights','read',10,'moodle',0),(233,'moodle/h5p:setdisplayoptions','write',70,'moodle',0),(234,'moodle/h5p:deploy','write',70,'moodle',4),(235,'moodle/h5p:updatelibraries','write',70,'moodle',4),(236,'moodle/course:recommendactivity','write',10,'moodle',0),(237,'moodle/contentbank:access','read',50,'moodle',0),(238,'moodle/contentbank:upload','write',50,'moodle',16),(239,'moodle/contentbank:deleteanycontent','write',50,'moodle',32),(240,'moodle/contentbank:deleteowncontent','write',50,'moodle',0),(241,'moodle/contentbank:manageanycontent','write',50,'moodle',32),(242,'moodle/contentbank:manageowncontent','write',50,'moodle',0),(243,'moodle/contentbank:useeditor','write',50,'moodle',16),(244,'moodle/contentbank:downloadcontent','read',50,'moodle',0),(245,'moodle/contentbank:copyanycontent','write',50,'moodle',16),(246,'moodle/contentbank:copycontent','write',50,'moodle',16),(247,'moodle/contentbank:configurecustomfields','write',50,'moodle',16),(248,'moodle/contentbank:changelockedcustomfields','write',50,'moodle',16),(249,'moodle/course:downloadcoursecontent','read',50,'moodle',0),(250,'moodle/course:configuredownloadcontent','write',50,'moodle',0),(251,'moodle/payment:manageaccounts','write',50,'moodle',42),(252,'moodle/payment:viewpayments','read',50,'moodle',8),(253,'moodle/contentbank:viewunlistedcontent','read',50,'moodle',0),(254,'moodle/reportbuilder:view','read',10,'moodle',0),(255,'moodle/reportbuilder:viewall','read',10,'moodle',0),(256,'moodle/reportbuilder:edit','write',10,'moodle',0),(257,'moodle/reportbuilder:editall','write',10,'moodle',0),(258,'moodle/reportbuilder:scheduleviewas','read',10,'moodle',0),(259,'moodle/moodlenet:shareactivity','read',50,'moodle',0),(260,'moodle/course:configurecoursecommunication','write',50,'moodle',0),(261,'moodle/moodlenet:sharecourse','read',50,'moodle',0),(262,'moodle/course:editcoursewelcomemessage','write',50,'moodle',0),(263,'moodle/ai:fetchanyuserpolicystatus','write',10,'moodle',0),(264,'moodle/ai:acceptpolicy','write',10,'moodle',0),(265,'moodle/ai:fetchpolicy','read',10,'moodle',0),(266,'aiplacement/courseassist:summarise_text','write',50,'aiplacement_courseassist',0),(267,'aiplacement/editor:generate_image','write',50,'aiplacement_editor',0),(268,'aiplacement/editor:generate_text','write',50,'aiplacement_editor',0),(269,'mod/assign:view','read',70,'mod_assign',0),(270,'mod/assign:submit','write',70,'mod_assign',0),(271,'mod/assign:grade','write',70,'mod_assign',4),(272,'mod/assign:exportownsubmission','read',70,'mod_assign',0),(273,'mod/assign:addinstance','write',50,'mod_assign',4),(274,'mod/assign:editothersubmission','write',70,'mod_assign',41),(275,'mod/assign:grantextension','write',70,'mod_assign',0),(276,'mod/assign:revealidentities','write',70,'mod_assign',0),(277,'mod/assign:reviewgrades','write',70,'mod_assign',0),(278,'mod/assign:releasegrades','write',70,'mod_assign',0),(279,'mod/assign:managegrades','write',70,'mod_assign',0),(280,'mod/assign:manageallocations','write',70,'mod_assign',0),(281,'mod/assign:viewgrades','read',70,'mod_assign',0),(282,'mod/assign:viewblinddetails','write',70,'mod_assign',8),(283,'mod/assign:receivegradernotifications','read',70,'mod_assign',0),(284,'mod/assign:manageoverrides','write',70,'mod_assign',0),(285,'mod/assign:showhiddengrader','read',70,'mod_assign',0),(286,'mod/assign:viewownsubmissionsummary','read',70,'mod_assign',0),(287,'mod/bigbluebuttonbn:addinstance','write',50,'mod_bigbluebuttonbn',4),(288,'mod/bigbluebuttonbn:addinstancewithmeeting','write',70,'mod_bigbluebuttonbn',0),(289,'mod/bigbluebuttonbn:addinstancewithrecording','write',70,'mod_bigbluebuttonbn',0),(290,'mod/bigbluebuttonbn:join','read',70,'mod_bigbluebuttonbn',0),(291,'mod/bigbluebuttonbn:view','read',70,'mod_bigbluebuttonbn',0),(292,'mod/bigbluebuttonbn:managerecordings','write',70,'mod_bigbluebuttonbn',0),(293,'mod/bigbluebuttonbn:viewallrecordingformats','read',70,'mod_bigbluebuttonbn',0),(294,'mod/bigbluebuttonbn:publishrecordings','write',70,'mod_bigbluebuttonbn',0),(295,'mod/bigbluebuttonbn:unpublishrecordings','write',70,'mod_bigbluebuttonbn',0),(296,'mod/bigbluebuttonbn:protectrecordings','write',70,'mod_bigbluebuttonbn',0),(297,'mod/bigbluebuttonbn:unprotectrecordings','write',70,'mod_bigbluebuttonbn',0),(298,'mod/bigbluebuttonbn:deleterecordings','write',70,'mod_bigbluebuttonbn',0),(299,'mod/bigbluebuttonbn:importrecordings','write',70,'mod_bigbluebuttonbn',0),(300,'mod/bigbluebuttonbn:seepresentation','read',70,'mod_bigbluebuttonbn',0),(301,'mod/book:addinstance','write',50,'mod_book',4),(302,'mod/book:read','read',70,'mod_book',0),(303,'mod/book:viewhiddenchapters','read',70,'mod_book',0),(304,'mod/book:edit','write',70,'mod_book',4),(305,'mod/chat:addinstance','write',50,'mod_chat',4),(306,'mod/chat:chat','write',70,'mod_chat',16),(307,'mod/chat:readlog','read',70,'mod_chat',0),(308,'mod/chat:deletelog','write',70,'mod_chat',0),(309,'mod/chat:exportparticipatedsession','read',70,'mod_chat',8),(310,'mod/chat:exportsession','read',70,'mod_chat',8),(311,'mod/chat:view','read',70,'mod_chat',0),(312,'mod/choice:addinstance','write',50,'mod_choice',4),(313,'mod/choice:choose','write',70,'mod_choice',0),(314,'mod/choice:readresponses','read',70,'mod_choice',0),(315,'mod/choice:deleteresponses','write',70,'mod_choice',0),(316,'mod/choice:downloadresponses','read',70,'mod_choice',0),(317,'mod/choice:view','read',70,'mod_choice',0),(318,'mod/data:addinstance','write',50,'mod_data',4),(319,'mod/data:viewentry','read',70,'mod_data',0),(320,'mod/data:writeentry','write',70,'mod_data',16),(321,'mod/data:comment','write',70,'mod_data',16),(322,'mod/data:rate','write',70,'mod_data',0),(323,'mod/data:viewrating','read',70,'mod_data',0),(324,'mod/data:viewanyrating','read',70,'mod_data',8),(325,'mod/data:viewallratings','read',70,'mod_data',8),(326,'mod/data:approve','write',70,'mod_data',16),(327,'mod/data:manageentries','write',70,'mod_data',16),(328,'mod/data:managecomments','write',70,'mod_data',16),(329,'mod/data:managetemplates','write',70,'mod_data',20),(330,'mod/data:viewalluserpresets','read',70,'mod_data',0),(331,'mod/data:manageuserpresets','write',70,'mod_data',20),(332,'mod/data:exportentry','read',70,'mod_data',8),(333,'mod/data:exportownentry','read',70,'mod_data',0),(334,'mod/data:exportallentries','read',70,'mod_data',8),(335,'mod/data:exportuserinfo','read',70,'mod_data',8),(336,'mod/data:view','read',70,'mod_data',0),(337,'mod/feedback:addinstance','write',50,'mod_feedback',4),(338,'mod/feedback:view','read',70,'mod_feedback',0),(339,'mod/feedback:complete','write',70,'mod_feedback',16),(340,'mod/feedback:viewanalysepage','read',70,'mod_feedback',8),(341,'mod/feedback:deletesubmissions','write',70,'mod_feedback',0),(342,'mod/feedback:mapcourse','write',70,'mod_feedback',0),(343,'mod/feedback:edititems','write',70,'mod_feedback',20),(344,'mod/feedback:createprivatetemplate','write',70,'mod_feedback',16),(345,'mod/feedback:createpublictemplate','write',70,'mod_feedback',16),(346,'mod/feedback:deletetemplate','write',70,'mod_feedback',0),(347,'mod/feedback:viewreports','read',70,'mod_feedback',8),(348,'mod/feedback:receivemail','read',70,'mod_feedback',8),(349,'mod/folder:addinstance','write',50,'mod_folder',4),(350,'mod/folder:view','read',70,'mod_folder',0),(351,'mod/folder:managefiles','write',70,'mod_folder',20),(352,'mod/forum:addinstance','write',50,'mod_forum',4),(353,'mod/forum:viewdiscussion','read',70,'mod_forum',0),(354,'mod/forum:viewhiddentimedposts','read',70,'mod_forum',0),(355,'mod/forum:startdiscussion','write',70,'mod_forum',16),(356,'mod/forum:replypost','write',70,'mod_forum',16),(357,'mod/forum:addnews','write',70,'mod_forum',16),(358,'mod/forum:replynews','write',70,'mod_forum',16),(359,'mod/forum:viewrating','read',70,'mod_forum',0),(360,'mod/forum:viewanyrating','read',70,'mod_forum',8),(361,'mod/forum:viewallratings','read',70,'mod_forum',8),(362,'mod/forum:rate','write',70,'mod_forum',0),(363,'mod/forum:postprivatereply','write',70,'mod_forum',0),(364,'mod/forum:readprivatereplies','read',70,'mod_forum',0),(365,'mod/forum:createattachment','write',70,'mod_forum',16),(366,'mod/forum:deleteownpost','write',70,'mod_forum',0),(367,'mod/forum:deleteanypost','write',70,'mod_forum',0),(368,'mod/forum:splitdiscussions','write',70,'mod_forum',0),(369,'mod/forum:movediscussions','write',70,'mod_forum',0),(370,'mod/forum:pindiscussions','write',70,'mod_forum',0),(371,'mod/forum:editanypost','write',70,'mod_forum',16),(372,'mod/forum:viewqandawithoutposting','read',70,'mod_forum',0),(373,'mod/forum:viewsubscribers','read',70,'mod_forum',0),(374,'mod/forum:managesubscriptions','write',70,'mod_forum',16),(375,'mod/forum:postwithoutthrottling','write',70,'mod_forum',16),(376,'mod/forum:exportdiscussion','read',70,'mod_forum',8),(377,'mod/forum:exportforum','read',70,'mod_forum',8),(378,'mod/forum:exportpost','read',70,'mod_forum',8),(379,'mod/forum:exportownpost','read',70,'mod_forum',8),(380,'mod/forum:addquestion','write',70,'mod_forum',16),(381,'mod/forum:allowforcesubscribe','read',70,'mod_forum',0),(382,'mod/forum:canposttomygroups','write',70,'mod_forum',0),(383,'mod/forum:canoverridediscussionlock','write',70,'mod_forum',0),(384,'mod/forum:canoverridecutoff','write',70,'mod_forum',0),(385,'mod/forum:cantogglefavourite','write',70,'mod_forum',0),(386,'mod/forum:grade','write',70,'mod_forum',0),(387,'mod/forum:canmailnow','write',70,'mod_forum',16),(388,'mod/glossary:addinstance','write',50,'mod_glossary',4),(389,'mod/glossary:view','read',70,'mod_glossary',0),(390,'mod/glossary:write','write',70,'mod_glossary',16),(391,'mod/glossary:manageentries','write',70,'mod_glossary',16),(392,'mod/glossary:managecategories','write',70,'mod_glossary',16),(393,'mod/glossary:comment','write',70,'mod_glossary',16),(394,'mod/glossary:managecomments','write',70,'mod_glossary',16),(395,'mod/glossary:import','write',70,'mod_glossary',16),(396,'mod/glossary:export','read',70,'mod_glossary',0),(397,'mod/glossary:approve','write',70,'mod_glossary',16),(398,'mod/glossary:rate','write',70,'mod_glossary',0),(399,'mod/glossary:viewrating','read',70,'mod_glossary',0),(400,'mod/glossary:viewanyrating','read',70,'mod_glossary',8),(401,'mod/glossary:viewallratings','read',70,'mod_glossary',8),(402,'mod/glossary:exportentry','read',70,'mod_glossary',8),(403,'mod/glossary:exportownentry','read',70,'mod_glossary',0),(404,'mod/h5pactivity:view','read',70,'mod_h5pactivity',0),(405,'mod/h5pactivity:addinstance','write',50,'mod_h5pactivity',0),(406,'mod/h5pactivity:submit','write',70,'mod_h5pactivity',0),(407,'mod/h5pactivity:reviewattempts','read',70,'mod_h5pactivity',0),(408,'mod/imscp:view','read',70,'mod_imscp',0),(409,'mod/imscp:addinstance','write',50,'mod_imscp',4),(410,'mod/label:addinstance','write',50,'mod_label',4),(411,'mod/label:view','read',70,'mod_label',0),(412,'mod/lesson:addinstance','write',50,'mod_lesson',4),(413,'mod/lesson:edit','write',70,'mod_lesson',4),(414,'mod/lesson:grade','write',70,'mod_lesson',20),(415,'mod/lesson:viewreports','read',70,'mod_lesson',8),(416,'mod/lesson:manage','write',70,'mod_lesson',0),(417,'mod/lesson:manageoverrides','write',70,'mod_lesson',0),(418,'mod/lesson:view','read',70,'mod_lesson',0),(419,'mod/lti:view','read',70,'mod_lti',0),(420,'mod/lti:addinstance','write',50,'mod_lti',4),(421,'mod/lti:manage','write',70,'mod_lti',8),(422,'mod/lti:admin','write',70,'mod_lti',8),(423,'mod/lti:addcoursetool','write',50,'mod_lti',0),(424,'mod/lti:addpreconfiguredinstance','write',50,'mod_lti',0),(425,'mod/lti:requesttooladd','write',50,'mod_lti',0),(426,'mod/page:view','read',70,'mod_page',0),(427,'mod/page:addinstance','write',50,'mod_page',4),(428,'mod/quiz:view','read',70,'mod_quiz',0),(429,'mod/quiz:addinstance','write',50,'mod_quiz',4),(430,'mod/quiz:attempt','write',70,'mod_quiz',16),(431,'mod/quiz:reviewmyattempts','read',70,'mod_quiz',0),(432,'mod/quiz:manage','write',70,'mod_quiz',16),(433,'mod/quiz:manageoverrides','write',70,'mod_quiz',0),(434,'mod/quiz:viewoverrides','read',70,'mod_quiz',0),(435,'mod/quiz:preview','write',70,'mod_quiz',0),(436,'mod/quiz:grade','write',70,'mod_quiz',20),(437,'mod/quiz:regrade','write',70,'mod_quiz',16),(438,'mod/quiz:viewreports','read',70,'mod_quiz',8),(439,'mod/quiz:deleteattempts','write',70,'mod_quiz',32),(440,'mod/quiz:reopenattempts','write',70,'mod_quiz',0),(441,'mod/quiz:ignoretimelimits','read',70,'mod_quiz',0),(442,'mod/quiz:emailconfirmsubmission','read',70,'mod_quiz',0),(443,'mod/quiz:emailnotifysubmission','read',70,'mod_quiz',0),(444,'mod/quiz:emailwarnoverdue','read',70,'mod_quiz',0),(445,'mod/quiz:emailnotifyattemptgraded','read',70,'mod_quiz',0),(446,'mod/resource:view','read',70,'mod_resource',0),(447,'mod/resource:addinstance','write',50,'mod_resource',4),(448,'mod/scorm:addinstance','write',50,'mod_scorm',4),(449,'mod/scorm:viewreport','read',70,'mod_scorm',0),(450,'mod/scorm:skipview','read',70,'mod_scorm',0),(451,'mod/scorm:savetrack','write',70,'mod_scorm',0),(452,'mod/scorm:viewscores','read',70,'mod_scorm',0),(453,'mod/scorm:deleteresponses','write',70,'mod_scorm',0),(454,'mod/scorm:deleteownresponses','write',70,'mod_scorm',0),(455,'mod/subsection:addinstance','write',50,'mod_subsection',4),(456,'mod/survey:addinstance','write',50,'mod_survey',4),(457,'mod/survey:participate','read',70,'mod_survey',0),(458,'mod/survey:readresponses','read',70,'mod_survey',0),(459,'mod/survey:download','read',70,'mod_survey',0),(460,'mod/url:view','read',70,'mod_url',0),(461,'mod/url:addinstance','write',50,'mod_url',4),(462,'mod/wiki:addinstance','write',50,'mod_wiki',4),(463,'mod/wiki:viewpage','read',70,'mod_wiki',0),(464,'mod/wiki:editpage','write',70,'mod_wiki',16),(465,'mod/wiki:createpage','write',70,'mod_wiki',16),(466,'mod/wiki:viewcomment','read',70,'mod_wiki',0),(467,'mod/wiki:editcomment','write',70,'mod_wiki',16),(468,'mod/wiki:managecomment','write',70,'mod_wiki',0),(469,'mod/wiki:managefiles','write',70,'mod_wiki',0),(470,'mod/wiki:overridelock','write',70,'mod_wiki',0),(471,'mod/wiki:managewiki','write',70,'mod_wiki',0),(472,'mod/workshop:view','read',70,'mod_workshop',0),(473,'mod/workshop:addinstance','write',50,'mod_workshop',4),(474,'mod/workshop:switchphase','write',70,'mod_workshop',0),(475,'mod/workshop:editdimensions','write',70,'mod_workshop',4),(476,'mod/workshop:submit','write',70,'mod_workshop',0),(477,'mod/workshop:peerassess','write',70,'mod_workshop',0),(478,'mod/workshop:manageexamples','write',70,'mod_workshop',0),(479,'mod/workshop:allocate','write',70,'mod_workshop',0),(480,'mod/workshop:publishsubmissions','write',70,'mod_workshop',0),(481,'mod/workshop:viewauthornames','read',70,'mod_workshop',0),(482,'mod/workshop:viewreviewernames','read',70,'mod_workshop',0),(483,'mod/workshop:viewallsubmissions','read',70,'mod_workshop',0),(484,'mod/workshop:viewpublishedsubmissions','read',70,'mod_workshop',0),(485,'mod/workshop:viewauthorpublished','read',70,'mod_workshop',0),(486,'mod/workshop:viewallassessments','read',70,'mod_workshop',0),(487,'mod/workshop:overridegrades','write',70,'mod_workshop',0),(488,'mod/workshop:ignoredeadlines','write',70,'mod_workshop',0),(489,'mod/workshop:deletesubmissions','write',70,'mod_workshop',0),(490,'mod/workshop:exportsubmissions','read',70,'mod_workshop',0),(491,'auth/oauth2:managelinkedlogins','write',30,'auth_oauth2',0),(492,'communication/matrix:moderator','read',50,'communication_matrix',0),(493,'enrol/category:synchronised','write',10,'enrol_category',0),(494,'enrol/category:config','write',50,'enrol_category',0),(495,'enrol/cohort:config','write',50,'enrol_cohort',0),(496,'enrol/cohort:unenrol','write',50,'enrol_cohort',0),(497,'enrol/database:unenrol','write',50,'enrol_database',0),(498,'enrol/database:config','write',50,'enrol_database',0),(499,'enrol/fee:config','write',50,'enrol_fee',0),(500,'enrol/fee:manage','write',50,'enrol_fee',0),(501,'enrol/fee:unenrol','write',50,'enrol_fee',0),(502,'enrol/fee:unenrolself','write',50,'enrol_fee',0),(503,'enrol/flatfile:manage','write',50,'enrol_flatfile',0),(504,'enrol/flatfile:unenrol','write',50,'enrol_flatfile',0),(505,'enrol/guest:config','write',50,'enrol_guest',0),(506,'enrol/imsenterprise:config','write',50,'enrol_imsenterprise',0),(507,'enrol/ldap:manage','write',50,'enrol_ldap',0),(508,'enrol/lti:config','write',50,'enrol_lti',0),(509,'enrol/lti:unenrol','write',50,'enrol_lti',0),(510,'enrol/manual:config','write',50,'enrol_manual',0),(511,'enrol/manual:enrol','write',50,'enrol_manual',0),(512,'enrol/manual:manage','write',50,'enrol_manual',0),(513,'enrol/manual:unenrol','write',50,'enrol_manual',0),(514,'enrol/manual:unenrolself','write',50,'enrol_manual',0),(515,'enrol/meta:config','write',50,'enrol_meta',0),(516,'enrol/meta:selectaslinked','read',50,'enrol_meta',0),(517,'enrol/meta:unenrol','write',50,'enrol_meta',0),(518,'enrol/mnet:config','write',50,'enrol_mnet',0),(519,'enrol/paypal:config','write',50,'enrol_paypal',0),(520,'enrol/paypal:manage','write',50,'enrol_paypal',0),(521,'enrol/paypal:unenrol','write',50,'enrol_paypal',0),(522,'enrol/paypal:unenrolself','write',50,'enrol_paypal',0),(523,'enrol/self:config','write',50,'enrol_self',0),(524,'enrol/self:manage','write',50,'enrol_self',0),(525,'enrol/self:holdkey','write',50,'enrol_self',0),(526,'enrol/self:unenrolself','write',50,'enrol_self',0),(527,'enrol/self:unenrol','write',50,'enrol_self',0),(528,'enrol/self:enrolself','write',50,'enrol_self',0),(529,'message/airnotifier:managedevice','write',10,'message_airnotifier',0),(530,'block/accessreview:addinstance','write',80,'block_accessreview',0),(531,'block/accessreview:view','read',80,'block_accessreview',0),(532,'block/activity_modules:addinstance','write',80,'block_activity_modules',20),(533,'block/activity_results:addinstance','write',80,'block_activity_results',20),(534,'block/admin_bookmarks:myaddinstance','write',10,'block_admin_bookmarks',0),(535,'block/admin_bookmarks:addinstance','write',80,'block_admin_bookmarks',20),(536,'block/badges:addinstance','read',80,'block_badges',0),(537,'block/badges:myaddinstance','read',10,'block_badges',8),(538,'block/blog_menu:addinstance','write',80,'block_blog_menu',20),(539,'block/blog_recent:addinstance','write',80,'block_blog_recent',20),(540,'block/blog_tags:addinstance','write',80,'block_blog_tags',20),(541,'block/calendar_month:myaddinstance','write',10,'block_calendar_month',0),(542,'block/calendar_month:addinstance','write',80,'block_calendar_month',20),(543,'block/calendar_upcoming:myaddinstance','write',10,'block_calendar_upcoming',0),(544,'block/calendar_upcoming:addinstance','write',80,'block_calendar_upcoming',20),(545,'block/comments:myaddinstance','write',10,'block_comments',0),(546,'block/comments:addinstance','write',80,'block_comments',20),(547,'block/completionstatus:addinstance','write',80,'block_completionstatus',20),(548,'block/course_list:myaddinstance','write',10,'block_course_list',0),(549,'block/course_list:addinstance','write',80,'block_course_list',20),(550,'block/course_summary:addinstance','write',80,'block_course_summary',20),(551,'block/feedback:addinstance','write',80,'block_feedback',20),(552,'block/globalsearch:myaddinstance','write',10,'block_globalsearch',0),(553,'block/globalsearch:addinstance','write',80,'block_globalsearch',0),(554,'block/glossary_random:myaddinstance','write',10,'block_glossary_random',0),(555,'block/glossary_random:addinstance','write',80,'block_glossary_random',20),(556,'block/html:myaddinstance','write',10,'block_html',0),(557,'block/html:addinstance','write',80,'block_html',20),(558,'block/login:addinstance','write',80,'block_login',20),(559,'block/lp:addinstance','write',10,'block_lp',0),(560,'block/lp:myaddinstance','write',10,'block_lp',0),(561,'block/mentees:myaddinstance','write',10,'block_mentees',0),(562,'block/mentees:addinstance','write',80,'block_mentees',20),(563,'block/mnet_hosts:myaddinstance','write',10,'block_mnet_hosts',0),(564,'block/mnet_hosts:addinstance','write',80,'block_mnet_hosts',20),(565,'block/myoverview:myaddinstance','write',10,'block_myoverview',0),(566,'block/myprofile:myaddinstance','write',10,'block_myprofile',0),(567,'block/myprofile:addinstance','write',80,'block_myprofile',20),(568,'block/navigation:myaddinstance','write',10,'block_navigation',0),(569,'block/navigation:addinstance','write',80,'block_navigation',20),(570,'block/news_items:myaddinstance','write',10,'block_news_items',0),(571,'block/news_items:addinstance','write',80,'block_news_items',20),(572,'block/online_users:myaddinstance','write',10,'block_online_users',0),(573,'block/online_users:addinstance','write',80,'block_online_users',20),(574,'block/online_users:viewlist','read',80,'block_online_users',0),(575,'block/private_files:myaddinstance','write',10,'block_private_files',0),(576,'block/private_files:addinstance','write',80,'block_private_files',20),(577,'block/recent_activity:addinstance','write',80,'block_recent_activity',20),(578,'block/recent_activity:viewaddupdatemodule','read',50,'block_recent_activity',0),(579,'block/recent_activity:viewdeletemodule','read',50,'block_recent_activity',0),(580,'block/recentlyaccessedcourses:myaddinstance','write',10,'block_recentlyaccessedcourses',0),(581,'block/recentlyaccesseditems:myaddinstance','write',10,'block_recentlyaccesseditems',0),(582,'block/rss_client:myaddinstance','write',10,'block_rss_client',0),(583,'block/rss_client:addinstance','write',80,'block_rss_client',20),(584,'block/rss_client:manageownfeeds','write',80,'block_rss_client',0),(585,'block/rss_client:manageanyfeeds','write',80,'block_rss_client',16),(586,'block/search_forums:addinstance','write',80,'block_search_forums',20),(587,'block/section_links:addinstance','write',80,'block_section_links',20),(588,'block/selfcompletion:addinstance','write',80,'block_selfcompletion',20),(589,'block/settings:myaddinstance','write',10,'block_settings',0),(590,'block/settings:addinstance','write',80,'block_settings',20),(591,'block/site_main_menu:addinstance','write',80,'block_site_main_menu',20),(592,'block/social_activities:addinstance','write',80,'block_social_activities',20),(593,'block/starredcourses:myaddinstance','write',10,'block_starredcourses',0),(594,'block/tag_flickr:addinstance','write',80,'block_tag_flickr',20),(595,'block/tag_youtube:addinstance','write',80,'block_tag_youtube',20),(596,'block/tags:myaddinstance','write',10,'block_tags',0),(597,'block/tags:addinstance','write',80,'block_tags',20),(598,'block/timeline:myaddinstance','write',10,'block_timeline',0),(599,'report/completion:view','read',50,'report_completion',8),(600,'report/courseoverview:view','read',10,'report_courseoverview',8),(601,'report/log:view','read',50,'report_log',8),(602,'report/log:viewtoday','read',50,'report_log',8),(603,'report/loglive:view','read',50,'report_loglive',8),(604,'report/outline:view','read',50,'report_outline',8),(605,'report/outline:viewuserreport','read',50,'report_outline',8),(606,'report/participation:view','read',50,'report_participation',8),(607,'report/performance:view','read',10,'report_performance',2),(608,'report/progress:view','read',50,'report_progress',8),(609,'report/questioninstances:view','read',10,'report_questioninstances',0),(610,'report/security:view','read',10,'report_security',2),(611,'report/stats:view','read',50,'report_stats',8),(612,'report/status:view','read',10,'report_status',2),(613,'report/usersessions:manageownsessions','write',30,'report_usersessions',0),(614,'gradeexport/ods:view','read',50,'gradeexport_ods',8),(615,'gradeexport/ods:publish','read',50,'gradeexport_ods',8),(616,'gradeexport/txt:view','read',50,'gradeexport_txt',8),(617,'gradeexport/txt:publish','read',50,'gradeexport_txt',8),(618,'gradeexport/xls:view','read',50,'gradeexport_xls',8),(619,'gradeexport/xls:publish','read',50,'gradeexport_xls',8),(620,'gradeexport/xml:view','read',50,'gradeexport_xml',8),(621,'gradeexport/xml:publish','read',50,'gradeexport_xml',8),(622,'gradeimport/csv:view','write',50,'gradeimport_csv',0),(623,'gradeimport/direct:view','write',50,'gradeimport_direct',0),(624,'gradeimport/xml:view','write',50,'gradeimport_xml',0),(625,'gradeimport/xml:publish','write',50,'gradeimport_xml',0),(626,'gradereport/grader:view','read',50,'gradereport_grader',8),(627,'gradereport/history:view','read',50,'gradereport_history',8),(628,'gradereport/outcomes:view','read',50,'gradereport_outcomes',8),(629,'gradereport/overview:view','read',50,'gradereport_overview',8),(630,'gradereport/singleview:view','read',50,'gradereport_singleview',8),(631,'gradereport/summary:view','read',50,'gradereport_summary',8),(632,'gradereport/user:view','read',50,'gradereport_user',8),(633,'webservice/rest:use','read',50,'webservice_rest',0),(634,'webservice/soap:use','read',50,'webservice_soap',0),(635,'repository/areafiles:view','read',70,'repository_areafiles',0),(636,'repository/contentbank:view','read',70,'repository_contentbank',0),(637,'repository/contentbank:accesscoursecontent','read',50,'repository_contentbank',0),(638,'repository/contentbank:accesscoursecategorycontent','read',40,'repository_contentbank',0),(639,'repository/contentbank:accessgeneralcontent','read',40,'repository_contentbank',0),(640,'repository/coursefiles:view','read',70,'repository_coursefiles',0),(641,'repository/dropbox:view','read',70,'repository_dropbox',0),(642,'repository/equella:view','read',70,'repository_equella',0),(643,'repository/filesystem:view','read',70,'repository_filesystem',0),(644,'repository/flickr:view','read',70,'repository_flickr',0),(645,'repository/flickr_public:view','read',70,'repository_flickr_public',0),(646,'repository/googledocs:view','read',70,'repository_googledocs',0),(647,'repository/local:view','read',70,'repository_local',0),(648,'repository/merlot:view','read',70,'repository_merlot',0),(649,'repository/nextcloud:view','read',70,'repository_nextcloud',0),(650,'repository/onedrive:view','read',70,'repository_onedrive',0),(651,'repository/recent:view','read',70,'repository_recent',0),(652,'repository/s3:view','read',70,'repository_s3',0),(653,'repository/upload:view','read',70,'repository_upload',0),(654,'repository/url:view','read',70,'repository_url',0),(655,'repository/user:view','read',70,'repository_user',0),(656,'repository/webdav:view','read',70,'repository_webdav',0),(657,'repository/wikimedia:view','read',70,'repository_wikimedia',0),(658,'repository/youtube:view','read',70,'repository_youtube',0),(659,'moodle/question:commentmine','write',50,'qbank_comment',0),(660,'moodle/question:commentall','write',50,'qbank_comment',0),(661,'qbank/customfields:changelockedcustomfields','write',50,'qbank_customfields',16),(662,'qbank/customfields:configurecustomfields','write',10,'qbank_customfields',16),(663,'qbank/customfields:viewhiddencustomfields','read',50,'qbank_customfields',0),(664,'tool/brickfield:viewcoursetools','read',50,'tool_brickfield',8),(665,'tool/brickfield:viewsystemtools','read',10,'tool_brickfield',2),(666,'tool/customlang:view','read',10,'tool_customlang',2),(667,'tool/customlang:edit','write',10,'tool_customlang',6),(668,'tool/customlang:export','read',10,'tool_customlang',2),(669,'tool/dataprivacy:managedatarequests','write',10,'tool_dataprivacy',60),(670,'tool/dataprivacy:requestdeleteforotheruser','write',10,'tool_dataprivacy',60),(671,'tool/dataprivacy:managedataregistry','write',10,'tool_dataprivacy',60),(672,'tool/dataprivacy:makedatarequestsforchildren','write',30,'tool_dataprivacy',24),(673,'tool/dataprivacy:makedatadeletionrequestsforchildren','write',30,'tool_dataprivacy',24),(674,'tool/dataprivacy:downloadownrequest','read',30,'tool_dataprivacy',0),(675,'tool/dataprivacy:downloadallrequests','read',30,'tool_dataprivacy',8),(676,'tool/dataprivacy:requestdelete','write',30,'tool_dataprivacy',32),(677,'tool/lpmigrate:frameworksmigrate','write',10,'tool_lpmigrate',0),(678,'tool/mfa:mfaaccess','write',30,'tool_mfa',0),(679,'tool/monitor:subscribe','read',50,'tool_monitor',8),(680,'tool/monitor:managerules','write',50,'tool_monitor',4),(681,'tool/monitor:managetool','write',10,'tool_monitor',4),(682,'tool/policy:accept','write',10,'tool_policy',0),(683,'tool/policy:acceptbehalf','write',30,'tool_policy',8),(684,'tool/policy:managedocs','write',10,'tool_policy',0),(685,'tool/policy:viewacceptances','read',10,'tool_policy',0),(686,'tool/recyclebin:deleteitems','write',50,'tool_recyclebin',32),(687,'tool/recyclebin:restoreitems','write',50,'tool_recyclebin',0),(688,'tool/recyclebin:viewitems','read',50,'tool_recyclebin',0),(689,'tool/uploadcourse:use','write',40,'tool_uploadcourse',16),(690,'tool/uploaduser:uploaduserpictures','write',10,'tool_uploaduser',16),(691,'tool/usertours:managetours','write',10,'tool_usertours',4),(692,'contenttype/h5p:access','read',50,'contenttype_h5p',0),(693,'contenttype/h5p:upload','write',50,'contenttype_h5p',16),(694,'contenttype/h5p:useeditor','write',50,'contenttype_h5p',16),(695,'booktool/exportimscp:export','read',70,'booktool_exportimscp',0),(696,'booktool/importhtml:import','write',70,'booktool_importhtml',4),(697,'booktool/print:print','read',70,'booktool_print',0),(698,'forumreport/summary:view','read',70,'forumreport_summary',0),(699,'forumreport/summary:viewall','read',70,'forumreport_summary',8),(700,'quiz/grading:viewstudentnames','read',70,'quiz_grading',0),(701,'quiz/grading:viewidnumber','read',70,'quiz_grading',0),(702,'quiz/statistics:view','read',70,'quiz_statistics',0),(703,'quizaccess/seb:managetemplates','write',10,'quizaccess_seb',0),(704,'quizaccess/seb:bypassseb','read',70,'quizaccess_seb',0),(705,'quizaccess/seb:manage_seb_requiresafeexambrowser','write',70,'quizaccess_seb',0),(706,'quizaccess/seb:manage_seb_configuremanually','read',70,'quizaccess_seb',0),(707,'quizaccess/seb:manage_seb_usesebclientconfig','read',70,'quizaccess_seb',0),(708,'quizaccess/seb:manage_seb_templateid','read',70,'quizaccess_seb',0),(709,'quizaccess/seb:manage_filemanager_sebconfigfile','write',70,'quizaccess_seb',0),(710,'quizaccess/seb:manage_seb_showsebdownloadlink','write',70,'quizaccess_seb',0),(711,'quizaccess/seb:manage_seb_allowedbrowserexamkeys','write',70,'quizaccess_seb',0),(712,'quizaccess/seb:manage_seb_linkquitseb','write',70,'quizaccess_seb',0),(713,'quizaccess/seb:manage_seb_userconfirmquit','write',70,'quizaccess_seb',0),(714,'quizaccess/seb:manage_seb_allowuserquitseb','write',70,'quizaccess_seb',0),(715,'quizaccess/seb:manage_seb_quitpassword','write',70,'quizaccess_seb',0),(716,'quizaccess/seb:manage_seb_allowreloadinexam','write',70,'quizaccess_seb',0),(717,'quizaccess/seb:manage_seb_showsebtaskbar','write',70,'quizaccess_seb',0),(718,'quizaccess/seb:manage_seb_showreloadbutton','write',70,'quizaccess_seb',0),(719,'quizaccess/seb:manage_seb_showtime','write',70,'quizaccess_seb',0),(720,'quizaccess/seb:manage_seb_showkeyboardlayout','write',70,'quizaccess_seb',0),(721,'quizaccess/seb:manage_seb_showwificontrol','write',70,'quizaccess_seb',0),(722,'quizaccess/seb:manage_seb_enableaudiocontrol','write',70,'quizaccess_seb',0),(723,'quizaccess/seb:manage_seb_muteonstartup','write',70,'quizaccess_seb',0),(724,'quizaccess/seb:manage_seb_allowspellchecking','write',70,'quizaccess_seb',0),(725,'quizaccess/seb:manage_seb_activateurlfiltering','write',70,'quizaccess_seb',0),(726,'quizaccess/seb:manage_seb_filterembeddedcontent','write',70,'quizaccess_seb',0),(727,'quizaccess/seb:manage_seb_expressionsallowed','write',70,'quizaccess_seb',0),(728,'quizaccess/seb:manage_seb_regexallowed','write',70,'quizaccess_seb',0),(729,'quizaccess/seb:manage_seb_expressionsblocked','write',70,'quizaccess_seb',0),(730,'quizaccess/seb:manage_seb_regexblocked','write',70,'quizaccess_seb',0),(731,'atto/h5p:addembed','write',70,'atto_h5p',0),(732,'atto/recordrtc:recordaudio','write',70,'atto_recordrtc',0),(733,'atto/recordrtc:recordvideo','write',70,'atto_recordrtc',0),(734,'tiny/h5p:addembed','write',70,'tiny_h5p',0),(735,'tiny/premium:accesspremium','read',30,'tiny_premium',0),(736,'tiny/recordrtc:recordaudio','write',70,'tiny_recordrtc',0),(737,'tiny/recordrtc:recordvideo','write',70,'tiny_recordrtc',0),(738,'tiny/recordrtc:recordscreen','write',70,'tiny_recordrtc',0),(739,'factor/capability:cannotpassfactor','read',10,'factor_capability',0),(740,'local/sitenotice:manage','write',10,'local_sitenotice',0),(741,'mod/videotime:view','read',70,'mod_videotime',0),(742,'mod/videotime:addinstance','write',50,'mod_videotime',4),(743,'mod/videotime:view_report','read',70,'mod_videotime',0),(744,'videotimeplugin/live:moderate','write',70,'videotimeplugin_live',0),(745,'videotimeplugin/live:sharevideo','write',70,'videotimeplugin_live',0),(746,'mod/hvp:view','read',70,'mod_hvp',0),(747,'mod/hvp:addinstance','write',50,'mod_hvp',20),(748,'mod/hvp:manage','write',70,'mod_hvp',20),(749,'mod/hvp:share','write',70,'mod_hvp',16),(750,'mod/hvp:getexport','read',70,'mod_hvp',0),(751,'mod/hvp:getembedcode','read',70,'mod_hvp',0),(752,'mod/hvp:saveresults','write',70,'mod_hvp',16),(753,'mod/hvp:savecontentuserdata','write',70,'mod_hvp',0),(754,'mod/hvp:viewresults','write',70,'mod_hvp',0),(755,'mod/hvp:viewallresults','read',70,'mod_hvp',0),(756,'mod/hvp:restrictlibraries','write',10,'mod_hvp',0),(757,'mod/hvp:userestrictedlibraries','write',50,'mod_hvp',0),(758,'mod/hvp:updatelibraries','write',10,'mod_hvp',0),(759,'mod/hvp:getcachedassets','read',10,'mod_hvp',0),(760,'mod/hvp:installrecommendedh5plibraries','write',50,'mod_hvp',0),(761,'mod/hvp:emailconfirmsubmission','read',70,'mod_hvp',0),(762,'mod/hvp:emailnotifysubmission','read',70,'mod_hvp',0),(763,'mod/hvp:contenthubregistration','write',10,'mod_hvp',0);

--
-- Table structure for table `mdl_chat`
--

CREATE TABLE `mdl_chat` (
  `id` bigint NOT NULL AUTO_INCREMENT,
  `course` bigint NOT NULL DEFAULT '0',
  `name` varchar(255) CHARACTER SET utf8mb4 COLLATE utf8mb4_unicode_ci NOT NULL DEFAULT '',
  `intro` longtext CHARACTER SET utf8mb4 COLLATE utf8mb4_unicode_ci NOT NULL,
  `introformat` smallint NOT NULL DEFAULT '0',
  `keepdays` bigint NOT NULL DEFAULT '0',
  `studentlogs` smallint NOT NULL DEFAULT '0',
  `chattime` bigint NOT NULL DEFAULT '0',
  `schedule` smallint NOT NULL DEFAULT '0',
  `timemodified` bigint NOT NULL DEFAULT '0',
  PRIMARY KEY (`id`),
  KEY `mdl_chat_cou_ix` (`course`)
) ENGINE=InnoDB DEFAULT CHARSET=utf8mb4 COLLATE=utf8mb4_unicode_ci ROW_FORMAT=COMPRESSED COMMENT='Each of these is a chat room';

--
-- Dumping data for table `mdl_chat`
--


--
-- Table structure for table `mdl_chat_messages`
--

CREATE TABLE `mdl_chat_messages` (
  `id` bigint NOT NULL AUTO_INCREMENT,
  `chatid` bigint NOT NULL DEFAULT '0',
  `userid` bigint NOT NULL DEFAULT '0',
  `groupid` bigint NOT NULL DEFAULT '0',
  `issystem` tinyint(1) NOT NULL DEFAULT '0',
  `message` longtext CHARACTER SET utf8mb4 COLLATE utf8mb4_unicode_ci NOT NULL,
  `timestamp` bigint NOT NULL DEFAULT '0',
  PRIMARY KEY (`id`),
  KEY `mdl_chatmess_use_ix` (`userid`),
  KEY `mdl_chatmess_gro_ix` (`groupid`),
  KEY `mdl_chatmess_timcha_ix` (`timestamp`,`chatid`),
  KEY `mdl_chatmess_cha_ix` (`chatid`)
) ENGINE=InnoDB DEFAULT CHARSET=utf8mb4 COLLATE=utf8mb4_unicode_ci ROW_FORMAT=COMPRESSED COMMENT='Stores all the actual chat messages';

--
-- Dumping data for table `mdl_chat_messages`
--


--
-- Table structure for table `mdl_chat_messages_current`
--

CREATE TABLE `mdl_chat_messages_current` (
  `id` bigint NOT NULL AUTO_INCREMENT,
  `chatid` bigint NOT NULL DEFAULT '0',
  `userid` bigint NOT NULL DEFAULT '0',
  `groupid` bigint NOT NULL DEFAULT '0',
  `issystem` tinyint(1) NOT NULL DEFAULT '0',
  `message` longtext CHARACTER SET utf8mb4 COLLATE utf8mb4_unicode_ci NOT NULL,
  `timestamp` bigint NOT NULL DEFAULT '0',
  PRIMARY KEY (`id`),
  KEY `mdl_chatmesscurr_use_ix` (`userid`),
  KEY `mdl_chatmesscurr_gro_ix` (`groupid`),
  KEY `mdl_chatmesscurr_timcha_ix` (`timestamp`,`chatid`),
  KEY `mdl_chatmesscurr_cha_ix` (`chatid`)
) ENGINE=InnoDB DEFAULT CHARSET=utf8mb4 COLLATE=utf8mb4_unicode_ci ROW_FORMAT=COMPRESSED COMMENT='Stores current session';

--
-- Dumping data for table `mdl_chat_messages_current`
--


--
-- Table structure for table `mdl_chat_users`
--

CREATE TABLE `mdl_chat_users` (
  `id` bigint NOT NULL AUTO_INCREMENT,
  `chatid` bigint NOT NULL DEFAULT '0',
  `userid` bigint NOT NULL DEFAULT '0',
  `groupid` bigint NOT NULL DEFAULT '0',
  `version` varchar(16) CHARACTER SET utf8mb4 COLLATE utf8mb4_unicode_ci NOT NULL DEFAULT '',
  `ip` varchar(45) CHARACTER SET utf8mb4 COLLATE utf8mb4_unicode_ci NOT NULL DEFAULT '',
  `firstping` bigint NOT NULL DEFAULT '0',
  `lastping` bigint NOT NULL DEFAULT '0',
  `lastmessageping` bigint NOT NULL DEFAULT '0',
  `sid` varchar(32) CHARACTER SET utf8mb4 COLLATE utf8mb4_unicode_ci NOT NULL DEFAULT '',
  `course` bigint NOT NULL DEFAULT '0',
  `lang` varchar(30) CHARACTER SET utf8mb4 COLLATE utf8mb4_unicode_ci NOT NULL DEFAULT '',
  PRIMARY KEY (`id`),
  KEY `mdl_chatuser_use_ix` (`userid`),
  KEY `mdl_chatuser_las_ix` (`lastping`),
  KEY `mdl_chatuser_gro_ix` (`groupid`),
  KEY `mdl_chatuser_cha_ix` (`chatid`),
  KEY `mdl_chatuser_cou_ix` (`course`)
) ENGINE=InnoDB DEFAULT CHARSET=utf8mb4 COLLATE=utf8mb4_unicode_ci ROW_FORMAT=COMPRESSED COMMENT='Keeps track of which users are in which chat rooms';

--
-- Dumping data for table `mdl_chat_users`
--


--
-- Table structure for table `mdl_choice`
--

CREATE TABLE `mdl_choice` (
  `id` bigint NOT NULL AUTO_INCREMENT,
  `course` bigint NOT NULL DEFAULT '0',
  `name` varchar(255) CHARACTER SET utf8mb4 COLLATE utf8mb4_unicode_ci NOT NULL DEFAULT '',
  `intro` longtext CHARACTER SET utf8mb4 COLLATE utf8mb4_unicode_ci NOT NULL,
  `introformat` smallint NOT NULL DEFAULT '0',
  `publish` tinyint NOT NULL DEFAULT '0',
  `showresults` tinyint NOT NULL DEFAULT '0',
  `display` smallint NOT NULL DEFAULT '0',
  `allowupdate` tinyint NOT NULL DEFAULT '0',
  `allowmultiple` tinyint NOT NULL DEFAULT '0',
  `showunanswered` tinyint NOT NULL DEFAULT '0',
  `includeinactive` tinyint NOT NULL DEFAULT '1',
  `limitanswers` tinyint NOT NULL DEFAULT '0',
  `timeopen` bigint NOT NULL DEFAULT '0',
  `timeclose` bigint NOT NULL DEFAULT '0',
  `showpreview` tinyint NOT NULL DEFAULT '0',
  `timemodified` bigint NOT NULL DEFAULT '0',
  `completionsubmit` tinyint(1) NOT NULL DEFAULT '0',
  `showavailable` tinyint(1) NOT NULL DEFAULT '0',
  PRIMARY KEY (`id`),
  KEY `mdl_choi_cou_ix` (`course`)
) ENGINE=InnoDB DEFAULT CHARSET=utf8mb4 COLLATE=utf8mb4_unicode_ci ROW_FORMAT=COMPRESSED COMMENT='Available choices are stored here';

--
-- Dumping data for table `mdl_choice`
--


--
-- Table structure for table `mdl_choice_answers`
--

CREATE TABLE `mdl_choice_answers` (
  `id` bigint NOT NULL AUTO_INCREMENT,
  `choiceid` bigint NOT NULL DEFAULT '0',
  `userid` bigint NOT NULL DEFAULT '0',
  `optionid` bigint NOT NULL DEFAULT '0',
  `timemodified` bigint NOT NULL DEFAULT '0',
  PRIMARY KEY (`id`),
  KEY `mdl_choiansw_use_ix` (`userid`),
  KEY `mdl_choiansw_cho_ix` (`choiceid`),
  KEY `mdl_choiansw_opt_ix` (`optionid`)
) ENGINE=InnoDB DEFAULT CHARSET=utf8mb4 COLLATE=utf8mb4_unicode_ci ROW_FORMAT=COMPRESSED COMMENT='choices performed by users';

--
-- Dumping data for table `mdl_choice_answers`
--


--
-- Table structure for table `mdl_choice_options`
--

CREATE TABLE `mdl_choice_options` (
  `id` bigint NOT NULL AUTO_INCREMENT,
  `choiceid` bigint NOT NULL DEFAULT '0',
  `text` longtext CHARACTER SET utf8mb4 COLLATE utf8mb4_unicode_ci,
  `maxanswers` bigint DEFAULT '0',
  `timemodified` bigint NOT NULL DEFAULT '0',
  PRIMARY KEY (`id`),
  KEY `mdl_choiopti_cho_ix` (`choiceid`)
) ENGINE=InnoDB DEFAULT CHARSET=utf8mb4 COLLATE=utf8mb4_unicode_ci ROW_FORMAT=COMPRESSED COMMENT='available options to choice';

--
-- Dumping data for table `mdl_choice_options`
--


--
-- Table structure for table `mdl_cohort`
--

CREATE TABLE `mdl_cohort` (
  `id` bigint NOT NULL AUTO_INCREMENT,
  `contextid` bigint NOT NULL,
  `name` varchar(254) CHARACTER SET utf8mb4 COLLATE utf8mb4_unicode_ci NOT NULL DEFAULT '',
  `idnumber` varchar(100) CHARACTER SET utf8mb4 COLLATE utf8mb4_unicode_ci DEFAULT NULL,
  `description` longtext CHARACTER SET utf8mb4 COLLATE utf8mb4_unicode_ci,
  `descriptionformat` tinyint NOT NULL,
  `visible` tinyint(1) NOT NULL DEFAULT '1',
  `component` varchar(100) CHARACTER SET utf8mb4 COLLATE utf8mb4_unicode_ci NOT NULL DEFAULT '',
  `timecreated` bigint NOT NULL,
  `timemodified` bigint NOT NULL,
  `theme` varchar(50) CHARACTER SET utf8mb4 COLLATE utf8mb4_unicode_ci DEFAULT NULL,
  PRIMARY KEY (`id`),
  KEY `mdl_coho_con_ix` (`contextid`)
) ENGINE=InnoDB AUTO_INCREMENT=18 DEFAULT CHARSET=utf8mb4 COLLATE=utf8mb4_unicode_ci ROW_FORMAT=COMPRESSED COMMENT='Each record represents one cohort (aka site-wide group).';

--
-- Dumping data for table `mdl_cohort`
--

INSERT INTO `mdl_cohort` VALUES (1,3,'VcP1','VcP1','',1,1,'',1729221326,1729221326,''),(2,3,'cx001','cx001','<p dir=\"ltr\" style=\"text-align: left;\"></p>өüөúөúөíөüө▓өúө£ө╣Ó╣ëөêө▒өöөüө▓өú<br><br><p></p>',1,1,'',1729223140,1729223359,''),(3,3,'cx002','cx002','<p dir=\"ltr\" style=\"text-align:left;\">ө£ө╣Ó╣ëө¡ө│өÖөºөóөüө▓өú<br></p>',1,1,'',1729223302,1729223428,''),(4,3,'cx003','cx003','<p dir=\"ltr\" style=\"text-align: left;\">ө£ө╣Ó╣ëөêө▒өöөüө▓өúөØÓ╣êө▓өó<br></p>',1,1,'',1729223314,1729223455,''),(5,3,'cx004','cx004','<p dir=\"ltr\" style=\"text-align: left;\">ө£өè.ө£өêөü.өØÓ╣êө▓өó<br></p>',1,1,'',1729223540,1729223540,''),(6,3,'cx006','cx006','<p dir=\"ltr\" style=\"text-align: left;\">ө½ө▒өºө½өÖÓ╣ëө▓Ó╣üө£өÖөü</p>',1,1,'',1729223575,1729223575,''),(7,3,'cx007','cx007','<p dir=\"ltr\" style=\"text-align:left;\">өúө¡өçө½өÖ.Ó╣üө£өÖөü ,<span style=\"font-size:0.9375rem;\">ө½өÖ.өüө░ ,</span><span style=\"font-size:0.9375rem;\">ө½өÖ.өçө▓өÖ</span><span style=\"font-size:0.9375rem;\">өºө┤ө¿өºөüөú ,</span><span style=\"font-size:0.9375rem;\">өêөø.өºө┤өèө▓өèөÁө× ,</span><span style=\"font-size:0.9375rem;\">өêөÖөù.ө¬өÖөç.,өøөúө┤өìөìө▓өòөúөÁ</span></p>',1,1,'',1729223766,1729223808,''),(8,3,'cx008','cx008','<p dir=\"ltr\" style=\"text-align: left;\">өêөÖөù.ө¬өÖөç.<br></p>',1,1,'',1729223868,1729223868,''),(9,3,'cx009','cx009','<p dir=\"ltr\" style=\"text-align: left;\">өúө¡өçө½өÖ.өüө░<br></p>',1,1,'',1729223904,1729223904,''),(10,3,'cx010','cx010','<p dir=\"ltr\" style=\"text-align: left;\">өèÓ╣êө▓өç ,&nbsp;ө×өÖөç.өÿө©өúөüө▓өúө£өÑө┤өò ,&nbsp;ө½өÖ.ө½өÖÓ╣êөºөó<br></p>',1,1,'',1729223966,1729223966,''),(11,3,'cx011','cx011','<p dir=\"ltr\" style=\"text-align: left;\">ө½өÖ.өüөÑө©Ó╣êөí<br></p>',1,1,'',1729223992,1729223992,''),(12,3,'cx012','cx012','<p dir=\"ltr\" style=\"text-align:left;\">ө×өÖөç.өùө▒Ó╣êөºÓ╣äөø (өüө▓өúө£өÑө┤өò ,ө¬өÖө▒өÜө¬өÖө©өÖөüө▓өúө£өÑө┤өò ,ө¬ө│өÖө▒өüөçө▓өÖ)<br></p>',1,1,'',1729224070,1729224087,''),(13,3,'VP-M','VP-M','',1,1,'',1729765063,1729765063,''),(14,3,'VP-S+','VP-S+','',1,1,'',1729765313,1729765313,''),(15,3,'VP-S(ENG)','VP-S(ENG)','',1,1,'',1729765390,1729765390,''),(16,3,'VP-S(OFFICE)','VP-S(OFFICE)','',1,1,'',1729765409,1729765409,''),(17,3,'VP-O','VP-O','',1,1,'',1729765422,1729765422,'');

--
-- Table structure for table `mdl_cohort_members`
--

CREATE TABLE `mdl_cohort_members` (
  `id` bigint NOT NULL AUTO_INCREMENT,
  `cohortid` bigint NOT NULL DEFAULT '0',
  `userid` bigint NOT NULL DEFAULT '0',
  `timeadded` bigint NOT NULL DEFAULT '0',
  PRIMARY KEY (`id`),
  UNIQUE KEY `mdl_cohomemb_cohuse_uix` (`cohortid`,`userid`),
  KEY `mdl_cohomemb_coh_ix` (`cohortid`),
  KEY `mdl_cohomemb_use_ix` (`userid`)
) ENGINE=InnoDB AUTO_INCREMENT=645 DEFAULT CHARSET=utf8mb4 COLLATE=utf8mb4_unicode_ci ROW_FORMAT=COMPRESSED COMMENT='Link a user to a cohort.';

--
-- Dumping data for table `mdl_cohort_members`
--

INSERT INTO `mdl_cohort_members` VALUES (1,2,525,1729223254),(2,3,169,1729224522),(3,3,508,1729224522),(4,4,231,1729224650),(5,4,224,1729224650),(6,4,136,1729224650),(7,4,500,1729224650),(9,6,449,1729224938),(10,6,438,1729224938),(11,6,599,1729224938),(12,6,402,1729224938),(13,6,511,1729224938),(14,6,518,1729224938),(15,6,143,1729224938),(16,6,532,1729224938),(17,7,502,1729225027),(18,7,154,1729225027),(19,7,293,1729225027),(20,7,543,1729225027),(21,7,147,1729225027),(22,7,205,1729225027),(23,7,638,1729225027),(24,7,483,1729225027),(25,7,442,1729225027),(26,7,300,1729225027),(27,7,587,1729225027),(28,7,583,1729225027),(29,7,604,1729225027),(30,7,238,1729225027),(31,7,201,1729225027),(32,7,286,1729225027),(33,7,258,1729225027),(34,7,171,1729225027),(35,7,616,1729225027),(36,7,264,1729225027),(37,7,159,1729225027),(38,7,627,1729225027),(39,7,248,1729225027),(40,7,240,1729225027),(41,7,506,1729225027),(42,7,512,1729225027),(43,7,182,1729225027),(44,7,475,1729225027),(45,7,282,1729225027),(46,7,203,1729225027),(47,7,197,1729225027),(49,7,615,1729225027),(50,8,450,1729225078),(51,8,617,1729225078),(52,8,199,1729225078),(53,8,225,1729225078),(54,8,152,1729225078),(55,8,631,1729225078),(56,8,400,1729225078),(57,8,145,1729225078),(58,8,206,1729225078),(59,8,600,1729225078),(60,8,426,1729225078),(61,8,307,1729225078),(62,8,232,1729225078),(63,8,141,1729225078),(64,8,190,1729225078),(65,8,212,1729225078),(66,8,180,1729225078),(67,8,176,1729225078),(68,8,623,1729225078),(69,8,489,1729225078),(70,8,351,1729225078),(71,8,144,1729225078),(72,9,357,1729225345),(73,10,549,1729225410),(74,10,577,1729225410),(75,10,223,1729225410),(76,10,359,1729225410),(77,10,464,1729225410),(78,10,311,1729225410),(79,10,601,1729225410),(80,10,336,1729225410),(81,10,466,1729225410),(82,10,441,1729225410),(83,10,445,1729225410),(84,10,191,1729225410),(85,10,435,1729225410),(86,10,397,1729225410),(87,10,295,1729225410),(88,10,602,1729225410),(89,10,479,1729225410),(90,10,571,1729225410),(91,10,634,1729225410),(92,10,210,1729225410),(93,10,341,1729225410),(94,10,488,1729225410),(95,10,181,1729225410),(96,10,626,1729225410),(97,10,621,1729225410),(98,10,569,1729225410),(99,10,462,1729225410),(100,10,149,1729225410),(101,10,582,1729225410),(102,10,384,1729225410),(103,10,391,1729225410),(104,10,407,1729225410),(105,10,606,1729225410),(106,10,342,1729225410),(107,10,424,1729225410),(108,10,296,1729225410),(109,10,372,1729225410),(110,10,202,1729225410),(111,10,243,1729225410),(112,10,207,1729225410),(113,10,591,1729225410),(114,10,528,1729225410),(115,10,316,1729225410),(116,10,579,1729225410),(117,10,322,1729225410),(118,10,158,1729225410),(119,10,361,1729225410),(120,10,301,1729225410),(121,10,523,1729225410),(122,10,399,1729225410),(123,10,209,1729225410),(124,10,620,1729225410),(125,10,647,1729225410),(126,10,566,1729225410),(127,10,236,1729225410),(128,10,362,1729225410),(129,10,453,1729225410),(130,10,575,1729225410),(131,10,355,1729225410),(132,10,531,1729225410),(133,10,633,1729225410),(134,10,413,1729225410),(135,10,589,1729225410),(136,10,614,1729225410),(137,10,193,1729225410),(138,10,644,1729225410),(139,10,275,1729225410),(140,10,555,1729225410),(141,10,557,1729225410),(142,10,585,1729225410),(143,10,573,1729225410),(144,10,514,1729225410),(145,10,315,1729225410),(146,10,259,1729225410),(147,10,448,1729225410),(148,10,459,1729225410),(149,10,419,1729225410),(150,10,321,1729225410),(151,10,418,1729225410),(152,10,622,1729225410),(153,10,433,1729225410),(154,10,594,1729225410),(155,10,261,1729225410),(156,10,292,1729225410),(157,10,635,1729225410),(158,10,356,1729225410),(159,10,588,1729225410),(160,10,629,1729225410),(161,10,302,1729225410),(162,10,363,1729225410),(163,10,389,1729225410),(164,10,649,1729225410),(165,10,366,1729225410),(166,10,327,1729225410),(167,10,492,1729225410),(168,10,542,1729225410),(169,10,345,1729225410),(170,10,283,1729225410),(171,10,643,1729225410),(172,10,451,1729225410),(173,10,646,1729225410),(174,10,642,1729225410),(175,10,460,1729225410),(176,10,369,1729225410),(177,10,183,1729225410),(178,10,611,1729225410),(179,10,473,1729225410),(180,10,291,1729225410),(181,10,650,1729225410),(182,10,439,1729225410),(183,10,645,1729225410),(184,10,370,1729225410),(185,10,241,1729225410),(186,10,610,1729225410),(187,10,393,1729225410),(188,10,137,1729225410),(189,10,266,1729225410),(190,10,637,1729225410),(191,10,195,1729225410),(192,10,572,1729225410),(193,10,493,1729225410),(194,10,556,1729225410),(195,10,554,1729225410),(196,10,636,1729225410),(197,10,624,1729225410),(198,10,547,1729225410),(199,10,325,1729225410),(200,10,652,1729225410),(201,10,568,1729225410),(202,10,607,1729225410),(203,10,452,1729225410),(204,10,628,1729225410),(205,10,656,1729225410),(206,10,401,1729225410),(207,10,609,1729225410),(208,10,454,1729225410),(209,10,221,1729225410),(210,10,618,1729225410),(211,10,388,1729225410),(212,10,533,1729225410),(213,10,590,1729225410),(214,10,535,1729225410),(216,10,576,1729225410),(217,10,574,1729225410),(218,10,515,1729225410),(219,10,434,1729225410),(220,10,443,1729225410),(221,10,632,1729225410),(222,10,598,1729225410),(223,10,476,1729225410),(225,10,323,1729225410),(226,10,581,1729225410),(227,10,273,1729225410),(228,10,214,1729225410),(229,11,151,1729225485),(230,11,167,1729225485),(231,11,252,1729225485),(232,11,309,1729225485),(233,11,457,1729225485),(234,11,521,1729225485),(235,11,465,1729225485),(236,11,161,1729225485),(237,11,227,1729225485),(238,11,257,1729225485),(239,11,188,1729225485),(240,11,486,1729225485),(241,11,267,1729225485),(242,11,233,1729225485),(243,11,253,1729225485),(244,11,280,1729225485),(245,11,140,1729225485),(246,11,208,1729225485),(247,11,165,1729225485),(248,11,385,1729225485),(249,11,463,1729225485),(250,11,174,1729225485),(251,11,254,1729225485),(252,11,156,1729225485),(253,11,175,1729225485),(254,11,529,1729225485),(255,11,501,1729225485),(256,11,415,1729225485),(257,12,269,1729225881),(258,12,444,1729225881),(259,12,168,1729225881),(260,12,550,1729225881),(261,12,376,1729225881),(262,12,478,1729225881),(263,12,381,1729225881),(265,12,186,1729225881),(266,12,548,1729225881),(267,12,446,1729225881),(268,12,534,1729225881),(269,12,398,1729225881),(270,12,328,1729225881),(271,12,495,1729225881),(272,12,177,1729225881),(273,12,365,1729225881),(274,12,230,1729225881),(275,12,299,1729225881),(276,12,170,1729225881),(277,12,390,1729225881),(278,12,420,1729225881),(279,12,220,1729225881),(280,12,653,1729225881),(281,12,155,1729225881),(282,12,538,1729225881),(283,12,179,1729225881),(284,12,432,1729225881),(285,12,613,1729225881),(286,12,347,1729225881),(287,12,545,1729225881),(288,12,287,1729225881),(289,12,564,1729225881),(290,12,334,1729225881),(291,12,375,1729225881),(292,12,471,1729225881),(293,12,185,1729225881),(294,12,440,1729225881),(295,12,458,1729225881),(296,12,530,1729225881),(297,12,310,1729225881),(298,12,318,1729225881),(299,12,324,1729225881),(300,12,297,1729225881),(301,12,226,1729225881),(302,12,625,1729225881),(303,12,392,1729225881),(304,12,344,1729225881),(305,12,383,1729225881),(306,12,470,1729225881),(307,12,409,1729225881),(308,12,526,1729225881),(309,12,216,1729225881),(310,12,408,1729225881),(311,12,640,1729225881),(312,12,561,1729225881),(313,12,477,1729225881),(314,12,539,1729225881),(315,12,472,1729225881),(316,12,503,1729225881),(317,12,343,1729225881),(318,12,406,1729225881),(319,12,490,1729225881),(320,12,251,1729225881),(321,12,192,1729225881),(322,12,200,1729225881),(323,12,456,1729225881),(324,12,469,1729225881),(325,12,211,1729225881),(326,12,394,1729225881),(327,12,379,1729225881),(328,12,540,1729225881),(329,12,246,1729225881),(330,12,504,1729225881),(331,12,354,1729225881),(332,12,595,1729225881),(333,12,410,1729225881),(334,12,298,1729225881),(335,12,429,1729225881),(336,12,352,1729225881),(337,12,274,1729225881),(338,12,338,1729225881),(339,12,505,1729225881),(340,12,382,1729225881),(341,12,331,1729225881),(342,12,639,1729225881),(343,12,215,1729225881),(344,12,612,1729225881),(345,12,249,1729225881),(346,12,584,1729225881),(347,12,509,1729225881),(348,12,404,1729225881),(349,12,146,1729225881),(350,12,437,1729225881),(351,12,187,1729225881),(352,12,416,1729225881),(353,12,494,1729225881),(354,12,487,1729225881),(355,12,498,1729225881),(356,12,431,1729225881),(357,12,654,1729225881),(358,12,455,1729225881),(359,12,319,1729225881),(360,12,496,1729225881),(361,12,524,1729225881),(362,12,482,1729225881),(363,12,608,1729225881),(364,12,332,1729225881),(365,12,378,1729225881),(366,12,255,1729225881),(367,12,374,1729225881),(368,12,562,1729225881),(369,12,198,1729225881),(370,12,285,1729225881),(371,12,340,1729225881),(372,12,172,1729225881),(373,12,353,1729225881),(374,12,527,1729225881),(375,12,242,1729225881),(376,12,491,1729225881),(377,12,278,1729225881),(378,12,314,1729225881),(379,12,173,1729225881),(380,12,194,1729225881),(381,12,570,1729225881),(382,12,204,1729225881),(383,12,150,1729225881),(384,12,537,1729225881),(385,12,395,1729225881),(386,12,268,1729225881),(387,12,619,1729225881),(388,12,256,1729225881),(389,12,428,1729225881),(390,12,447,1729225881),(391,12,138,1729225881),(392,12,284,1729225881),(393,12,288,1729225881),(394,12,425,1729225881),(395,12,337,1729225881),(396,12,580,1729225881),(397,12,553,1729225881),(398,12,630,1729225881),(399,12,157,1729225881),(400,12,289,1729225882),(401,12,281,1729225882),(402,12,551,1729225882),(403,12,403,1729225882),(404,12,396,1729225882),(405,12,405,1729225882),(406,12,313,1729225882),(407,12,559,1729225882),(408,12,330,1729225882),(409,12,219,1729225882),(410,12,544,1729225882),(411,12,260,1729225882),(412,12,235,1729225882),(413,12,519,1729225882),(414,12,348,1729225882),(415,12,196,1729225882),(416,12,414,1729225882),(417,12,306,1729225882),(418,12,516,1729225882),(419,12,265,1729225882),(420,12,276,1729225882),(421,12,247,1729225882),(422,12,467,1729225882),(423,12,339,1729225882),(424,12,162,1729225882),(425,12,436,1729225882),(426,12,263,1729225882),(427,12,522,1729225882),(428,12,217,1729225882),(429,12,422,1729225882),(430,12,421,1729225882),(431,12,560,1729225882),(432,12,222,1729225882),(433,12,308,1729225882),(434,12,277,1729225882),(435,12,387,1729225882),(436,12,364,1729225882),(437,12,245,1729225882),(438,12,250,1729225882),(439,12,565,1729225882),(440,12,164,1729225882),(441,12,485,1729225882),(442,12,597,1729225882),(443,12,371,1729225882),(444,12,373,1729225882),(445,12,563,1729225882),(446,12,461,1729225882),(447,12,160,1729225882),(448,12,513,1729225882),(449,12,360,1729225882),(450,12,484,1729225882),(451,12,603,1729225882),(452,12,517,1729225882),(453,12,290,1729225882),(454,12,312,1729225882),(455,12,237,1729225882),(456,12,279,1729225882),(457,12,349,1729225882),(459,12,304,1729225882),(460,12,244,1729225882),(461,12,468,1729225882),(462,12,546,1729225882),(463,12,499,1729225882),(464,12,558,1729225882),(465,12,578,1729225882),(466,12,520,1729225882),(467,12,139,1729225882),(468,12,481,1729225882),(469,12,333,1729225882),(470,12,239,1729225882),(471,12,270,1729225882),(473,12,536,1729225882),(474,12,412,1729225882),(475,12,229,1729225882),(476,12,303,1729225882),(477,12,272,1729225882),(478,12,367,1729225882),(479,12,427,1729225882),(480,12,480,1729225882),(481,12,510,1729225882),(482,12,430,1729225882),(483,12,411,1729225882),(484,12,377,1729225882),(485,12,234,1729225882),(486,12,474,1729225882),(487,12,592,1729225882),(488,12,218,1729225882),(489,12,368,1729225882),(490,12,593,1729225882),(491,12,350,1729225882),(492,12,380,1729225882),(493,12,507,1729225882),(494,12,184,1729225882),(495,12,153,1729225882),(496,12,358,1729225882),(497,12,271,1729225882),(498,12,497,1729225882),(499,12,386,1729225882),(500,12,417,1729225882),(501,12,163,1729225882),(502,12,552,1729225882),(503,12,262,1729225882),(504,12,541,1729225882),(505,12,142,1729225882),(506,12,326,1729225882),(507,12,305,1729225882),(508,12,423,1729225882),(509,12,178,1729225882),(510,12,567,1729225882),(511,12,294,1729225882),(512,12,346,1729225882),(513,12,596,1729225882),(514,12,335,1729225882),(515,12,317,1729225882),(516,12,320,1729225882),(517,12,213,1729225882),(519,12,329,1729225882),(520,12,228,1729225882),(521,12,189,1729225882),(522,12,166,1729225882),(523,13,665,1729765153),(524,13,671,1729765153),(525,13,698,1729765153),(526,13,716,1729765153),(527,13,690,1729765153),(528,13,663,1729765153),(529,13,701,1729765153),(530,14,658,1729765540),(531,14,660,1729765540),(532,14,685,1729765540),(533,14,692,1729765540),(534,14,667,1729765540),(535,14,767,1729765540),(536,14,699,1729765540),(537,14,696,1729765540),(538,15,720,1729765649),(539,15,687,1729765649),(540,15,734,1729765649),(541,16,710,1729765717),(542,16,758,1729765717),(543,16,724,1729765717),(544,16,723,1729765717),(545,16,670,1729765717),(546,16,704,1729765717),(547,16,669,1729765717),(548,16,695,1729765717),(549,16,659,1729765717),(550,16,689,1729765717),(551,16,749,1729765717),(552,16,677,1729765717),(553,16,766,1729765717),(554,17,666,1729765862),(555,17,755,1729765862),(556,17,717,1729765862),(557,17,768,1729765862),(558,17,736,1729765862),(559,17,662,1729765862),(560,17,752,1729765862),(561,17,688,1729765862),(562,17,729,1729765862),(563,17,743,1729765862),(564,17,748,1729765862),(565,17,731,1729765862),(566,17,772,1729765862),(567,17,693,1729765862),(568,17,739,1729765862),(569,17,682,1729765862),(570,17,770,1729765862),(571,17,761,1729765862),(572,17,769,1729765862),(573,17,735,1729765862),(574,17,712,1729765862),(575,17,681,1729765862),(576,17,668,1729765862),(577,17,750,1729765862),(578,17,753,1729765862),(579,17,765,1729765862),(580,17,664,1729765862),(581,17,705,1729765862),(582,17,684,1729765862),(583,17,722,1729765862),(584,17,728,1729765862),(585,17,725,1729765862),(586,17,683,1729765862),(587,17,756,1729765862),(588,17,691,1729765862),(589,17,676,1729765862),(590,17,773,1729765862),(591,17,707,1729765862),(592,17,738,1729765862),(593,17,673,1729765862),(594,17,774,1729765862),(595,17,751,1729765862),(596,17,713,1729765862),(597,17,672,1729765862),(598,17,740,1729765862),(599,17,697,1729765862),(600,17,771,1729765862),(601,17,727,1729765862),(602,17,708,1729765863),(603,17,737,1729765863),(604,17,746,1729765863),(605,17,762,1729765863),(606,17,760,1729765863),(607,17,718,1729765863),(608,17,680,1729765863),(609,17,764,1729765863),(610,17,721,1729765863),(611,17,759,1729765863),(612,17,694,1729765863),(613,17,711,1729765863),(614,17,745,1729765863),(615,17,744,1729765863),(616,17,741,1729765863),(617,17,715,1729765863),(618,17,732,1729765863),(619,17,702,1729765863),(620,17,714,1729765863),(621,17,679,1729765863),(622,17,742,1729765863),(623,17,661,1729765863),(624,17,675,1729765863),(625,17,763,1729765863),(626,17,686,1729765863),(627,17,709,1729765863),(628,17,733,1729765863),(629,17,706,1729765863),(630,17,726,1729765863),(631,17,757,1729765863),(632,17,730,1729765863),(633,17,674,1729765863),(634,17,678,1729765863),(635,17,703,1729765863),(636,17,700,1729765863),(637,17,719,1729765863),(638,17,754,1729765863),(639,17,747,1729765863),(640,4,586,1730255184),(641,7,775,1731983954),(642,12,778,1731984172),(643,12,779,1731984870),(644,7,780,1732761281);

--
